000
CDUS43 KGLD 200741
CLIGLD

CLIMATE REPORT
NATIONAL WEATHER SERVICE GOODLAND
138 AM MDT FRI MAR 20 2015

...................................

...THE GOODLAND KS CLIMATE SUMMARY FOR MARCH 19 2015...

CLIMATE NORMAL PERIOD 1981 TO 2010
CLIMATE RECORD PERIOD 1895 TO 2015

WEATHER ITEM   OBSERVED TIME   RECORD YEAR NORMAL DEPARTURE LAST
                VALUE   (LST)  VALUE       VALUE  FROM      YEAR
                                                  NORMAL
..................................................................
TEMPERATURE (F)
 YESTERDAY
  MAXIMUM         57    416 PM  90    1907  56      1       55
  MINIMUM         38   1159 PM  -3    1896  27     11       20
  AVERAGE         48                        42      6       38

PRECIPITATION (IN)
  YESTERDAY        0.02          1.26 1922   0.03  -0.01     0.00
  MONTH TO DATE    0.05                      0.59  -0.54     0.31
  SINCE MAR 1      0.05                      0.59  -0.54     0.31
  SINCE JAN 1      1.13                      1.46  -0.33     1.25

SNOWFALL (IN)
  YESTERDAY        0.0                       0.2   -0.2      0.0
  MONTH TO DATE    0.6                       3.8   -3.2      3.1
  SINCE MAR 1      0.6                       3.8   -3.2      3.1
  SINCE JUL 1     22.7                      27.8   -5.1     28.3
  SNOW DEPTH       0

DEGREE DAYS
 HEATING
  YESTERDAY       17                        24     -7       27
  MONTH TO DATE  402                       496    -94      489
  SINCE MAR 1    402                       496    -94      489
  SINCE JUL 1   4617                      4913   -296     5033

 COOLING
  YESTERDAY        0                         0      0        0
  MONTH TO DATE    0                         0      0        0
  SINCE MAR 1      0                         0      0        0
  SINCE JAN 1      0                         0      0        0
..................................................................

WIND (MPH)
  HIGHEST WIND SPEED    20   HIGHEST WIND DIRECTION     N (360)
  HIGHEST GUST SPEED    25   HIGHEST GUST DIRECTION     N (360)
  AVERAGE WIND SPEED     8.9


SKY COVER
  AVERAGE SKY COVER 0.7


WEATHER CONDITIONS
 THE FOLLOWING WEATHER WAS RECORDED YESTERDAY.
  LIGHT RAIN


RELATIVE HUMIDITY (PERCENT)
 HIGHEST    92
 LOWEST     36
 AVERAGE    64

..........................................................


THE GOODLAND KS CLIMATE NORMALS FOR TODAY
                         NORMAL    RECORD    YEAR
 MAXIMUM TEMPERATURE (F)   56        90      1907
 MINIMUM TEMPERATURE (F)   28       -17      1965


SUNRISE AND SUNSET
MARCH 20 2015.........SUNRISE   651 AM MDT   SUNSET   659 PM MDT
MARCH 21 2015.........SUNRISE   649 AM MDT   SUNSET   700 PM MDT


-  INDICATES NEGATIVE NUMBERS.
R  INDICATES RECORD WAS SET OR TIED.
MM INDICATES DATA IS MISSING.
T  INDICATES TRACE AMOUNT.

&&

THE AVERAGE SOIL TEMPERATURE AT THE FOUR INCH DEPTH... 46
THE CURRENT DEPTH OF FROST... 0 INCHES

$$
