000
CDUS43 KGLD 230748
CLIGLD

CLIMATE REPORT
NATIONAL WEATHER SERVICE GOODLAND
1243 AM MST FRI JAN 23 2015

...................................

...THE GOODLAND KS CLIMATE SUMMARY FOR JANUARY 22 2015...

CLIMATE NORMAL PERIOD 1981 TO 2010
CLIMATE RECORD PERIOD 1895 TO 2015

WEATHER ITEM   OBSERVED TIME   RECORD YEAR NORMAL DEPARTURE LAST
                VALUE   (LST)  VALUE       VALUE  FROM      YEAR
                                                  NORMAL
..................................................................
TEMPERATURE (F)
 YESTERDAY
  MAXIMUM         40    311 PM  73    2009  42     -2       43
                                      1967
  MINIMUM         17    718 AM -10    1966  17      0        8
                                      1917
  AVERAGE         29                        30     -1       26

PRECIPITATION (IN)
  YESTERDAY        0.00          0.16 1965   0.02  -0.02     0.02
  MONTH TO DATE    0.21                      0.26  -0.05     0.14
  SINCE DEC 1      1.67                      0.72   0.95     0.19
  SINCE JAN 1      0.21                      0.26  -0.05     0.14

SNOWFALL (IN)
  YESTERDAY        0.0                       0.2   -0.2      0.4
  MONTH TO DATE    2.0                       4.0   -2.0      3.5
  SINCE DEC 1     11.7                       9.5    2.2      6.0
  SINCE JUL 1     11.9                      16.7   -4.8     10.3
  SNOW DEPTH       0

DEGREE DAYS
 HEATING
  YESTERDAY       36                        35      1       39
  MONTH TO DATE  818                       772     46      729
  SINCE DEC 1   1877                      1860     17     1822
  SINCE JUL 1   3132                      3179    -47     3095

 COOLING
  YESTERDAY        0                         0      0        0
  MONTH TO DATE    0                         0      0        0
  SINCE DEC 1      0                         0      0        0
  SINCE JAN 1      0                         0      0        0
..................................................................

WIND (MPH)
  HIGHEST WIND SPEED    17   HIGHEST WIND DIRECTION    SW (240)
  HIGHEST GUST SPEED    21   HIGHEST GUST DIRECTION    SW (240)
  AVERAGE WIND SPEED    10.1


SKY COVER
  AVERAGE SKY COVER 0.0


WEATHER CONDITIONS
 THE FOLLOWING WEATHER WAS RECORDED YESTERDAY.
  NO SIGNIFICANT WEATHER WAS OBSERVED.


RELATIVE HUMIDITY (PERCENT)
 HIGHEST    84
 LOWEST     33
 AVERAGE    59

..........................................................


THE GOODLAND KS CLIMATE NORMALS FOR TODAY
                         NORMAL    RECORD    YEAR
 MAXIMUM TEMPERATURE (F)   42        69      1981
 MINIMUM TEMPERATURE (F)   17        -9      1963


SUNRISE AND SUNSET
JANUARY 23 2015.......SUNRISE   701 AM MST   SUNSET   457 PM MST
JANUARY 24 2015.......SUNRISE   700 AM MST   SUNSET   458 PM MST


-  INDICATES NEGATIVE NUMBERS.
R  INDICATES RECORD WAS SET OR TIED.
MM INDICATES DATA IS MISSING.
T  INDICATES TRACE AMOUNT.

&&

THE AVERAGE SOIL TEMPERATURE AT THE FOUR INCH DEPTH... 31
THE CURRENT DEPTH OF FROST... 2 INCHES

$$
