140
CDUS43 KGLD 200814
CLIGLD

CLIMATE REPORT
NATIONAL WEATHER SERVICE GOODLAND
212 AM MDT WED APR 20 2016

...................................

...THE GOODLAND KS CLIMATE SUMMARY FOR APRIL 19 2016...

CLIMATE NORMAL PERIOD 1981 TO 2010
CLIMATE RECORD PERIOD 1895 TO 2016

WEATHER ITEM   OBSERVED TIME   RECORD YEAR NORMAL DEPARTURE LAST
                VALUE   (LST)  VALUE       VALUE  FROM      YEAR
                                                  NORMAL
..................................................................
TEMPERATURE (F)
 YESTERDAY
  MAXIMUM         46    540 PM  87    2001  65    -19       52
                                      1987
                                      1961
  MINIMUM         33   1227 AM  18    1953  36     -3       32
  AVERAGE         40                        50    -10       42

PRECIPITATION (IN)
  YESTERDAY        0.09          2.98 1981   0.06   0.03     0.90
  MONTH TO DATE    2.74                      0.90   1.84     4.77
  SINCE MAR 1      3.29                      1.97   1.32     4.88
  SINCE JAN 1      4.15                      2.84   1.31     5.96

SNOWFALL (IN)
  YESTERDAY        0.0                       0.2   -0.2      0.0
  MONTH TO DATE    0.0                       3.3   -3.3      2.0
  SINCE MAR 1      4.4                      10.1   -5.7      2.6
  SINCE JUL 1     27.8                      34.1   -6.3     24.7
  SNOW DEPTH       0

DEGREE DAYS
 HEATING
  YESTERDAY       25                        15     10       23
  MONTH TO DATE  278                       336    -58      262
  SINCE MAR 1    883                      1094   -211      827
  SINCE JUL 1   4729                      5511   -782     5042

 COOLING
  YESTERDAY        0                         0      0        0
  MONTH TO DATE    0                         0      0        0
  SINCE MAR 1      0                         0      0        0
  SINCE JAN 1      0                         0      0        0
..................................................................

WIND (MPH)
  HIGHEST WIND SPEED    13   HIGHEST WIND DIRECTION     S (200)
  HIGHEST GUST SPEED    15   HIGHEST GUST DIRECTION     S (200)
  AVERAGE WIND SPEED     6.4


SKY COVER
  AVERAGE SKY COVER 0.8


WEATHER CONDITIONS
 THE FOLLOWING WEATHER WAS RECORDED YESTERDAY.
  LIGHT RAIN
  FOG
  FOG W/VISIBILITY <= 1/4 MILE


RELATIVE HUMIDITY (PERCENT)
 HIGHEST   100
 LOWEST     85
 AVERAGE    93

..........................................................


THE GOODLAND KS CLIMATE NORMALS FOR TODAY
                         NORMAL    RECORD    YEAR
 MAXIMUM TEMPERATURE (F)   65        89      1962
 MINIMUM TEMPERATURE (F)   36        20      1953


SUNRISE AND SUNSET
APRIL 20 2016.........SUNRISE   602 AM MDT   SUNSET   730 PM MDT
APRIL 21 2016.........SUNRISE   600 AM MDT   SUNSET   731 PM MDT


-  INDICATES NEGATIVE NUMBERS.
R  INDICATES RECORD WAS SET OR TIED.
MM INDICATES DATA IS MISSING.
T  INDICATES TRACE AMOUNT.

&&

THE AVERAGE SOIL TEMPERATURE AT THE FOUR INCH DEPTH... 46

$$
