590
CDUS43 KGLD 160040
CLIGLD

CLIMATE REPORT
NATIONAL WEATHER SERVICE GOODLAND
636 PM MDT THU JUN 15 2017

...................................

...THE GOODLAND KS CLIMATE SUMMARY FOR JUNE 15 2017...
VALID TODAY AS OF 0600 PM LOCAL TIME.

CLIMATE NORMAL PERIOD 1981 TO 2010
CLIMATE RECORD PERIOD 1895 TO 2017

WEATHER ITEM   OBSERVED TIME   RECORD YEAR NORMAL DEPARTURE LAST
                VALUE   (LST)  VALUE       VALUE  FROM      YEAR
                                                  NORMAL
..................................................................
TEMPERATURE (F)
 TODAY
  MAXIMUM         92    248 PM 107    1952  84      8       97
  MINIMUM         64    520 AM  41    2001  56      8       56
                                      1989
  AVERAGE         78                        70      8       77

PRECIPITATION (IN)
  TODAY            T             1.85 1948   0.11  -0.11     0.00
  MONTH TO DATE    1.82                      1.66   0.16     0.48
  SINCE JUN 1      1.82                      1.66   0.16     0.48
  SINCE JAN 1     14.21                      8.14   6.07     7.84

SNOWFALL (IN)
  TODAY            0.0                       0.0    0.0      0.0
  MONTH TO DATE    0.0                       0.0    0.0      0.0
  SINCE JUN 1      0.0                       0.0    0.0      0.0
  SINCE JUL 1     14.2                      35.5  -21.3     30.1
  SNOW DEPTH       0

DEGREE DAYS
 HEATING
  TODAY            0                         1     -1        0
  MONTH TO DATE    0                        30    -30        2
  SINCE JUN 1      0                        30    -30        2
  SINCE JUL 1   5118                      5896   -778     5131

 COOLING
  TODAY           13                         6      7       12
  MONTH TO DATE  103                        64     39      106
  SINCE JUN 1    103                        64     39      106
  SINCE JAN 1    141                       105     36      130
..................................................................

WIND (MPH)
  HIGHEST WIND SPEED    20   HIGHEST WIND DIRECTION     S (200)
  HIGHEST GUST SPEED    23   HIGHEST GUST DIRECTION     S (200)
  AVERAGE WIND SPEED     8.7


SKY COVER
  AVERAGE SKY COVER 0.0


WEATHER CONDITIONS
 THE FOLLOWING WEATHER WAS RECORDED TODAY.
  LIGHT RAIN


RELATIVE HUMIDITY (PERCENT)
 HIGHEST    63           500 AM
 LOWEST     23           300 PM
 AVERAGE    43

..........................................................


THE GOODLAND KS CLIMATE NORMALS FOR TOMORROW
                         NORMAL    RECORD    YEAR
 MAXIMUM TEMPERATURE (F)   84       101      1946
 MINIMUM TEMPERATURE (F)   56        40      1981
                                             1945


SUNRISE AND SUNSET
JUNE 15 2017..........SUNRISE   519 AM MDT   SUNSET   815 PM MDT
JUNE 16 2017..........SUNRISE   520 AM MDT   SUNSET   816 PM MDT


-  INDICATES NEGATIVE NUMBERS.
R  INDICATES RECORD WAS SET OR TIED.
MM INDICATES DATA IS MISSING.
T  INDICATES TRACE AMOUNT.

&&

THE AVERAGE SOIL TEMPERATURE AT THE FOUR INCH DEPTH... 69

$$
