000
CDUS43 KGLD 070051
CLIGLD

CLIMATE REPORT
NATIONAL WEATHER SERVICE GOODLAND
650 PM MDT THU APR 6 2017

...................................

...THE GOODLAND KS CLIMATE SUMMARY FOR APRIL 6 2017...
VALID TODAY AS OF 0600 PM LOCAL TIME.

CLIMATE NORMAL PERIOD 1981 TO 2010
CLIMATE RECORD PERIOD 1895 TO 2017

WEATHER ITEM   OBSERVED TIME   RECORD YEAR NORMAL DEPARTURE LAST
                VALUE   (LST)  VALUE       VALUE  FROM      YEAR
                                                  NORMAL
..................................................................
TEMPERATURE (F)
 TODAY
  MAXIMUM         64    401 PM  88    1991  61      3       73
  MINIMUM         34    547 AM   8    1936  32      2       34
  AVERAGE         49                        46      3       54

PRECIPITATION (IN)
  TODAY            0.00          0.30 1953   0.04  -0.04     0.00
  MONTH TO DATE    0.32                      0.25   0.07     0.07
  SINCE MAR 1      2.00                      1.32   0.68     0.62
  SINCE JAN 1      2.93                      2.19   0.74     1.48

SNOWFALL (IN)
  TODAY            0.0                       0.2   -0.2      0.0
  MONTH TO DATE    0.0                       1.3   -1.3      0.0
  SINCE MAR 1      T                         8.1   -8.1      4.4
  SINCE JUL 1      9.4                      32.1  -22.7     27.8
  SNOW DEPTH       0

DEGREE DAYS
 HEATING
  TODAY           16                        19     -3       11
  MONTH TO DATE  119                       117      2       81
  SINCE MAR 1    714                       875   -161      686
  SINCE JUL 1   4599                      5292   -693     4532

 COOLING
  TODAY            0                         0      0        0
  MONTH TO DATE    0                         0      0        0
  SINCE MAR 1      0                         0      0        0
  SINCE JAN 1      0                         0      0        0
..................................................................

WIND (MPH)
  HIGHEST WIND SPEED    15   HIGHEST WIND DIRECTION    SE (140)
  HIGHEST GUST SPEED    21   HIGHEST GUST DIRECTION    SE (120)
  AVERAGE WIND SPEED     7.2


SKY COVER
  AVERAGE SKY COVER 0.3


WEATHER CONDITIONS
 THE FOLLOWING WEATHER WAS RECORDED TODAY.
  NO SIGNIFICANT WEATHER WAS OBSERVED.


RELATIVE HUMIDITY (PERCENT)
 HIGHEST    76           500 AM
 LOWEST     21           300 PM
 AVERAGE    49

..........................................................


THE GOODLAND KS CLIMATE NORMALS FOR TOMORROW
                         NORMAL    RECORD    YEAR
 MAXIMUM TEMPERATURE (F)   61        87      1978
 MINIMUM TEMPERATURE (F)   32        12      1997


SUNRISE AND SUNSET
APRIL  6 2017.........SUNRISE   623 AM MDT   SUNSET   716 PM MDT
APRIL  7 2017.........SUNRISE   621 AM MDT   SUNSET   717 PM MDT


-  INDICATES NEGATIVE NUMBERS.
R  INDICATES RECORD WAS SET OR TIED.
MM INDICATES DATA IS MISSING.
T  INDICATES TRACE AMOUNT.

&&

THE AVERAGE SOIL TEMPERATURE AT THE FOUR INCH DEPTH... 45

$$
