000
CDUS43 KGLD 010744
CLIGLD

CLIMATE REPORT
NATIONAL WEATHER SERVICE GOODLAND
136 AM MDT MON JUN 1 2015
...................................

...THE GOODLAND KS CLIMATE SUMMARY FOR MAY 31 2015...

CLIMATE NORMAL PERIOD 1981 TO 2010
CLIMATE RECORD PERIOD 1895 TO 2015

WEATHER ITEM   OBSERVED TIME   RECORD YEAR NORMAL DEPARTURE LAST
                VALUE   (LST)  VALUE       VALUE  FROM      YEAR
                                                  NORMAL
..................................................................
TEMPERATURE (F)
 YESTERDAY
  MAXIMUM         80    306 PM 104    2002  78      2       84
  MINIMUM         43   1236 AM  38    2011  51     -8       59
                                      1964
  AVERAGE         62                        64     -2       72

PRECIPITATION (IN)
  YESTERDAY        T             2.42 2006   0.12  -0.12     0.00
  MONTH TO DATE    5.76                      2.95   2.81     1.75
  SINCE MAR 1     10.71                      5.61   5.10     2.60
  SINCE JAN 1     11.79                      6.48   5.31     3.54

SNOWFALL (IN)
  YESTERDAY        0.0                       0.0    0.0      0.0
  MONTH TO DATE    0.0                       0.5   -0.5       T
  SINCE MAR 1      2.6                      11.5   -8.9      3.9
  SINCE JUL 1     24.7                      35.5  -10.8     29.1
  SNOW DEPTH       0

DEGREE DAYS
 HEATING
  YESTERDAY        3                         3      0        0
  MONTH TO DATE  251                       211     40      209
  SINCE MAR 1   1212                      1449   -237     1414
  SINCE JUL 1   5427                      5866   -439     5958

 COOLING
  YESTERDAY        0                         3     -3        7
  MONTH TO DATE    6                        37    -31       41
  SINCE MAR 1      6                        41    -35       46
  SINCE JAN 1      6                        41    -35       46
..................................................................

WIND (MPH)
  HIGHEST WIND SPEED    26   HIGHEST WIND DIRECTION     S (190)
  HIGHEST GUST SPEED    34   HIGHEST GUST DIRECTION     S (200)
  AVERAGE WIND SPEED    15.1


SKY COVER
  AVERAGE SKY COVER 0.1


WEATHER CONDITIONS
 THE FOLLOWING WEATHER WAS RECORDED YESTERDAY.
  THUNDERSTORM
  LIGHT RAIN


RELATIVE HUMIDITY (PERCENT)
 HIGHEST    93
 LOWEST     48
 AVERAGE    71

..........................................................


THE GOODLAND KS CLIMATE NORMALS FOR TODAY
                         NORMAL    RECORD    YEAR
 MAXIMUM TEMPERATURE (F)   78       106      2002
 MINIMUM TEMPERATURE (F)   51        34      1917


SUNRISE AND SUNSET
JUNE  1 2015..........SUNRISE   522 AM MDT   SUNSET   808 PM MDT
JUNE  2 2015..........SUNRISE   522 AM MDT   SUNSET   808 PM MDT


-  INDICATES NEGATIVE NUMBERS.
R  INDICATES RECORD WAS SET OR TIED.
MM INDICATES DATA IS MISSING.
T  INDICATES TRACE AMOUNT.

&&

THE AVERAGE SOIL TEMPERATURE AT THE FOUR INCH DEPTH... 61

$$
