523
CDUS43 KGLD 240747
CLIGLD

CLIMATE REPORT
NATIONAL WEATHER SERVICE GOODLAND
145 AM MDT SAT JUN 24 2017

...................................

...THE GOODLAND KS CLIMATE SUMMARY FOR JUNE 23 2017...

CLIMATE NORMAL PERIOD 1981 TO 2010
CLIMATE RECORD PERIOD 1895 TO 2017

WEATHER ITEM   OBSERVED TIME   RECORD YEAR NORMAL DEPARTURE LAST
                VALUE   (LST)  VALUE       VALUE  FROM      YEAR
                                                  NORMAL
..................................................................
TEMPERATURE (F)
 YESTERDAY
  MAXIMUM         70    616 PM 106    2012  87    -17       88
                                      1954
                                      1937
  MINIMUM         51    451 AM  43    1916  58     -7       62
  AVERAGE         61                        72    -11       75

PRECIPITATION (IN)
  YESTERDAY        0.79          2.24 1995   0.11   0.68     0.00
  MONTH TO DATE    2.87                      2.51   0.36     0.48
  SINCE JUN 1      2.87                      2.51   0.36     0.48
  SINCE JAN 1     15.26                      8.99   6.27     7.84

SNOWFALL (IN)
  YESTERDAY        T                         0.0    0.0      0.0
  MONTH TO DATE    T                         0.0    0.0      0.0
  SINCE JUN 1      T                         0.0    0.0      0.0
  SINCE JUL 1     14.2                      35.5  -21.3     30.1
  SNOW DEPTH       0

DEGREE DAYS
 HEATING
  YESTERDAY        4                         0      4        0
  MONTH TO DATE    4                        36    -32        2
  SINCE JUN 1      4                        36    -32        2
  SINCE JUL 1   5122                      5902   -780     5131

 COOLING
  YESTERDAY        0                         8     -8       10
  MONTH TO DATE  182                       119     63      208
  SINCE JUN 1    182                       119     63      208
  SINCE JAN 1    220                       160     60      232
..................................................................

WIND (MPH)
  HIGHEST WIND SPEED    30   HIGHEST WIND DIRECTION    NE (40)
  HIGHEST GUST SPEED    39   HIGHEST GUST DIRECTION    NE (40)
  AVERAGE WIND SPEED     9.9


SKY COVER
  AVERAGE SKY COVER 0.6


WEATHER CONDITIONS
 THE FOLLOWING WEATHER WAS RECORDED YESTERDAY.
  THUNDERSTORM
  HEAVY RAIN
  RAIN
  LIGHT RAIN
  HAIL
  FOG


RELATIVE HUMIDITY (PERCENT)
 HIGHEST    86
 LOWEST     42
 AVERAGE    64

..........................................................


THE GOODLAND KS CLIMATE NORMALS FOR TODAY
                         NORMAL    RECORD    YEAR
 MAXIMUM TEMPERATURE (F)   87       109      2012
 MINIMUM TEMPERATURE (F)   58        42      1940


SUNRISE AND SUNSET
JUNE 24 2017..........SUNRISE   521 AM MDT   SUNSET   818 PM MDT
JUNE 25 2017..........SUNRISE   521 AM MDT   SUNSET   818 PM MDT


-  INDICATES NEGATIVE NUMBERS.
R  INDICATES RECORD WAS SET OR TIED.
MM INDICATES DATA IS MISSING.
T  INDICATES TRACE AMOUNT.

&&

THE AVERAGE SOIL TEMPERATURE AT THE FOUR INCH DEPTH... 69

$$
