000
CDUS43 KGLD 290744
CLIGLD

CLIMATE REPORT
NATIONAL WEATHER SERVICE GOODLAND
140 AM MDT WED OCT 29 2014

...................................

...THE GOODLAND KS CLIMATE SUMMARY FOR OCTOBER 28 2014...

CLIMATE NORMAL PERIOD 1981 TO 2010
CLIMATE RECORD PERIOD 1895 TO 2014

WEATHER ITEM   OBSERVED TIME   RECORD YEAR NORMAL DEPARTURE LAST
                VALUE   (LST)  VALUE       VALUE  FROM      YEAR
                                                  NORMAL
..................................................................
TEMPERATURE (F)
 YESTERDAY
  MAXIMUM         60    319 PM  86    1943  62     -2       44
  MINIMUM         28   1140 PM  10    1925  33     -5       33
  AVERAGE         44                        47     -3       39

PRECIPITATION (IN)
  YESTERDAY        0.00          1.99 2000   0.04  -0.04     0.02
  MONTH TO DATE    0.44                      1.27  -0.83     1.23
  SINCE SEP 1      2.49                      2.49   0.00     7.72
  SINCE JAN 1     16.39                     18.39  -2.00    16.51

SNOWFALL (IN)
  YESTERDAY        0.0                       0.1   -0.1      0.0
  MONTH TO DATE    0.0                       1.9   -1.9      4.0
  SINCE SEP 1      T                         2.3   -2.3      4.0
  SINCE JUL 1      T                         2.3   -2.3      4.0
  SNOW DEPTH       0

DEGREE DAYS
 HEATING
  YESTERDAY       21                        18      3       26
  MONTH TO DATE  255                       359   -104      394
  SINCE SEP 1    355                       471   -116      441
  SINCE JUL 1    368                       483   -115      448

 COOLING
  YESTERDAY        0                         0      0        0
  MONTH TO DATE    1                         5     -4        0
  SINCE SEP 1    118                       105     13      183
  SINCE JAN 1    920                       938    -18     1181
..................................................................

WIND (MPH)
  HIGHEST WIND SPEED    18   HIGHEST WIND DIRECTION    NW (320)
  HIGHEST GUST SPEED    23   HIGHEST GUST DIRECTION    NW (320)
  AVERAGE WIND SPEED    9.1


SKY COVER
  AVERAGE SKY COVER 0.0


WEATHER CONDITIONS
 THE FOLLOWING WEATHER WAS RECORDED YESTERDAY.
  NO SIGNIFICANT WEATHER WAS OBSERVED.


RELATIVE HUMIDITY (PERCENT)
 HIGHEST    75
 LOWEST     23
 AVERAGE    49

..........................................................


THE GOODLAND KS CLIMATE NORMALS FOR TODAY
                         NORMAL    RECORD    YEAR
 MAXIMUM TEMPERATURE (F)   61        90      2003
 MINIMUM TEMPERATURE (F)   33         1      1917


SUNRISE AND SUNSET
OCTOBER 29 2014.......SUNRISE   711 AM MDT   SUNSET   549 PM MDT
OCTOBER 30 2014.......SUNRISE   713 AM MDT   SUNSET   548 PM MDT


-  INDICATES NEGATIVE NUMBERS.
R  INDICATES RECORD WAS SET OR TIED.
MM INDICATES DATA IS MISSING.
T  INDICATES TRACE AMOUNT.

&&

THE AVERAGE SOIL TEMPERATURE AT THE FOUR INCH DEPTH... 54

$$
