000
CDUS43 KGLD 070741
CLIGLD

CLIMATE REPORT
NATIONAL WEATHER SERVICE GOODLAND
139 AM MDT TUE JUL 7 2015

...................................

...THE GOODLAND KS CLIMATE SUMMARY FOR JULY 6 2015...

CLIMATE NORMAL PERIOD 1981 TO 2010
CLIMATE RECORD PERIOD 1895 TO 2015

WEATHER ITEM   OBSERVED TIME   RECORD YEAR NORMAL DEPARTURE LAST
                VALUE   (LST)  VALUE       VALUE  FROM      YEAR
                                                  NORMAL
..................................................................
TEMPERATURE (F)
 YESTERDAY
  MAXIMUM         74    310 PM 106    1973  90    -16       99
  MINIMUM         62   1159 PM  48    1924  61      1       64
  AVERAGE         68                        75     -7       82

PRECIPITATION (IN)
  YESTERDAY        T             1.31 1993   0.12  -0.12      T
  MONTH TO DATE    0.26                      0.65  -0.39     0.33
  SINCE JUN 1      2.57                      3.90  -1.33     5.86
  SINCE JAN 1     14.36                     10.38   3.98     9.40

SNOWFALL (IN)
  YESTERDAY        0.0                       0.0    0.0      0.0
  MONTH TO DATE    0.0                       0.0    0.0      0.0
  SINCE JUN 1      0.0                       0.0    0.0      0.0
  SINCE JUL 1      0.0                       0.0    0.0      0.0
  SNOW DEPTH       0

DEGREE DAYS
 HEATING
  YESTERDAY        0                         0      0        0
  MONTH TO DATE    0                         0      0        0
  SINCE JUN 1      5                        37    -32       38
  SINCE JUL 1      0                         0      0        0

 COOLING
  YESTERDAY        3                        10     -7       17
  MONTH TO DATE   67                        60      7       55
  SINCE JUN 1    309                       239     70      204
  SINCE JAN 1    315                       280     35      250
..................................................................

WIND (MPH)
  HIGHEST WIND SPEED    29   HIGHEST WIND DIRECTION     N (360)
  HIGHEST GUST SPEED    37   HIGHEST GUST DIRECTION     N (10)
  AVERAGE WIND SPEED    16.3

SKY COVER
  AVERAGE SKY COVER 0.8

WEATHER CONDITIONS
 THE FOLLOWING WEATHER WAS RECORDED YESTERDAY.
  LIGHT RAIN
  FOG
  HAZE

RELATIVE HUMIDITY (PERCENT)
 HIGHEST    93
 LOWEST     57
 AVERAGE    75

..........................................................

THE GOODLAND KS CLIMATE NORMALS FOR TODAY
                         NORMAL    RECORD    YEAR
 MAXIMUM TEMPERATURE (F)   90       108      1897
 MINIMUM TEMPERATURE (F)   61        45      1952

SUNRISE AND SUNSET
JULY  7 2015..........SUNRISE   527 AM MDT   SUNSET   816 PM MDT
JULY  8 2015..........SUNRISE   527 AM MDT   SUNSET   816 PM MDT

-  INDICATES NEGATIVE NUMBERS.
R  INDICATES RECORD WAS SET OR TIED.
MM INDICATES DATA IS MISSING.
T  INDICATES TRACE AMOUNT.

&&

THE AVERAGE SOIL TEMPERATURE AT THE FOUR INCH DEPTH... 81

$$
