870
CDUS43 KGLD 250053
CLIGLD

CLIMATE REPORT
NATIONAL WEATHER SERVICE GOODLAND
550 PM MST FRI FEB 24 2017

...................................

...THE GOODLAND KS CLIMATE SUMMARY FOR FEBRUARY 24 2017...
VALID TODAY AS OF 0500 PM LOCAL TIME.

CLIMATE NORMAL PERIOD 1981 TO 2010
CLIMATE RECORD PERIOD 1895 TO 2017

WEATHER ITEM   OBSERVED TIME   RECORD YEAR NORMAL DEPARTURE LAST
                VALUE   (LST)  VALUE       VALUE  FROM      YEAR
                                                  NORMAL
..................................................................
TEMPERATURE (F)
 TODAY
  MAXIMUM         29    415 PM  80    1918  48    -19       52
  MINIMUM         20    706 AM -16    1960  21     -1       18
  AVERAGE         25                        35    -10       35

PRECIPITATION (IN)
  TODAY            T             0.26 1956   0.02  -0.02     0.00
  MONTH TO DATE    0.01                      0.41  -0.40     0.82
  SINCE DEC 1      1.53                      1.25   0.28     1.02
  SINCE JAN 1      0.93                      0.79   0.14     0.86

SNOWFALL (IN)
  TODAY            T                         0.1   -0.1      0.0
  MONTH TO DATE    T                         4.7   -4.7     13.3
  SINCE DEC 1      8.8                      16.1   -7.3     15.2
  SINCE JUL 1      9.4                      23.3  -13.9     23.4
  SNOW DEPTH       0

DEGREE DAYS
 HEATING
  TODAY           40                        30     10       30
  MONTH TO DATE  565                       797   -232      688
  SINCE DEC 1   2883                      2981    -98     2689
  SINCE JUL 1   3746                      4300   -554     3749

 COOLING
  TODAY            0                         0      0        0
  MONTH TO DATE    0                         0      0        0
  SINCE DEC 1      0                         0      0        0
  SINCE JAN 1      0                         0      0        0
..................................................................

WIND (MPH)
  HIGHEST WIND SPEED    25   HIGHEST WIND DIRECTION     N (340)
  HIGHEST GUST SPEED    31   HIGHEST GUST DIRECTION    NW (330)
  AVERAGE WIND SPEED    18.3


SKY COVER
  AVERAGE SKY COVER 0.8


WEATHER CONDITIONS
 THE FOLLOWING WEATHER WAS RECORDED TODAY.
  LIGHT SNOW


RELATIVE HUMIDITY (PERCENT)
 HIGHEST    91           400 AM
 LOWEST     69           200 PM
 AVERAGE    80

..........................................................


THE GOODLAND KS CLIMATE NORMALS FOR TOMORROW
                         NORMAL    RECORD    YEAR
 MAXIMUM TEMPERATURE (F)   48        75      1989
                                             1986
 MINIMUM TEMPERATURE (F)   22       -19      1960


SUNRISE AND SUNSET
FEBRUARY 24 2017......SUNRISE   626 AM MST   SUNSET   534 PM MST
FEBRUARY 25 2017......SUNRISE   625 AM MST   SUNSET   535 PM MST


-  INDICATES NEGATIVE NUMBERS.
R  INDICATES RECORD WAS SET OR TIED.
MM INDICATES DATA IS MISSING.
T  INDICATES TRACE AMOUNT.

&&

THE AVERAGE SOIL TEMPERATURE AT THE FOUR INCH DEPTH... 39
THE CURRENT DEPTH OF FROST... 0 INCHES

$$
