000
CDUS43 KGLD 120740
CLIGLD

CLIMATE REPORT
NATIONAL WEATHER SERVICE GOODLAND
138 AM MDT TUE APR 12 2016

...................................

...THE GOODLAND KS CLIMATE SUMMARY FOR APRIL 11 2016...

CLIMATE NORMAL PERIOD 1981 TO 2010
CLIMATE RECORD PERIOD 1895 TO 2016

WEATHER ITEM   OBSERVED TIME   RECORD YEAR NORMAL DEPARTURE LAST
                VALUE   (LST)  VALUE       VALUE  FROM      YEAR
                                                  NORMAL
..................................................................
TEMPERATURE (F)
 YESTERDAY
  MAXIMUM         56    306 PM  87    1916  62     -6       75
  MINIMUM         41   1159 PM  11    1997  33      8       30
  AVERAGE         49                        48      1       53

PRECIPITATION (IN)
  YESTERDAY        0.11          2.00 1922   0.05   0.06     0.00
  MONTH TO DATE    0.18                      0.49  -0.31     0.62
  SINCE MAR 1      0.73                      1.56  -0.83     0.73
  SINCE JAN 1      1.59                      2.43  -0.84     1.81

SNOWFALL (IN)
  YESTERDAY        0.0                       0.2   -0.2      0.0
  MONTH TO DATE    0.0                       2.2   -2.2      2.0
  SINCE MAR 1      4.4                       9.0   -4.6      2.6
  SINCE JUL 1     27.8                      33.0   -5.2     24.7
  SNOW DEPTH       0

DEGREE DAYS
 HEATING
  YESTERDAY       16                        17     -1       12
  MONTH TO DATE  149                       207    -58      154
  SINCE MAR 1    754                       965   -211      719
  SINCE JUL 1   4600                      5382   -782     4934

 COOLING
  YESTERDAY        0                         0      0        0
  MONTH TO DATE    0                         0      0        0
  SINCE MAR 1      0                         0      0        0
  SINCE JAN 1      0                         0      0        0
..................................................................

WIND (MPH)
  HIGHEST WIND SPEED    16   HIGHEST WIND DIRECTION    SW (220)
  HIGHEST GUST SPEED    21   HIGHEST GUST DIRECTION    SW (220)
  AVERAGE WIND SPEED     8.2


SKY COVER
  AVERAGE SKY COVER 0.9


WEATHER CONDITIONS
 THE FOLLOWING WEATHER WAS RECORDED YESTERDAY.
  LIGHT RAIN
  FOG


RELATIVE HUMIDITY (PERCENT)
 HIGHEST    96
 LOWEST     50
 AVERAGE    73

..........................................................


THE GOODLAND KS CLIMATE NORMALS FOR TODAY
                         NORMAL    RECORD    YEAR
 MAXIMUM TEMPERATURE (F)   63        82      2014
                                             2010
 MINIMUM TEMPERATURE (F)   33         5      1997


SUNRISE AND SUNSET
APRIL 12 2016.........SUNRISE   613 AM MDT   SUNSET   722 PM MDT
APRIL 13 2016.........SUNRISE   612 AM MDT   SUNSET   723 PM MDT


-  INDICATES NEGATIVE NUMBERS.
R  INDICATES RECORD WAS SET OR TIED.
MM INDICATES DATA IS MISSING.
T  INDICATES TRACE AMOUNT.

&&

THE AVERAGE SOIL TEMPERATURE AT THE FOUR INCH DEPTH... 56

$$
