000
CDUS43 KGLD 060744
CLIGLD

CLIMATE REPORT
NATIONAL WEATHER SERVICE GOODLAND
141 AM MDT THU APR 6 2017

...................................

...THE GOODLAND KS CLIMATE SUMMARY FOR APRIL 5 2017...

CLIMATE NORMAL PERIOD 1981 TO 2010
CLIMATE RECORD PERIOD 1895 TO 2017

WEATHER ITEM   OBSERVED TIME   RECORD YEAR NORMAL DEPARTURE LAST
                VALUE   (LST)  VALUE       VALUE  FROM      YEAR
                                                  NORMAL
..................................................................
TEMPERATURE (F)
 YESTERDAY
  MAXIMUM         58    331 PM  86    1932  60     -2       77
  MINIMUM         31    554 AM  18    1945  31      0       36
  AVERAGE         45                        46     -1       57

PRECIPITATION (IN)
  YESTERDAY        0.00          0.64 1951   0.05  -0.05     0.07
  MONTH TO DATE    0.32                      0.21   0.11     0.07
  SINCE MAR 1      2.00                      1.28   0.72     0.62
  SINCE JAN 1      2.93                      2.15   0.78     1.48

SNOWFALL (IN)
  YESTERDAY        0.0                       0.2   -0.2      0.0
  MONTH TO DATE    0.0                       1.1   -1.1      0.0
  SINCE MAR 1      T                         7.9   -7.9      4.4
  SINCE JUL 1      9.4                      31.9  -22.5     27.8
  SNOW DEPTH       0

DEGREE DAYS
 HEATING
  YESTERDAY       20                        19      1        8
  MONTH TO DATE  103                        98      5       70
  SINCE MAR 1    698                       856   -158      675
  SINCE JUL 1   4583                      5273   -690     4521

 COOLING
  YESTERDAY        0                         0      0        0
  MONTH TO DATE    0                         0      0        0
  SINCE MAR 1      0                         0      0        0
  SINCE JAN 1      0                         0      0        0
..................................................................

WIND (MPH)
  HIGHEST WIND SPEED    29   HIGHEST WIND DIRECTION     N (340)
  HIGHEST GUST SPEED    36   HIGHEST GUST DIRECTION    NW (330)
  AVERAGE WIND SPEED    13.3


SKY COVER
  AVERAGE SKY COVER 0.2


WEATHER CONDITIONS
 THE FOLLOWING WEATHER WAS RECORDED YESTERDAY.
  NO SIGNIFICANT WEATHER WAS OBSERVED.


RELATIVE HUMIDITY (PERCENT)
 HIGHEST    92
 LOWEST     19
 AVERAGE    56

..........................................................


THE GOODLAND KS CLIMATE NORMALS FOR TODAY
                         NORMAL    RECORD    YEAR
 MAXIMUM TEMPERATURE (F)   61        88      1991
 MINIMUM TEMPERATURE (F)   32         8      1936


SUNRISE AND SUNSET
APRIL  6 2017.........SUNRISE   623 AM MDT   SUNSET   716 PM MDT
APRIL  7 2017.........SUNRISE   621 AM MDT   SUNSET   717 PM MDT


-  INDICATES NEGATIVE NUMBERS.
R  INDICATES RECORD WAS SET OR TIED.
MM INDICATES DATA IS MISSING.
T  INDICATES TRACE AMOUNT.

&&

THE AVERAGE SOIL TEMPERATURE AT THE FOUR INCH DEPTH... 42

$$
