000
CDUS43 KGLD 160741
CLIGLD

CLIMATE REPORT
NATIONAL WEATHER SERVICE GOODLAND
138 AM MDT FRI SEP 16 2016

...................................

...THE GOODLAND KS CLIMATE SUMMARY FOR SEPTEMBER 15 2016...

CLIMATE NORMAL PERIOD 1981 TO 2010
CLIMATE RECORD PERIOD 1895 TO 2016

WEATHER ITEM   OBSERVED TIME   RECORD YEAR NORMAL DEPARTURE LAST
                VALUE   (LST)  VALUE       VALUE  FROM      YEAR
                                                  NORMAL
..................................................................
TEMPERATURE (F)
 YESTERDAY
  MAXIMUM         84    314 PM  99    1955  80      4       97
  MINIMUM         50   1012 PM  34    1951  50      0       65
                                      1934
  AVERAGE         67                        65      2       81

PRECIPITATION (IN)
  YESTERDAY        0.50          1.46 1964   0.04   0.46      T
  MONTH TO DATE    2.30                      0.64   1.66     0.09
  SINCE SEP 1      2.30                      0.64   1.66     0.09
  SINCE JAN 1     16.34                     16.54  -0.20    16.84

SNOWFALL (IN)
  YESTERDAY        0.0                       0.0    0.0      0.0
  MONTH TO DATE    T                         0.1   -0.1      0.0
  SINCE SEP 1      T                         0.1   -0.1      0.0
  SINCE JUL 1      T                         0.1   -0.1      0.0
  SNOW DEPTH       0

DEGREE DAYS
 HEATING
  YESTERDAY        0                         3     -3        0
  MONTH TO DATE   23                        27     -4        4
  SINCE SEP 1     23                        27     -4        4
  SINCE JUL 1     30                        39     -9       10

 COOLING
  YESTERDAY        2                         3     -1       16
  MONTH TO DATE   71                        72     -1      156
  SINCE SEP 1     71                        72     -1      156
  SINCE JAN 1   1020                       905    115     1064
..................................................................

WIND (MPH)
  HIGHEST WIND SPEED    55   HIGHEST WIND DIRECTION     N (340)
  HIGHEST GUST SPEED    70   HIGHEST GUST DIRECTION    NW (320)
  AVERAGE WIND SPEED    10.6


SKY COVER
  AVERAGE SKY COVER 0.3


WEATHER CONDITIONS
 THE FOLLOWING WEATHER WAS RECORDED YESTERDAY.
  THUNDERSTORM
  HEAVY RAIN
  LIGHT RAIN
  HAIL
  FOG
  FOG W/VISIBILITY <= 1/4 MILE


RELATIVE HUMIDITY (PERCENT)
 HIGHEST   100
 LOWEST     42
 AVERAGE    71

..........................................................


THE GOODLAND KS CLIMATE NORMALS FOR TODAY
                         NORMAL    RECORD    YEAR
 MAXIMUM TEMPERATURE (F)   79        98      1955
 MINIMUM TEMPERATURE (F)   50        34      1965
                                             1951


SUNRISE AND SUNSET
SEPTEMBER 16 2016.....SUNRISE   629 AM MDT   SUNSET   653 PM MDT
SEPTEMBER 17 2016.....SUNRISE   630 AM MDT   SUNSET   651 PM MDT


-  INDICATES NEGATIVE NUMBERS.
R  INDICATES RECORD WAS SET OR TIED.
MM INDICATES DATA IS MISSING.
T  INDICATES TRACE AMOUNT.

&&

THE AVERAGE SOIL TEMPERATURE AT THE FOUR INCH DEPTH... 61

$$
