000
CDUS43 KGLD 140755
CLIGLD

CLIMATE REPORT
NATIONAL WEATHER SERVICE GOODLAND
1248 AM MST WED JAN 14 2015

...................................

...THE GOODLAND KS CLIMATE SUMMARY FOR JANUARY 13 2015...

CLIMATE NORMAL PERIOD 1981 TO 2010
CLIMATE RECORD PERIOD 1895 TO 2015

WEATHER ITEM   OBSERVED TIME   RECORD YEAR NORMAL DEPARTURE LAST
                VALUE   (LST)  VALUE       VALUE  FROM      YEAR
                                                  NORMAL
..................................................................
TEMPERATURE (F)
 YESTERDAY
  MAXIMUM         27    255 PM  72    1996  43    -16       53
  MINIMUM         15    639 AM -17    1997  17     -2       19
  AVERAGE         21                        30     -9       36

PRECIPITATION (IN)
  YESTERDAY        0.01          0.45 2001   0.01   0.00     0.00
  MONTH TO DATE    0.07                      0.15  -0.08     0.12
  SINCE DEC 1      1.53                      0.61   0.92     0.17
  SINCE JAN 1      0.07                      0.15  -0.08     0.12

SNOWFALL (IN)
  YESTERDAY        0.1                       0.1    0.0      0.0
  MONTH TO DATE    1.0                       2.3   -1.3      3.1
  SINCE DEC 1     10.7                       7.8    2.9      5.6
  SINCE JUL 1     10.9                      15.0   -4.1      9.9
  SNOW DEPTH       T

DEGREE DAYS
 HEATING
  YESTERDAY       44                        35      9       29
  MONTH TO DATE  564                       457    107      472
  SINCE DEC 1   1623                      1545     78     1565
  SINCE JUL 1   2878                      2864     14     2838

 COOLING
  YESTERDAY        0                         0      0        0
  MONTH TO DATE    0                         0      0        0
  SINCE DEC 1      0                         0      0        0
  SINCE JAN 1      0                         0      0        0
..................................................................

WIND (MPH)
  HIGHEST WIND SPEED    21   HIGHEST WIND DIRECTION     S (170)
  HIGHEST GUST SPEED    24   HIGHEST GUST DIRECTION     S (190)
  AVERAGE WIND SPEED    10.6

SKY COVER
  AVERAGE SKY COVER 0.8

WEATHER CONDITIONS
 THE FOLLOWING WEATHER WAS RECORDED YESTERDAY.
  LIGHT SNOW
  FOG

RELATIVE HUMIDITY (PERCENT)
 HIGHEST    92
 LOWEST     68
 AVERAGE    80

..........................................................

THE GOODLAND KS CLIMATE NORMALS FOR TODAY
                         NORMAL    RECORD    YEAR
 MAXIMUM TEMPERATURE (F)   43        65      2006
 MINIMUM TEMPERATURE (F)   17       -15      1979

SUNRISE AND SUNSET
JANUARY 14 2015.......SUNRISE   705 AM MST   SUNSET   446 PM MST
JANUARY 15 2015.......SUNRISE   705 AM MST   SUNSET   448 PM MST

-  INDICATES NEGATIVE NUMBERS.
R  INDICATES RECORD WAS SET OR TIED.
MM INDICATES DATA IS MISSING.
T  INDICATES TRACE AMOUNT.

&&

THE AVERAGE SOIL TEMPERATURE AT THE FOUR INCH DEPTH... 29
THE CURRENT DEPTH OF FROST... 18 INCHES

$$
