000
CDUS43 KGLD 040759
CLIGLD

CLIMATE REPORT
NATIONAL WEATHER SERVICE GOODLAND
157 AM MDT THU MAY 4 2017

...................................

...THE GOODLAND KS CLIMATE SUMMARY FOR MAY 3 2017...

CLIMATE NORMAL PERIOD 1981 TO 2010
CLIMATE RECORD PERIOD 1895 TO 2017

WEATHER ITEM   OBSERVED TIME   RECORD YEAR NORMAL DEPARTURE LAST
                VALUE   (LST)  VALUE       VALUE  FROM      YEAR
                                                  NORMAL
..................................................................
TEMPERATURE (F)
 YESTERDAY
  MAXIMUM         57    343 PM  93    1949  69    -12       68
  MINIMUM         32   1155 PM  22    1907  41     -9       37
  AVERAGE         45                        55    -10       53

PRECIPITATION (IN)
  YESTERDAY        T             1.45 1928   0.07  -0.07     0.01
  MONTH TO DATE    T                         0.22  -0.22     0.02
  SINCE MAR 1      3.80                      2.88   0.92     4.56
  SINCE JAN 1      4.73                      3.75   0.98     5.42

SNOWFALL (IN)
  YESTERDAY        0.0                       0.0    0.0      0.0
  MONTH TO DATE    0.0                       0.1   -0.1       T
  SINCE MAR 1      4.8                      11.1   -6.3      6.7
  SINCE JUL 1     14.2                      35.1  -20.9     30.1
  SNOW DEPTH       0

DEGREE DAYS
 HEATING
  YESTERDAY       20                        10     10       12
  MONTH TO DATE   52                        32     20       54
  SINCE MAR 1   1063                      1270   -207     1094
  SINCE JUL 1   4948                      5687   -739     4940

 COOLING
  YESTERDAY        0                         1     -1        0
  MONTH TO DATE    0                         1     -1        0
  SINCE MAR 1      7                         5      2        0
  SINCE JAN 1      7                         5      2        0
..................................................................

WIND (MPH)
  HIGHEST WIND SPEED    37   HIGHEST WIND DIRECTION    NW (330)
  HIGHEST GUST SPEED    43   HIGHEST GUST DIRECTION     N (340)
  AVERAGE WIND SPEED    13.0


SKY COVER
  AVERAGE SKY COVER 0.6


WEATHER CONDITIONS
 THE FOLLOWING WEATHER WAS RECORDED YESTERDAY.
  LIGHT RAIN


RELATIVE HUMIDITY (PERCENT)
 HIGHEST    93
 LOWEST     43
 AVERAGE    68

..........................................................


THE GOODLAND KS CLIMATE NORMALS FOR TODAY
                         NORMAL    RECORD    YEAR
 MAXIMUM TEMPERATURE (F)   69        91      2012
                                             1986
                                             1965
 MINIMUM TEMPERATURE (F)   41        23      1907


SUNRISE AND SUNSET
MAY  4 2017...........SUNRISE   544 AM MDT   SUNSET   743 PM MDT
MAY  5 2017...........SUNRISE   543 AM MDT   SUNSET   744 PM MDT


-  INDICATES NEGATIVE NUMBERS.
R  INDICATES RECORD WAS SET OR TIED.
MM INDICATES DATA IS MISSING.
T  INDICATES TRACE AMOUNT.

&&

THE AVERAGE SOIL TEMPERATURE AT THE FOUR INCH DEPTH... 47

$$
