333
CDUS43 KGLD 180743
CLIGLD

CLIMATE REPORT
NATIONAL WEATHER SERVICE GOODLAND
140 AM MDT WED MAY 18 2016

...................................

...THE GOODLAND KS CLIMATE SUMMARY FOR MAY 17 2016...

CLIMATE NORMAL PERIOD 1981 TO 2010
CLIMATE RECORD PERIOD 1895 TO 2016

WEATHER ITEM   OBSERVED TIME   RECORD YEAR NORMAL DEPARTURE LAST
                VALUE   (LST)  VALUE       VALUE  FROM      YEAR
                                                  NORMAL
..................................................................
TEMPERATURE (F)
 YESTERDAY
  MAXIMUM         58    420 PM  99    1927  73    -15       73
  MINIMUM         39   1159 PM  31    1976  46     -7       47
  AVERAGE         49                        60    -11       60

PRECIPITATION (IN)
  YESTERDAY        0.11          1.99 1962   0.10   0.01     0.00
  MONTH TO DATE    1.05                      1.43  -0.38     2.51
  SINCE MAR 1      5.59                      4.09   1.50     7.46
  SINCE JAN 1      6.45                      4.96   1.49     8.54

SNOWFALL (IN)
  YESTERDAY        0.0                       0.0    0.0      0.0
  MONTH TO DATE    T                         0.5   -0.5      0.0
  SINCE MAR 1      6.7                      11.5   -4.8      2.6
  SINCE JUL 1     30.1                      35.5   -5.4     24.7
  SNOW DEPTH       0

DEGREE DAYS
 HEATING
  YESTERDAY       16                         6     10        5
  MONTH TO DATE  187                       147     40      128
  SINCE MAR 1   1227                      1385   -158     1089
  SINCE JUL 1   5073                      5802   -729     5304

 COOLING
  YESTERDAY        0                         1     -1        0
  MONTH TO DATE    6                        15     -9        5
  SINCE MAR 1      6                        19    -13        5
  SINCE JAN 1      6                        19    -13        5
..................................................................

WIND (MPH)
  HIGHEST WIND SPEED    17   HIGHEST WIND DIRECTION    NE (30)
  HIGHEST GUST SPEED    20   HIGHEST GUST DIRECTION     N (20)
  AVERAGE WIND SPEED     8.5


SKY COVER
  AVERAGE SKY COVER 0.8


WEATHER CONDITIONS
 THE FOLLOWING WEATHER WAS RECORDED YESTERDAY.
  LIGHT RAIN
  FOG


RELATIVE HUMIDITY (PERCENT)
 HIGHEST   100
 LOWEST     51
 AVERAGE    76

..........................................................


THE GOODLAND KS CLIMATE NORMALS FOR TODAY
                         NORMAL    RECORD    YEAR
 MAXIMUM TEMPERATURE (F)   74        98      1996
 MINIMUM TEMPERATURE (F)   47        29      1930


SUNRISE AND SUNSET
MAY 18 2016...........SUNRISE   530 AM MDT   SUNSET   757 PM MDT
MAY 19 2016...........SUNRISE   529 AM MDT   SUNSET   758 PM MDT


-  INDICATES NEGATIVE NUMBERS.
R  INDICATES RECORD WAS SET OR TIED.
MM INDICATES DATA IS MISSING.
T  INDICATES TRACE AMOUNT.

&&

THE AVERAGE SOIL TEMPERATURE AT THE FOUR INCH DEPTH... 53

$$
