000
CDUS43 KGLD 030738
CLIGLD

CLIMATE REPORT
NATIONAL WEATHER SERVICE GOODLAND
135 AM MDT WED AUG 3 2016

...................................

...THE GOODLAND KS CLIMATE SUMMARY FOR AUGUST 2 2016...

CLIMATE NORMAL PERIOD 1981 TO 2010
CLIMATE RECORD PERIOD 1895 TO 2016

WEATHER ITEM   OBSERVED TIME   RECORD YEAR NORMAL DEPARTURE LAST
                VALUE   (LST)  VALUE       VALUE  FROM      YEAR
                                                  NORMAL
..................................................................
TEMPERATURE (F)
 YESTERDAY
  MAXIMUM         93    342 PM 108    1938  89      4       95
  MINIMUM         64   1155 PM  50    1927  62      2       64
  AVERAGE         79                        75      4       80

PRECIPITATION (IN)
  YESTERDAY        0.00          2.70 1991   0.11  -0.11     0.00
  MONTH TO DATE    0.00                      0.22  -0.22     0.00
  SINCE JUN 1      4.37                      6.94  -2.57     4.59
  SINCE JAN 1     11.73                     13.42  -1.69    16.38

SNOWFALL (IN)
  YESTERDAY        0.0                       0.0    0.0      0.0
  MONTH TO DATE    0.0                       0.0    0.0      0.0
  SINCE JUN 1      0.0                       0.0    0.0      0.0
  SINCE JUL 1      0.0                       0.0    0.0      0.0
  SNOW DEPTH       0

DEGREE DAYS
 HEATING
  YESTERDAY        0                         0      0        0
  MONTH TO DATE    0                         0      0        0
  SINCE JUN 1      2                        41    -39        6
  SINCE JUL 1      0                         4     -4        1

 COOLING
  YESTERDAY       14                        11      3       15
  MONTH TO DATE   28                        22      6       28
  SINCE JUN 1    719                       535    184      613
  SINCE JAN 1    743                       576    167      619
..................................................................

WIND (MPH)
  HIGHEST WIND SPEED    23   HIGHEST WIND DIRECTION    SE (130)
  HIGHEST GUST SPEED    28   HIGHEST GUST DIRECTION     N (20)
  AVERAGE WIND SPEED     8.9


SKY COVER
  AVERAGE SKY COVER 0.1


WEATHER CONDITIONS
 THE FOLLOWING WEATHER WAS RECORDED YESTERDAY.
  FOG


RELATIVE HUMIDITY (PERCENT)
 HIGHEST    90
 LOWEST     39
 AVERAGE    65

..........................................................


THE GOODLAND KS CLIMATE NORMALS FOR TODAY
                         NORMAL    RECORD    YEAR
 MAXIMUM TEMPERATURE (F)   89       106      1916
 MINIMUM TEMPERATURE (F)   62        44      1974


SUNRISE AND SUNSET
AUGUST  3 2016........SUNRISE   549 AM MDT   SUNSET   756 PM MDT
AUGUST  4 2016........SUNRISE   550 AM MDT   SUNSET   755 PM MDT


-  INDICATES NEGATIVE NUMBERS.
R  INDICATES RECORD WAS SET OR TIED.
MM INDICATES DATA IS MISSING.
T  INDICATES TRACE AMOUNT.

&&

THE AVERAGE SOIL TEMPERATURE AT THE FOUR INCH DEPTH... 82

$$
