000
CDUS43 KGLD 310742
CLIGLD

CLIMATE REPORT
NATIONAL WEATHER SERVICE GOODLAND
1242 AM MST TUE JAN 31 2017

...................................

...THE GOODLAND KS CLIMATE SUMMARY FOR JANUARY 30 2017...

CLIMATE NORMAL PERIOD 1981 TO 2010
CLIMATE RECORD PERIOD 1895 TO 2017

WEATHER ITEM   OBSERVED TIME   RECORD YEAR NORMAL DEPARTURE LAST
                VALUE   (LST)  VALUE       VALUE  FROM      YEAR
                                                  NORMAL
..................................................................
TEMPERATURE (F)
 YESTERDAY
  MAXIMUM         64    225 PM  72    1986  43     21       58
  MINIMUM         27   1135 PM -15    1918  17     10       34
  AVERAGE         46                        30     16       46

PRECIPITATION (IN)
  YESTERDAY        0.00          0.35 1896   0.02  -0.02     0.00
  MONTH TO DATE    0.92                      0.37   0.55     0.04
  SINCE DEC 1      1.52                      0.83   0.69     0.20
  SINCE JAN 1      0.92                      0.37   0.55     0.04

SNOWFALL (IN)
  YESTERDAY        0.0                       0.2   -0.2      0.0
  MONTH TO DATE    3.8                       5.7   -1.9      0.2
  SINCE DEC 1      8.8                      11.2   -2.4      1.9
  SINCE JUL 1      9.4                      18.4   -9.0     10.1
  SNOW DEPTH       0

DEGREE DAYS
 HEATING
  YESTERDAY       19                        35    -16       19
  MONTH TO DATE 1092                      1052     40      992
  SINCE DEC 1   2294                      2140    154     1974
  SINCE JUL 1   3157                      3459   -302     3034

 COOLING
  YESTERDAY        0                         0      0        0
  MONTH TO DATE    0                         0      0        0
  SINCE DEC 1      0                         0      0        0
  SINCE JAN 1      0                         0      0        0
..................................................................

WIND (MPH)
  HIGHEST WIND SPEED    28   HIGHEST WIND DIRECTION    NW (300)
  HIGHEST GUST SPEED    32   HIGHEST GUST DIRECTION    NW (310)
  AVERAGE WIND SPEED    11.0


SKY COVER
  AVERAGE SKY COVER 0.0


WEATHER CONDITIONS
 THE FOLLOWING WEATHER WAS RECORDED YESTERDAY.
  NO SIGNIFICANT WEATHER WAS OBSERVED.


RELATIVE HUMIDITY (PERCENT)
 HIGHEST    63
 LOWEST     16
 AVERAGE    40

..........................................................


THE GOODLAND KS CLIMATE NORMALS FOR TODAY
                         NORMAL    RECORD    YEAR
 MAXIMUM TEMPERATURE (F)   43        75      1989
 MINIMUM TEMPERATURE (F)   17       -19      1951
                                             1918


SUNRISE AND SUNSET
JANUARY 31 2017.......SUNRISE   655 AM MST   SUNSET   506 PM MST
FEBRUARY  1 2017......SUNRISE   654 AM MST   SUNSET   508 PM MST


-  INDICATES NEGATIVE NUMBERS.
R  INDICATES RECORD WAS SET OR TIED.
MM INDICATES DATA IS MISSING.
T  INDICATES TRACE AMOUNT.

&&

THE AVERAGE SOIL TEMPERATURE AT THE FOUR INCH DEPTH... 31
THE CURRENT DEPTH OF FROST... 8 INCHES

$$
