631
CDUS43 KGLD 080829
CLIGLD

CLIMATE REPORT
NATIONAL WEATHER SERVICE GOODLAND
125 AM MST WED NOV 8 2017

...................................

...THE GOODLAND KS CLIMATE SUMMARY FOR NOVEMBER 7 2017...

CLIMATE NORMAL PERIOD 1981 TO 2010
CLIMATE RECORD PERIOD 1895 TO 2017

WEATHER ITEM   OBSERVED TIME   RECORD YEAR NORMAL DEPARTURE LAST
                VALUE   (LST)  VALUE       VALUE  FROM      YEAR
                                                  NORMAL
..................................................................
TEMPERATURE (F)
 YESTERDAY
  MAXIMUM         38    100 PM  82    1931  57    -19       68
  MINIMUM         32   1159 PM  12    1938  29      3       34
  AVERAGE         35                        43     -8       51

PRECIPITATION (IN)
  YESTERDAY        0.00          1.24 1929   0.03  -0.03     0.00
  MONTH TO DATE    0.00                      0.21  -0.21      T
  SINCE SEP 1      4.29                      2.80   1.49     2.53
  SINCE JAN 1     26.25                     18.70   7.55    16.57

SNOWFALL (IN)
  YESTERDAY        0.0                       0.2   -0.2      0.0
  MONTH TO DATE    0.0                       0.9   -0.9      0.0
  SINCE SEP 1      0.1                       3.5   -3.4       T
  SINCE JUL 1      0.1                       3.5   -3.4       T
  SNOW DEPTH       0

DEGREE DAYS
 HEATING
  YESTERDAY       30                        22      8       14
  MONTH TO DATE  170                       144     26       74
  SINCE SEP 1    681                       672      9      352
  SINCE JUL 1    681                       684     -3      359

 COOLING
  YESTERDAY        0                         0      0        0
  MONTH TO DATE    0                         0      0        0
  SINCE SEP 1    140                       108     32      154
  SINCE JAN 1    959                       941     18     1103
..................................................................

WIND (MPH)
  HIGHEST WIND SPEED    14   HIGHEST WIND DIRECTION     N (20)
  HIGHEST GUST SPEED    19   HIGHEST GUST DIRECTION    NE (30)
  AVERAGE WIND SPEED     5.6


SKY COVER
  AVERAGE SKY COVER 1.0


WEATHER CONDITIONS
 THE FOLLOWING WEATHER WAS RECORDED YESTERDAY.
  NO SIGNIFICANT WEATHER WAS OBSERVED.


RELATIVE HUMIDITY (PERCENT)
 HIGHEST    89
 LOWEST     56
 AVERAGE    73

..........................................................


THE GOODLAND KS CLIMATE NORMALS FOR TODAY
                         NORMAL    RECORD    YEAR
 MAXIMUM TEMPERATURE (F)   56        83      1934
 MINIMUM TEMPERATURE (F)   29        16      2000
                                             1955


SUNRISE AND SUNSET
NOVEMBER  8 2017......SUNRISE   623 AM MST   SUNSET   438 PM MST
NOVEMBER  9 2017......SUNRISE   624 AM MST   SUNSET   437 PM MST


-  INDICATES NEGATIVE NUMBERS.
R  INDICATES RECORD WAS SET OR TIED.
MM INDICATES DATA IS MISSING.
T  INDICATES TRACE AMOUNT.

&&

THE AVERAGE SOIL TEMPERATURE AT THE FOUR INCH DEPTH... 44
THE CURRENT DEPTH OF FROST... 0 INCHES

$$
