000
CDUS43 KGLD 070737
CLIGLD

CLIMATE REPORT
NATIONAL WEATHER SERVICE GOODLAND
135 AM MDT SUN SEP 7 2014

...................................

...THE GOODLAND KS CLIMATE SUMMARY FOR SEPTEMBER 6 2014...

CLIMATE NORMAL PERIOD 1981 TO 2010
CLIMATE RECORD PERIOD 1895 TO 2014

WEATHER ITEM   OBSERVED TIME   RECORD YEAR NORMAL DEPARTURE LAST
                VALUE   (LST)  VALUE       VALUE  FROM      YEAR
                                                  NORMAL
..................................................................
TEMPERATURE (F)
 YESTERDAY
  MAXIMUM         75    335 PM 102    1939  83     -8      100
  MINIMUM         47    523 AM  37    1956  54     -7       70
  AVERAGE         61                        69     -8       85

PRECIPITATION (IN)
  YESTERDAY        0.00          0.97 1942   0.05  -0.05     0.00
  MONTH TO DATE    0.24                      0.29  -0.05     0.00
  SINCE SEP 1      0.24                      0.29  -0.05     0.00
  SINCE JAN 1     14.14                     16.19  -2.05     8.79

SNOWFALL (IN)
  YESTERDAY        0.0                       0.0    0.0      0.0
  MONTH TO DATE    0.0                       0.0    0.0      0.0
  SINCE SEP 1      0.0                       0.0    0.0      0.0
  SINCE JUL 1      0.0                       0.0    0.0      0.0
  SNOW DEPTH       0

DEGREE DAYS
 HEATING
  YESTERDAY        4                         1      3        0
  MONTH TO DATE   12                         6      6        0
  SINCE SEP 1     12                         6      6        0
  SINCE JUL 1     25                        18      7        7

 COOLING
  YESTERDAY        0                         5     -5       20
  MONTH TO DATE   27                        35     -8       81
  SINCE SEP 1     27                        35     -8       81
  SINCE JAN 1    829                       868    -39     1079
..................................................................

WIND (MPH)
  HIGHEST WIND SPEED    13   HIGHEST WIND DIRECTION     S (170)
  HIGHEST GUST SPEED    17   HIGHEST GUST DIRECTION     S (170)
  AVERAGE WIND SPEED     6.3


SKY COVER
  AVERAGE SKY COVER 0.0


WEATHER CONDITIONS
THE FOLLOWING WEATHER WAS RECORDED YESTERDAY.
  NO SIGNIFICANT WEATHER WAS OBSERVED.


RELATIVE HUMIDITY (PERCENT)
 HIGHEST   100
 LOWEST     38
 AVERAGE    69

..........................................................


THE GOODLAND KS CLIMATE NORMALS FOR TODAY
                         NORMAL    RECORD    YEAR
 MAXIMUM TEMPERATURE (F)   83       102      1971
                                             1908
 MINIMUM TEMPERATURE (F)   54        39      1956


SUNRISE AND SUNSET
SEPTEMBER  7 2014.....SUNRISE   621 AM MDT   SUNSET   708 PM MDT
SEPTEMBER  8 2014.....SUNRISE   622 AM MDT   SUNSET   706 PM MDT


-  INDICATES NEGATIVE NUMBERS.
R  INDICATES RECORD WAS SET OR TIED.
MM INDICATES DATA IS MISSING.
T  INDICATES TRACE AMOUNT.

&&

THE AVERAGE SOIL TEMPERATURE AT THE FOUR INCH DEPTH... 66

$$
