000
CDUS43 KGLD 120046
CLIGLD

CLIMATE REPORT
NATIONAL WEATHER SERVICE GOODLAND
639 PM MDT MON MAY 11 2015

...................................

...THE GOODLAND KS CLIMATE SUMMARY FOR MAY 11 2015...
VALID TODAY AS OF 0600 PM LOCAL TIME.

CLIMATE NORMAL PERIOD 1981 TO 2010
CLIMATE RECORD PERIOD 1895 TO 2015

WEATHER ITEM   OBSERVED TIME   RECORD YEAR NORMAL DEPARTURE LAST
                VALUE   (LST)  VALUE       VALUE  FROM      YEAR
                                                  NORMAL
..................................................................
TEMPERATURE (F)
 TODAY
  MAXIMUM         60    314 PM  99    1962  71    -11       56
  MINIMUM         32    104 AM  26    1918  44    -12       37
  AVERAGE         46                        58    -12       47

PRECIPITATION (IN)
  TODAY            0.00          0.62 1930   0.09  -0.09     0.04
  MONTH TO DATE    1.98                      0.86   1.12     0.04
  SINCE MAR 1      6.93                      3.52   3.41     0.89
  SINCE JAN 1      8.01                      4.39   3.62     1.83

SNOWFALL (IN)
  TODAY            0.0                       0.1   -0.1       T
  MONTH TO DATE    0.0                       0.4   -0.4       T
  SINCE MAR 1      2.6                      11.4   -8.8      3.9
  SINCE JUL 1     24.7                      35.4  -10.7     29.1
  SNOW DEPTH       0

DEGREE DAYS
 HEATING
  TODAY           19                         8     11       18
  MONTH TO DATE   97                       105     -8       95
  SINCE MAR 1   1058                      1343   -285     1300
  SINCE JUL 1   5273                      5760   -487     5844

 COOLING
  TODAY            0                         1     -1        0
  MONTH TO DATE    2                         9     -7        0
  SINCE MAR 1      2                        13    -11        5
  SINCE JAN 1      2                        13    -11        5
..................................................................

WIND (MPH)
  HIGHEST WIND SPEED    29   HIGHEST WIND DIRECTION    NW (320)
  HIGHEST GUST SPEED    37   HIGHEST GUST DIRECTION    NW (320)
  AVERAGE WIND SPEED    19.6


SKY COVER
  AVERAGE SKY COVER 0.0


WEATHER CONDITIONS
 THE FOLLOWING WEATHER WAS RECORDED TODAY.
  NO SIGNIFICANT WEATHER WAS OBSERVED.


RELATIVE HUMIDITY (PERCENT)
 HIGHEST    89           200 AM
 LOWEST     24           400 PM
 AVERAGE    57

..........................................................


THE GOODLAND KS CLIMATE NORMALS FOR TOMORROW
                         NORMAL    RECORD    YEAR
 MAXIMUM TEMPERATURE (F)   72        99      1962
 MINIMUM TEMPERATURE (F)   45        27      1953


SUNRISE AND SUNSET
MAY 11 2015...........SUNRISE   537 AM MDT   SUNSET   750 PM MDT
MAY 12 2015...........SUNRISE   536 AM MDT   SUNSET   751 PM MDT


-  INDICATES NEGATIVE NUMBERS.
R  INDICATES RECORD WAS SET OR TIED.
MM INDICATES DATA IS MISSING.
T  INDICATES TRACE AMOUNT.

&&

THE AVERAGE SOIL TEMPERATURE AT THE FOUR INCH DEPTH... 54

$$
