000
CDUS43 KGLD 110749
CLIGLD

CLIMATE REPORT
NATIONAL WEATHER SERVICE GOODLAND
147 AM MDT MON AUG 11 2014

...................................

...THE GOODLAND KS CLIMATE SUMMARY FOR AUGUST 10 2014...

CLIMATE NORMAL PERIOD 1981 TO 2010
CLIMATE RECORD PERIOD 1895 TO 2014

WEATHER ITEM   OBSERVED TIME   RECORD YEAR NORMAL DEPARTURE LAST
                VALUE   (LST)  VALUE       VALUE  FROM      YEAR
                                                  NORMAL
..................................................................
TEMPERATURE (F)
 YESTERDAY
  MAXIMUM         84    413 PM 105    1964  88     -4       80
                                      1937
  MINIMUM         57    237 AM  48    1960  61     -4       57
  AVERAGE         71                        75     -4       69

PRECIPITATION (IN)
  YESTERDAY        0.00          2.05 1977   0.10  -0.10     0.00
  MONTH TO DATE    0.99                      1.04  -0.05     0.56
  SINCE JUN 1      8.59                      7.76   0.83     4.05
  SINCE JAN 1     12.13                     14.24  -2.11     8.41

SNOWFALL (IN)
  YESTERDAY        0.0                       0.0    0.0      0.0
  MONTH TO DATE    0.0                       0.0    0.0      0.0
  SINCE JUN 1      0.0                       0.0    0.0      0.0
  SINCE JUL 1      0.0                       0.0    0.0      0.0
  SNOW DEPTH       0

DEGREE DAYS
 HEATING
  YESTERDAY        0                         0      0        0
  MONTH TO DATE    0                         0      0        0
  SINCE JUN 1     51                        41     10       38
  SINCE JUL 1     13                         4      9        7

 COOLING
  YESTERDAY        6                        10     -4        4
  MONTH TO DATE  103                       102      1       82
  SINCE JUN 1    555                       615    -60      663
  SINCE JAN 1    601                       656    -55      752
..................................................................

WIND (MPH)
  HIGHEST WIND SPEED    21   HIGHEST WIND DIRECTION     N (360)
  HIGHEST GUST SPEED    26   HIGHEST GUST DIRECTION     N (360)
  AVERAGE WIND SPEED     9.0

SKY COVER
  AVERAGE SKY COVER 0.1

WEATHER CONDITIONS
THE FOLLOWING WEATHER WAS RECORDED YESTERDAY.
  NO SIGNIFICANT WEATHER WAS OBSERVED.

RELATIVE HUMIDITY (PERCENT)
 HIGHEST   100
 LOWEST     37
 AVERAGE    69

..........................................................

THE GOODLAND KS CLIMATE NORMALS FOR TODAY
                         NORMAL    RECORD    YEAR
 MAXIMUM TEMPERATURE (F)   88       106      1936
 MINIMUM TEMPERATURE (F)   61        48      1931

SUNRISE AND SUNSET
AUGUST 11 2014........SUNRISE   556 AM MDT   SUNSET   747 PM MDT
AUGUST 12 2014........SUNRISE   557 AM MDT   SUNSET   746 PM MDT

-  INDICATES NEGATIVE NUMBERS.
R  INDICATES RECORD WAS SET OR TIED.
MM INDICATES DATA IS MISSING.
T  INDICATES TRACE AMOUNT.

&&

THE AVERAGE SOIL TEMPERATURE AT THE FOUR INCH DEPTH... 74

$$
