421
CDUS43 KGLD 170748
CLIGLD

CLIMATE REPORT
NATIONAL WEATHER SERVICE GOODLAND
146 AM MDT MON JUL 17 2017

...................................

...THE GOODLAND KS CLIMATE SUMMARY FOR JULY 16 2017...

CLIMATE NORMAL PERIOD 1981 TO 2010
CLIMATE RECORD PERIOD 1895 TO 2017

WEATHER ITEM   OBSERVED TIME   RECORD YEAR NORMAL DEPARTURE LAST
                VALUE   (LST)  VALUE       VALUE  FROM      YEAR
                                                  NORMAL
..................................................................
TEMPERATURE (F)
 YESTERDAY
  MAXIMUM         84    241 PM 107    1934  90     -6       94
  MINIMUM         65    518 AM  50    1917  62      3       58
                                      1895
  AVERAGE         75                        76     -1       76

PRECIPITATION (IN)
  YESTERDAY        T             0.93 1943   0.11  -0.11     0.00
  MONTH TO DATE    0.88                      1.78  -0.90     1.02
  SINCE JUN 1      5.32                      5.03   0.29     2.64
  SINCE JAN 1     17.71                     11.51   6.20    10.00

SNOWFALL (IN)
  YESTERDAY        0.0                       0.0    0.0      0.0
  MONTH TO DATE    0.0                       0.0    0.0      0.0
  SINCE JUN 1      T                         0.0    0.0      0.0
  SINCE JUL 1      0.0                       0.0    0.0      0.0
  SNOW DEPTH       0

DEGREE DAYS
 HEATING
  YESTERDAY        0                         0      0        0
  MONTH TO DATE    0                         0      0        0
  SINCE JUN 1     13                        37    -24        2
  SINCE JUL 1      0                         0      0        0

 COOLING
  YESTERDAY       10                        11     -1       11
  MONTH TO DATE  186                       169     17      185
  SINCE JUN 1    401                       348     53      474
  SINCE JAN 1    439                       389     50      498
..................................................................

WIND (MPH)
  HIGHEST WIND SPEED    22   HIGHEST WIND DIRECTION    SW (210)
  HIGHEST GUST SPEED    28   HIGHEST GUST DIRECTION    SW (220)
  AVERAGE WIND SPEED    10.9


SKY COVER
  AVERAGE SKY COVER 0.3


WEATHER CONDITIONS
 THE FOLLOWING WEATHER WAS RECORDED YESTERDAY.
  LIGHT RAIN


RELATIVE HUMIDITY (PERCENT)
 HIGHEST    93
 LOWEST     54
 AVERAGE    74

..........................................................


THE GOODLAND KS CLIMATE NORMALS FOR TODAY
                         NORMAL    RECORD    YEAR
 MAXIMUM TEMPERATURE (F)   90       106      1936
 MINIMUM TEMPERATURE (F)   62        50      1917


SUNRISE AND SUNSET
JULY 17 2017..........SUNRISE   534 AM MDT   SUNSET   811 PM MDT
JULY 18 2017..........SUNRISE   535 AM MDT   SUNSET   811 PM MDT


-  INDICATES NEGATIVE NUMBERS.
R  INDICATES RECORD WAS SET OR TIED.
MM INDICATES DATA IS MISSING.
T  INDICATES TRACE AMOUNT.

&&

THE AVERAGE SOIL TEMPERATURE AT THE FOUR INCH DEPTH... 76

$$
