000
CDUS43 KGLD 300401
CLIGLD

WRKCLIGLD 000
TTAA00 KGLD 300400

CLIMATE REPORT
NATIONAL WEATHER SERVICE GOODLAND
959 PM MDT SUN OCT 29 2017

...................................

...THE GOODLAND KS CLIMATE SUMMARY FOR OCTOBER 29 2017...
VALID TODAY AS OF 0600 PM LOCAL TIME.

CLIMATE NORMAL PERIOD 1981 TO 2010
CLIMATE RECORD PERIOD 1895 TO 2017

WEATHER ITEM   OBSERVED TIME   RECORD YEAR NORMAL DEPARTURE LAST
                VALUE   (LST)  VALUE       VALUE  FROM      YEAR
                                                  NORMAL
..................................................................
TEMPERATURE (F)
 TODAY
  MAXIMUM         78   1238 PM  90    2003  61     17       80
  MINIMUM         39    327 AM   1    1917  33      6       46
  AVERAGE         59                        47     12       63

PRECIPITATION (IN)
  TODAY            0.00          1.00 1896   0.03  -0.03     0.00
  MONTH TO DATE    0.44                      1.30  -0.86     0.04
  SINCE SEP 1      4.29                      2.52   1.77     2.53
  SINCE JAN 1     26.25                     18.42   7.83    16.57

SNOWFALL (IN)
  TODAY            0.0                       0.1   -0.1      0.0
  MONTH TO DATE    T                         2.0   -2.0      0.0
  SINCE SEP 1      T                         2.4   -2.4       T
  SINCE JUL 1      T                         2.4   -2.4       T
  SNOW DEPTH       0

DEGREE DAYS
 HEATING
  TODAY            6                        18    -12        2
  MONTH TO DATE  345                       377    -32      212
  SINCE SEP 1    453                       489    -36      270
  SINCE JUL 1    453                       501    -48      277

 COOLING
  TODAY            0                         0      0        0
  MONTH TO DATE    1                         5     -4       30
  SINCE SEP 1    140                       105     35      152
  SINCE JAN 1    959                       938     21     1101
..................................................................

WIND (MPH)
  HIGHEST WIND SPEED    31   HIGHEST WIND DIRECTION    NE (30)
  HIGHEST GUST SPEED    42   HIGHEST GUST DIRECTION     N (20)
  AVERAGE WIND SPEED    13.5


SKY COVER
  AVERAGE SKY COVER 0.0


WEATHER CONDITIONS
 THE FOLLOWING WEATHER WAS RECORDED TODAY.
  NO SIGNIFICANT WEATHER WAS OBSERVED.


RELATIVE HUMIDITY (PERCENT)
 HIGHEST    79           100 AM
 LOWEST     15          1200 PM
 AVERAGE    47

..........................................................


THE GOODLAND KS CLIMATE NORMALS FOR TOMORROW
                         NORMAL    RECORD    YEAR
 MAXIMUM TEMPERATURE (F)   61        91      1950
 MINIMUM TEMPERATURE (F)   33         7      1993


SUNRISE AND SUNSET
OCTOBER 29 2017.......SUNRISE   712 AM MDT   SUNSET   549 PM MDT
OCTOBER 30 2017.......SUNRISE   713 AM MDT   SUNSET   547 PM MDT


-  INDICATES NEGATIVE NUMBERS.
R  INDICATES RECORD WAS SET OR TIED.
MM INDICATES DATA IS MISSING.
T  INDICATES TRACE AMOUNT.

&&

THE AVERAGE SOIL TEMPERATURE AT THE FOUR INCH DEPTH... 45

$$
