000
CDUS43 KGLD 290755
CLIGLD

CLIMATE REPORT
NATIONAL WEATHER SERVICE GOODLAND
1244 AM MST FRI JAN 29 2016

...................................

...THE HILL CITY KS CLIMATE SUMMARY FOR JANUARY 28 2016...

CLIMATE NORMAL PERIOD 1981 TO 2010
CLIMATE RECORD PERIOD 1896 TO 2016


WEATHER ITEM   OBSERVED TIME   RECORD YEAR NORMAL DEPARTURE LAST
                VALUE   (LST)  VALUE       VALUE  FROM      YEAR
                                                  NORMAL
..................................................................
TEMPERATURE (F)
 YESTERDAY
  MAXIMUM         65    432 PM  73    2008  42     23       72
                                      1986
  MINIMUM         30   1116 PM -15    1918  17     13       33
  AVERAGE         48                        30     18       53

PRECIPITATION (IN)
  YESTERDAY        0.00                      0.02  -0.02     0.00
  MONTH TO DATE    0.28                      0.38  -0.10     0.02
  SINCE DEC 1      2.14                      1.07   1.07     0.54
  SINCE JAN 1      0.28                      0.38  -0.10     0.02

..................................................................


THE HILL CITY KS CLIMATE NORMALS FOR TODAY
                         NORMAL    RECORD    YEAR
 MAXIMUM TEMPERATURE (F)   42        72      2008
 MINIMUM TEMPERATURE (F)   17       -11      1916



-  INDICATES NEGATIVE NUMBERS.
R  INDICATES RECORD WAS SET OR TIED.
MM INDICATES DATA IS MISSING.
T  INDICATES TRACE AMOUNT.




$$
