000
CDUS43 KGLD 250744
CLIGLD

CLIMATE REPORT
NATIONAL WEATHER SERVICE GOODLAND
137 AM MDT TUE MAR 25 2014

...................................

...THE GOODLAND KS CLIMATE SUMMARY FOR MARCH 24 2014...

CLIMATE NORMAL PERIOD 1981 TO 2010
CLIMATE RECORD PERIOD 1895 TO 2014

WEATHER ITEM   OBSERVED TIME   RECORD YEAR NORMAL DEPARTURE LAST
                VALUE   (LST)  VALUE       VALUE  FROM      YEAR
                                                  NORMAL
..................................................................
TEMPERATURE (F)
 YESTERDAY
  MAXIMUM         45    403 PM  85    1907  57    -12       27
  MINIMUM         18   1025 PM   1    1965  28    -10        2
  AVERAGE         32                        43    -11       15

PRECIPITATION (IN)
  YESTERDAY        0.00          0.98 1937   0.03  -0.03      T
  MONTH TO DATE    0.35                      0.77  -0.42     1.34
  SINCE MAR 1      0.35                      0.77  -0.42     1.34
  SINCE JAN 1      1.29                      1.64  -0.35     2.19

SNOWFALL (IN)
  YESTERDAY        0.0                       0.2   -0.2       T
  MONTH TO DATE    3.5                       5.0   -1.5     19.8
  SINCE MAR 1      3.5                       5.0   -1.5     19.8
  SINCE JUL 1     28.7                      29.0   -0.3     43.0
  SNOW DEPTH       0

DEGREE DAYS
 HEATING
  YESTERDAY       33                        22     11       50
  MONTH TO DATE  637                       610     27      661
  SINCE MAR 1    637                       610     27      661
  SINCE JUL 1   5181                      5027    154     4948

 COOLING
  YESTERDAY        0                         0      0        0
  MONTH TO DATE    0                         0      0        0
  SINCE MAR 1      0                         0      0        0
  SINCE JAN 1      0                         0      0        0
..................................................................

WIND (MPH)
  HIGHEST WIND SPEED    24   HIGHEST WIND DIRECTION     N (10)
  HIGHEST GUST SPEED    30   HIGHEST GUST DIRECTION     N (20)
  AVERAGE WIND SPEED    11.7


SKY COVER
  AVERAGE SKY COVER 0.2


WEATHER CONDITIONS
 THE FOLLOWING WEATHER WAS RECORDED YESTERDAY.
  NO SIGNIFICANT WEATHER WAS OBSERVED.


RELATIVE HUMIDITY (PERCENT)
 HIGHEST   100
 LOWEST     36
 AVERAGE    68

..........................................................


THE GOODLAND KS CLIMATE NORMALS FOR TODAY
                         NORMAL    RECORD    YEAR
 MAXIMUM TEMPERATURE (F)   57        85      1907
 MINIMUM TEMPERATURE (F)   29        -6      1965


SUNRISE AND SUNSET
MARCH 25 2014.........SUNRISE   642 AM MDT   SUNSET   704 PM MDT
MARCH 26 2014.........SUNRISE   641 AM MDT   SUNSET   705 PM MDT


-  INDICATES NEGATIVE NUMBERS.
R  INDICATES RECORD WAS SET OR TIED.
MM INDICATES DATA IS MISSING.
T  INDICATES TRACE AMOUNT.

&&

THE AVERAGE SOIL TEMPERATURE AT THE FOUR INCH DEPTH... 37
THE CURRENT DEPTH OF FROST... 0 INCHES

$$
