000
CDUS43 KGLD 280045
CLIGLD

CLIMATE REPORT
NATIONAL WEATHER SERVICE GOODLAND
542 PM MST SAT JAN 27 2018

...................................

...THE GOODLAND KS CLIMATE SUMMARY FOR JANUARY 27 2018...
VALID TODAY AS OF 0500 PM LOCAL TIME.

CLIMATE NORMAL PERIOD 1981 TO 2010
CLIMATE RECORD PERIOD 1895 TO 2018

WEATHER ITEM   OBSERVED TIME   RECORD YEAR NORMAL DEPARTURE LAST
                VALUE   (LST)  VALUE       VALUE  FROM      YEAR
                                                  NORMAL
..................................................................
TEMPERATURE (F)
 TODAY
  MAXIMUM         47    220 PM  79    2015  42      5       41
  MINIMUM         18    538 AM -16    1948  17      1       15
                                      1897
  AVERAGE         33                        30      3       28

PRECIPITATION (IN)
  TODAY            0.00          0.32 2001   0.01  -0.01     0.01
                                      1973
  MONTH TO DATE    0.68                      0.32   0.36     0.92
  SINCE DEC 1      0.77                      0.78  -0.01     1.52
  SINCE JAN 1      0.68                      0.32   0.36     0.92

SNOWFALL (IN)
  TODAY            0.0                       0.3   -0.3      0.4
  MONTH TO DATE    9.0                       5.1    3.9      3.8
  SINCE DEC 1     10.5                      10.6   -0.1      8.8
  SINCE JUL 1     10.6                      17.8   -7.2      9.4
  SNOW DEPTH       1

DEGREE DAYS
 HEATING
  TODAY           32                        35     -3       37
  MONTH TO DATE  923                       947    -24     1024
  SINCE DEC 1   1997                      2035    -38     2226
  SINCE JUL 1   3148                      3354   -206     3089

 COOLING
  TODAY            0                         0      0        0
  MONTH TO DATE    0                         0      0        0
  SINCE DEC 1      0                         0      0        0
  SINCE JAN 1      0                         0      0        0
..................................................................

WIND (MPH)
  HIGHEST WIND SPEED    17   HIGHEST WIND DIRECTION     W (260)
  HIGHEST GUST SPEED    21   HIGHEST GUST DIRECTION     W (260)
  AVERAGE WIND SPEED    10.4


SKY COVER
  AVERAGE SKY COVER 0.0


WEATHER CONDITIONS
 THE FOLLOWING WEATHER WAS RECORDED TODAY.
  NO SIGNIFICANT WEATHER WAS OBSERVED.


RELATIVE HUMIDITY (PERCENT)
 HIGHEST    71          1200 AM
 LOWEST     31          1200 PM
 AVERAGE    51

..........................................................


THE GOODLAND KS CLIMATE NORMALS FOR TOMORROW
                         NORMAL    RECORD    YEAR
 MAXIMUM TEMPERATURE (F)   42        69      2013
 MINIMUM TEMPERATURE (F)   17       -16      1948


SUNRISE AND SUNSET
JANUARY 27 2018.......SUNRISE   658 AM MST   SUNSET   501 PM MST
JANUARY 28 2018.......SUNRISE   657 AM MST   SUNSET   503 PM MST


-  INDICATES NEGATIVE NUMBERS.
R  INDICATES RECORD WAS SET OR TIED.
MM INDICATES DATA IS MISSING.
T  INDICATES TRACE AMOUNT.

&&

THE AVERAGE SOIL TEMPERATURE AT THE FOUR INCH DEPTH... 31
THE CURRENT DEPTH OF FROST... 6 INCHES

$$
