954
CDUS43 KGLD 020052 RRA
CLIGLD

CLIMATE REPORT
NATIONAL WEATHER SERVICE GOODLAND
547 PM MST FRI DEC 1 2017

...................................

...THE GOODLAND KS CLIMATE SUMMARY FOR DECEMBER 1 2017...
VALID TODAY AS OF 0500 PM LOCAL TIME.

CLIMATE NORMAL PERIOD 1981 TO 2010
CLIMATE RECORD PERIOD 1895 TO 2017

WEATHER ITEM   OBSERVED TIME   RECORD YEAR NORMAL DEPARTURE LAST
                VALUE   (LST)  VALUE       VALUE  FROM      YEAR
                                                  NORMAL
..................................................................
TEMPERATURE (F)
 TODAY
  MAXIMUM         61    249 PM  73    1917  45     16       46
  MINIMUM         19    609 AM  -5    1985  20     -1       14
  AVERAGE         40                        32      8       30

PRECIPITATION (IN)
  TODAY            0.00          0.28 1933   0.02  -0.02     0.00
  MONTH TO DATE    0.00                      0.02  -0.02     0.00
  SINCE DEC 1      0.00                      0.02  -0.02     0.00
  SINCE JAN 1     26.28                     19.22   7.06    16.78

SNOWFALL (IN)
  TODAY            0.0                       0.2   -0.2      0.0
  MONTH TO DATE    0.0                       0.2   -0.2      0.0
  SINCE DEC 1      0.0                       0.2   -0.2      0.0
  SINCE JUL 1      0.1                       7.4   -7.3      0.6
  SNOW DEPTH       0

DEGREE DAYS
 HEATING
  TODAY           25                        33     -8       35
  MONTH TO DATE   25                        33     -8       35
  SINCE DEC 1     25                        33     -8       35
  SINCE JUL 1   1176                      1352   -176      898

 COOLING
  TODAY            0                         0      0        0
  MONTH TO DATE    0                         0      0        0
  SINCE DEC 1      0                         0      0        0
  SINCE JAN 1    959                       941     18     1103
..................................................................

WIND (MPH)
  HIGHEST WIND SPEED    21   HIGHEST WIND DIRECTION     N (20)
  HIGHEST GUST SPEED    27   HIGHEST GUST DIRECTION     N (20)
  AVERAGE WIND SPEED     9.1


SKY COVER
  AVERAGE SKY COVER 0.0


WEATHER CONDITIONS
 THE FOLLOWING WEATHER WAS RECORDED TODAY.
  NO SIGNIFICANT WEATHER WAS OBSERVED.


RELATIVE HUMIDITY (PERCENT)
 HIGHEST    84           500 AM
 LOWEST     22           200 PM
 AVERAGE    53

..........................................................


THE GOODLAND KS CLIMATE NORMALS FOR TOMORROW
                         NORMAL    RECORD    YEAR
 MAXIMUM TEMPERATURE (F)   45        76      1926
 MINIMUM TEMPERATURE (F)   19       -10      1919


SUNRISE AND SUNSET
DECEMBER  1 2017......SUNRISE   648 AM MST   SUNSET   424 PM MST
DECEMBER  2 2017......SUNRISE   649 AM MST   SUNSET   424 PM MST


-  INDICATES NEGATIVE NUMBERS.
R  INDICATES RECORD WAS SET OR TIED.
MM INDICATES DATA IS MISSING.
T  INDICATES TRACE AMOUNT.

&&

THE AVERAGE SOIL TEMPERATURE AT THE FOUR INCH DEPTH... 41

$$
