000
CDUS43 KGLD 130814
CLIGLD

CLIMATE REPORT
NATIONAL WEATHER SERVICE GOODLAND
108 AM MST TUE JAN 13 2015

...................................

...THE GOODLAND KS CLIMATE SUMMARY FOR JANUARY 12 2015...

CLIMATE NORMAL PERIOD 1981 TO 2010
CLIMATE RECORD PERIOD 1895 TO 2015

WEATHER ITEM   OBSERVED TIME   RECORD YEAR NORMAL DEPARTURE LAST
                VALUE   (LST)  VALUE       VALUE  FROM      YEAR
                                                  NORMAL
..................................................................
TEMPERATURE (F)
 YESTERDAY
  MAXIMUM         23    254 PM  75    1953  43    -20       56
  MINIMUM         16    528 AM -20    1912  17     -1       29
  AVERAGE         20                        30    -10       43

PRECIPITATION (IN)
  YESTERDAY        0.03          0.32 1979   0.01   0.02     0.00
  MONTH TO DATE    0.06                      0.14  -0.08     0.12
  SINCE DEC 1      1.52                      0.60   0.92     0.17
  SINCE JAN 1      0.06                      0.14  -0.08     0.12

SNOWFALL (IN)
  YESTERDAY        0.3                       0.2    0.1      0.0
  MONTH TO DATE    0.9                       2.2   -1.3      3.1
  SINCE DEC 1     10.6                       7.7    2.9      5.6
  SINCE JUL 1     10.8                      14.9   -4.1      9.9
  SNOW DEPTH       T

DEGREE DAYS
 HEATING
  YESTERDAY       45                        35     10       22
  MONTH TO DATE  520                       422     98      443
  SINCE DEC 1   1579                      1510     69     1536
  SINCE JUL 1   2834                      2829      5     2809

 COOLING
  YESTERDAY        0                         0      0        0
  MONTH TO DATE    0                         0      0        0
  SINCE DEC 1      0                         0      0        0
  SINCE JAN 1      0                         0      0        0
..................................................................

WIND (MPH)
  HIGHEST WIND SPEED    18   HIGHEST WIND DIRECTION     N (360)
  HIGHEST GUST SPEED    22   HIGHEST GUST DIRECTION     N (10)
  AVERAGE WIND SPEED     9.6

SKY COVER
  AVERAGE SKY COVER 1.0

WEATHER CONDITIONS
 THE FOLLOWING WEATHER WAS RECORDED YESTERDAY.
  LIGHT SNOW
  FOG
  HAZE

RELATIVE HUMIDITY (PERCENT)
 HIGHEST    92
 LOWEST     62
 AVERAGE    77

..........................................................

THE GOODLAND KS CLIMATE NORMALS FOR TODAY
                         NORMAL    RECORD    YEAR
 MAXIMUM TEMPERATURE (F)   43        72      1996
 MINIMUM TEMPERATURE (F)   17       -17      1997

SUNRISE AND SUNSET
JANUARY 13 2015.......SUNRISE   706 AM MST   SUNSET   445 PM MST
JANUARY 14 2015.......SUNRISE   705 AM MST   SUNSET   446 PM MST

-  INDICATES NEGATIVE NUMBERS.
R  INDICATES RECORD WAS SET OR TIED.
MM INDICATES DATA IS MISSING.
T  INDICATES TRACE AMOUNT.

&&

THE AVERAGE SOIL TEMPERATURE AT THE FOUR INCH DEPTH... 30
THE CURRENT DEPTH OF FROST... 18 INCHES

$$
