000
CDUS43 KGLD 010739
CLIGLD

CLIMATE REPORT
NATIONAL WEATHER SERVICE GOODLAND
136 AM MDT SAT JUL 1 2017

...................................

...THE GOODLAND KS CLIMATE SUMMARY FOR JUNE 30 2017...

CLIMATE NORMAL PERIOD 1981 TO 2010
CLIMATE RECORD PERIOD 1895 TO 2017

WEATHER ITEM   OBSERVED TIME   RECORD YEAR NORMAL DEPARTURE LAST
                VALUE   (LST)  VALUE       VALUE  FROM      YEAR
                                                  NORMAL
..................................................................
TEMPERATURE (F)
 YESTERDAY
  MAXIMUM         74    509 PM 105    1933  89    -15       90
  MINIMUM         55    430 AM  42    1918  59     -4       57
  AVERAGE         65                        74     -9       74

PRECIPITATION (IN)
  YESTERDAY        0.05          1.22 1957   0.10  -0.05     0.34
  MONTH TO DATE    4.44                      3.25   1.19     1.62
  SINCE JUN 1      4.44                      3.25   1.19     1.62
  SINCE JAN 1     16.83                      9.73   7.10     8.98

SNOWFALL (IN)
  YESTERDAY        0.0                       0.0    0.0      0.0
  MONTH TO DATE    T                         0.0    0.0      0.0
  SINCE JUN 1      T                         0.0    0.0      0.0
  SINCE JUL 1     14.2                      35.5  -21.3     30.1
  SNOW DEPTH       0

DEGREE DAYS
 HEATING
  YESTERDAY        0                         0      0        0
  MONTH TO DATE   13                        36    -23        2
  SINCE JUN 1     13                        37    -24        2
  SINCE JUL 1   5131                      5903   -772     5131

 COOLING
  YESTERDAY        0                         9     -9        9
  MONTH TO DATE  215                       179     36      289
  SINCE JUN 1    215                       179     36      289
  SINCE JAN 1    253                       220     33      313
..................................................................

WIND (MPH)
  HIGHEST WIND SPEED    18   HIGHEST WIND DIRECTION    NW (330)
  HIGHEST GUST SPEED    22   HIGHEST GUST DIRECTION    NW (330)
  AVERAGE WIND SPEED     8.3


SKY COVER
  AVERAGE SKY COVER 0.3


WEATHER CONDITIONS
 THE FOLLOWING WEATHER WAS RECORDED YESTERDAY.
  THUNDERSTORM


RELATIVE HUMIDITY (PERCENT)
 HIGHEST    86
 LOWEST     46
 AVERAGE    66

..........................................................


THE GOODLAND KS CLIMATE NORMALS FOR TODAY
                         NORMAL    RECORD    YEAR
 MAXIMUM TEMPERATURE (F)   89       106      1990
                                             1953
 MINIMUM TEMPERATURE (F)   60        44      1959


SUNRISE AND SUNSET
JULY  1 2017..........SUNRISE   524 AM MDT   SUNSET   817 PM MDT
JULY  2 2017..........SUNRISE   524 AM MDT   SUNSET   817 PM MDT


-  INDICATES NEGATIVE NUMBERS.
R  INDICATES RECORD WAS SET OR TIED.
MM INDICATES DATA IS MISSING.
T  INDICATES TRACE AMOUNT.

&&

THE AVERAGE SOIL TEMPERATURE AT THE FOUR INCH DEPTH... 71

$$
