345
CDUS43 KGLD 110743
CLIGLD

CLIMATE REPORT
NATIONAL WEATHER SERVICE GOODLAND
1240 AM MST SAT FEB 11 2017

...................................

...THE GOODLAND KS CLIMATE SUMMARY FOR FEBRUARY 10 2017...

CLIMATE NORMAL PERIOD 1981 TO 2010
CLIMATE RECORD PERIOD 1895 TO 2017

WEATHER ITEM   OBSERVED TIME   RECORD YEAR NORMAL DEPARTURE LAST
                VALUE   (LST)  VALUE       VALUE  FROM      YEAR
                                                  NORMAL
..................................................................
TEMPERATURE (F)
 YESTERDAY
  MAXIMUM         87R   154 PM  76    1962  44     43       59
                                      1951
  MINIMUM         39   1049 PM -17    1981  18     21       33
  AVERAGE         63                        31     32       46

PRECIPITATION (IN)
  YESTERDAY        0.00          0.50 1993   0.01  -0.01     0.00
  MONTH TO DATE    T                         0.15  -0.15     0.81
  SINCE DEC 1      1.52                      0.99   0.53     1.01
  SINCE JAN 1      0.92                      0.53   0.39     0.85

SNOWFALL (IN)
  YESTERDAY        0.0                       0.3   -0.3      0.0
  MONTH TO DATE    T                         2.2   -2.2     13.3
  SINCE DEC 1      8.8                      13.6   -4.8     15.2
  SINCE JUL 1      9.4                      20.8  -11.4     23.4
  SNOW DEPTH       0

DEGREE DAYS
 HEATING
  YESTERDAY        2                        34    -32       19
  MONTH TO DATE  277                       346    -69      367
  SINCE DEC 1   2595                      2530     65     2368
  SINCE JUL 1   3458                      3849   -391     3428

 COOLING
  YESTERDAY        0                         0      0        0
  MONTH TO DATE    0                         0      0        0
  SINCE DEC 1      0                         0      0        0
  SINCE JAN 1      0                         0      0        0
..................................................................

WIND (MPH)
  HIGHEST WIND SPEED    24   HIGHEST WIND DIRECTION     W (270)
  HIGHEST GUST SPEED    30   HIGHEST GUST DIRECTION     W (270)
  AVERAGE WIND SPEED    13.7


SKY COVER
  AVERAGE SKY COVER 0.0


WEATHER CONDITIONS
 THE FOLLOWING WEATHER WAS RECORDED YESTERDAY.
  NO SIGNIFICANT WEATHER WAS OBSERVED.


RELATIVE HUMIDITY (PERCENT)
 HIGHEST    70
 LOWEST     10
 AVERAGE    40

..........................................................


THE GOODLAND KS CLIMATE NORMALS FOR TODAY
                         NORMAL    RECORD    YEAR
 MAXIMUM TEMPERATURE (F)   44        78      1962
 MINIMUM TEMPERATURE (F)   19       -13      1981


SUNRISE AND SUNSET
FEBRUARY 11 2017......SUNRISE   643 AM MST   SUNSET   519 PM MST
FEBRUARY 12 2017......SUNRISE   642 AM MST   SUNSET   521 PM MST


-  INDICATES NEGATIVE NUMBERS.
R  INDICATES RECORD WAS SET OR TIED.
MM INDICATES DATA IS MISSING.
T  INDICATES TRACE AMOUNT.

&&

THE AVERAGE SOIL TEMPERATURE AT THE FOUR INCH DEPTH... 33
THE CURRENT DEPTH OF FROST... 2 INCHES

$$
