000
CDUS43 KGLD 250808
CLIGLD

CLIMATE REPORT
NATIONAL WEATHER SERVICE GOODLAND
103 AM MST SAT NOV 25 2017

...................................

...THE GOODLAND KS CLIMATE SUMMARY FOR NOVEMBER 24 2017...

CLIMATE NORMAL PERIOD 1981 TO 2010
CLIMATE RECORD PERIOD 1895 TO 2017

WEATHER ITEM   OBSERVED TIME   RECORD YEAR NORMAL DEPARTURE LAST
                VALUE   (LST)  VALUE       VALUE  FROM      YEAR
                                                  NORMAL
..................................................................
TEMPERATURE (F)
 YESTERDAY
  MAXIMUM         73    117 PM  82    1910  48     25       53
  MINIMUM         33   1052 PM  -1    1993  22     11       20
  AVERAGE         53                        35     18       37

PRECIPITATION (IN)
  YESTERDAY        0.00          0.26 1944   0.02  -0.02     0.00
  MONTH TO DATE    0.03                      0.60  -0.57     0.21
  SINCE SEP 1      4.32                      3.19   1.13     2.74
  SINCE JAN 1     26.28                     19.09   7.19    16.78

SNOWFALL (IN)
  YESTERDAY        0.0                       0.2   -0.2      0.0
  MONTH TO DATE    0.0                       3.5   -3.5      0.6
  SINCE SEP 1      0.1                       6.1   -6.0      0.6
  SINCE JUL 1      0.1                       6.1   -6.0      0.6
  SNOW DEPTH       0

DEGREE DAYS
 HEATING
  YESTERDAY       12                        30    -18       28
  MONTH TO DATE  529                       590    -61      419
  SINCE SEP 1   1040                      1118    -78      697
  SINCE JUL 1   1040                      1130    -90      704

 COOLING
  YESTERDAY        0                         0      0        0
  MONTH TO DATE    0                         0      0        0
  SINCE SEP 1    140                       108     32      154
  SINCE JAN 1    959                       941     18     1103
..................................................................

WIND (MPH)
  HIGHEST WIND SPEED    26   HIGHEST WIND DIRECTION     N (360)
  HIGHEST GUST SPEED    38   HIGHEST GUST DIRECTION     N (360)
  AVERAGE WIND SPEED     8.5


SKY COVER
  AVERAGE SKY COVER 0.1


WEATHER CONDITIONS
 THE FOLLOWING WEATHER WAS RECORDED YESTERDAY.
  NO SIGNIFICANT WEATHER WAS OBSERVED.


RELATIVE HUMIDITY (PERCENT)
 HIGHEST    82
 LOWEST     23
 AVERAGE    53

..........................................................


THE GOODLAND KS CLIMATE NORMALS FOR TODAY
                         NORMAL    RECORD    YEAR
 MAXIMUM TEMPERATURE (F)   48        77      1960
 MINIMUM TEMPERATURE (F)   22        -1      1993
                                             1975


SUNRISE AND SUNSET
NOVEMBER 25 2017......SUNRISE   642 AM MST   SUNSET   426 PM MST
NOVEMBER 26 2017......SUNRISE   643 AM MST   SUNSET   425 PM MST


-  INDICATES NEGATIVE NUMBERS.
R  INDICATES RECORD WAS SET OR TIED.
MM INDICATES DATA IS MISSING.
T  INDICATES TRACE AMOUNT.

&&

THE AVERAGE SOIL TEMPERATURE AT THE FOUR INCH DEPTH... 48
THE CURRENT DEPTH OF FROST... 0 INCHES

$$
