000
CDUS43 KGLD 150805
CLIGLD

CLIMATE REPORT
NATIONAL WEATHER SERVICE GOODLAND
1246 AM MST THU JAN 15 2015

...................................

...THE GOODLAND KS CLIMATE SUMMARY FOR JANUARY 14 2015...

CLIMATE NORMAL PERIOD 1981 TO 2010
CLIMATE RECORD PERIOD 1895 TO 2015

WEATHER ITEM   OBSERVED TIME   RECORD YEAR NORMAL DEPARTURE LAST
                VALUE   (LST)  VALUE       VALUE  FROM      YEAR
                                                  NORMAL
..................................................................
TEMPERATURE (F)
 YESTERDAY
  MAXIMUM         41    229 PM  65    2006  43     -2       46
  MINIMUM         13    654 AM -15    1979  17     -4       25
  AVERAGE         27                        30     -3       36

PRECIPITATION (IN)
  YESTERDAY        0.00          0.44 1960   0.01  -0.01      T
  MONTH TO DATE    0.07                      0.16  -0.09     0.12
  SINCE DEC 1      1.53                      0.62   0.91     0.17
  SINCE JAN 1      0.07                      0.16  -0.09     0.12

SNOWFALL (IN)
  YESTERDAY        0.0                       0.2   -0.2       T
  MONTH TO DATE    1.0                       2.5   -1.5      3.1
  SINCE DEC 1     10.7                       8.0    2.7      5.6
  SINCE JUL 1     10.9                      15.2   -4.3      9.9
  SNOW DEPTH       T

DEGREE DAYS
 HEATING
  YESTERDAY       38                        35      3       29
  MONTH TO DATE  602                       492    110      501
  SINCE DEC 1   1661                      1580     81     1594
  SINCE JUL 1   2916                      2899     17     2867

 COOLING
  YESTERDAY        0                         0      0        0
  MONTH TO DATE    0                         0      0        0
  SINCE DEC 1      0                         0      0        0
  SINCE JAN 1      0                         0      0        0
..................................................................

WIND (MPH)
  HIGHEST WIND SPEED    13   HIGHEST WIND DIRECTION     N (340)
  HIGHEST GUST SPEED    15   HIGHEST GUST DIRECTION     W (290)
  AVERAGE WIND SPEED     6.9


SKY COVER
  AVERAGE SKY COVER 0.1


WEATHER CONDITIONS
 THE FOLLOWING WEATHER WAS RECORDED YESTERDAY.
  FOG


RELATIVE HUMIDITY (PERCENT)
 HIGHEST    92
 LOWEST     50
 AVERAGE    71

..........................................................


THE GOODLAND KS CLIMATE NORMALS FOR TODAY
                         NORMAL    RECORD    YEAR
 MAXIMUM TEMPERATURE (F)   43        68      1943
 MINIMUM TEMPERATURE (F)   17        -6      2007
                                             1930


SUNRISE AND SUNSET
JANUARY 15 2015.......SUNRISE   705 AM MST   SUNSET   448 PM MST
JANUARY 16 2015.......SUNRISE   705 AM MST   SUNSET   449 PM MST


-  INDICATES NEGATIVE NUMBERS.
R  INDICATES RECORD WAS SET OR TIED.
MM INDICATES DATA IS MISSING.
T  INDICATES TRACE AMOUNT.

&&

THE AVERAGE SOIL TEMPERATURE AT THE FOUR INCH DEPTH... 29
THE CURRENT DEPTH OF FROST... 18 INCHES

$$
