000
CDUS43 KGLD 110749
CLIGLD

CLIMATE REPORT
NATIONAL WEATHER SERVICE GOODLAND
147 AM MDT FRI JUL 11 2014

...................................

...THE GOODLAND KS CLIMATE SUMMARY FOR JULY 10 2014...

CLIMATE NORMAL PERIOD 1981 TO 2010
CLIMATE RECORD PERIOD 1895 TO 2014

WEATHER ITEM   OBSERVED TIME   RECORD YEAR NORMAL DEPARTURE LAST
                VALUE   (LST)  VALUE       VALUE  FROM      YEAR
                                                  NORMAL
..................................................................
TEMPERATURE (F)
 YESTERDAY
  MAXIMUM         90    505 PM 107    1954  90      0       91
  MINIMUM         63    540 AM  47    1895  61      2       66
  AVERAGE         77                        76      1       79

PRECIPITATION (IN)
  YESTERDAY        0.00          2.17 1918   0.12  -0.12      T
  MONTH TO DATE    0.90                      1.10  -0.20     0.02
  SINCE JUN 1      6.43                      4.35   2.08     3.06
  SINCE JAN 1      9.97                     10.83  -0.86     7.42

SNOWFALL (IN)
  YESTERDAY        0.0                       0.0    0.0      0.0
  MONTH TO DATE    0.0                       0.0    0.0      0.0
  SINCE JUN 1      0.0                       0.0    0.0      0.0
  SINCE JUL 1      0.0                       0.0    0.0      0.0
  SNOW DEPTH       0

DEGREE DAYS
 HEATING
  YESTERDAY        0                         0      0        0
  MONTH TO DATE    0                         0      0        0
  SINCE JUN 1     38                        37      1       31
  SINCE JUL 1      0                         0      0        0

 COOLING
  YESTERDAY       12                        11      1       14
  MONTH TO DATE   99                       103     -4      121
  SINCE JUN 1    248                       282    -34      378
  SINCE JAN 1    294                       323    -29      467
..................................................................

WIND (MPH)
  HIGHEST WIND SPEED    24   HIGHEST WIND DIRECTION     S (170)
  HIGHEST GUST SPEED    29   HIGHEST GUST DIRECTION     S (170)
  AVERAGE WIND SPEED    15.9

SKY COVER
  AVERAGE SKY COVER 0.2

WEATHER CONDITIONS
 THE FOLLOWING WEATHER WAS RECORDED YESTERDAY.
  NO SIGNIFICANT WEATHER WAS OBSERVED.

RELATIVE HUMIDITY (PERCENT)
 HIGHEST    93
 LOWEST     38
 AVERAGE    66

..........................................................

THE GOODLAND KS CLIMATE NORMALS FOR TODAY
                         NORMAL    RECORD    YEAR
 MAXIMUM TEMPERATURE (F)   90       108      1954
 MINIMUM TEMPERATURE (F)   61        40      1895

SUNRISE AND SUNSET
JULY 11 2014..........SUNRISE   530 AM MDT   SUNSET   815 PM MDT
JULY 12 2014..........SUNRISE   530 AM MDT   SUNSET   814 PM MDT

-  INDICATES NEGATIVE NUMBERS.
R  INDICATES RECORD WAS SET OR TIED.
MM INDICATES DATA IS MISSING.
T  INDICATES TRACE AMOUNT.

&&

THE AVERAGE SOIL TEMPERATURE AT THE FOUR INCH DEPTH... 74

$$
