000
CDUS43 KGLD 140749
CLIGLD

CLIMATE REPORT
NATIONAL WEATHER SERVICE GOODLAND
1247 AM MST MON NOV 14 2016

...................................

...THE GOODLAND KS CLIMATE SUMMARY FOR NOVEMBER 13 2016...

CLIMATE NORMAL PERIOD 1981 TO 2010
CLIMATE RECORD PERIOD 1895 TO 2016

WEATHER ITEM   OBSERVED TIME   RECORD YEAR NORMAL DEPARTURE LAST
                VALUE   (LST)  VALUE       VALUE  FROM      YEAR
                                                  NORMAL
..................................................................
TEMPERATURE (F)
 YESTERDAY
  MAXIMUM         72    226 PM  80    2007  54     18       60
  MINIMUM         24    446 AM  -6    2014  27     -3       21
  AVERAGE         48                        40      8       41

PRECIPITATION (IN)
  YESTERDAY        0.00          0.65 1972   0.03  -0.03     0.00
  MONTH TO DATE    T                         0.37  -0.37     0.43
  SINCE SEP 1      2.53                      2.96  -0.43     3.16
  SINCE JAN 1     16.57                     18.86  -2.29    19.91

SNOWFALL (IN)
  YESTERDAY        0.0                       0.2   -0.2      0.0
  MONTH TO DATE    0.0                       1.7   -1.7      2.7
  SINCE SEP 1      T                         4.3   -4.3      2.7
  SINCE JUL 1      T                         4.3   -4.3      2.7
  SNOW DEPTH       0

DEGREE DAYS
 HEATING
  YESTERDAY       17                        25     -8       24
  MONTH TO DATE  178                       285   -107      238
  SINCE SEP 1    456                       813   -357      547
  SINCE JUL 1    463                       825   -362      553

 COOLING
  YESTERDAY        0                         0      0        0
  MONTH TO DATE    0                         0      0        0
  SINCE SEP 1    154                       108     46      237
  SINCE JAN 1   1103                       941    162     1145
..................................................................

WIND (MPH)
  HIGHEST WIND SPEED    24   HIGHEST WIND DIRECTION     N (340)
  HIGHEST GUST SPEED    29   HIGHEST GUST DIRECTION     N (350)
  AVERAGE WIND SPEED    11.4


SKY COVER
  AVERAGE SKY COVER 0.1


WEATHER CONDITIONS
 THE FOLLOWING WEATHER WAS RECORDED YESTERDAY.
  NO SIGNIFICANT WEATHER WAS OBSERVED.


RELATIVE HUMIDITY (PERCENT)
 HIGHEST    85
 LOWEST     19
 AVERAGE    52

..........................................................


THE GOODLAND KS CLIMATE NORMALS FOR TODAY
                         NORMAL    RECORD    YEAR
 MAXIMUM TEMPERATURE (F)   53        75      1990
                                             1975
                                             1942
 MINIMUM TEMPERATURE (F)   26        -4      1940


SUNRISE AND SUNSET
NOVEMBER 14 2016......SUNRISE   630 AM MST   SUNSET   432 PM MST
NOVEMBER 15 2016......SUNRISE   631 AM MST   SUNSET   432 PM MST


-  INDICATES NEGATIVE NUMBERS.
R  INDICATES RECORD WAS SET OR TIED.
MM INDICATES DATA IS MISSING.
T  INDICATES TRACE AMOUNT.

&&

THE AVERAGE SOIL TEMPERATURE AT THE FOUR INCH DEPTH... 47
THE CURRENT DEPTH OF FROST... 0 INCHES

$$
