000
CDUS43 KGLD 110750 RRA
CLIGLD

CLIMATE REPORT
NATIONAL WEATHER SERVICE GOODLAND
1247 AM MST SAT MAR 11 2017

...................................

...THE GOODLAND KS CLIMATE SUMMARY FOR MARCH 10 2017...

CLIMATE NORMAL PERIOD 1981 TO 2010
CLIMATE RECORD PERIOD 1895 TO 2017

WEATHER ITEM   OBSERVED TIME   RECORD YEAR NORMAL DEPARTURE LAST
                VALUE   (LST)  VALUE       VALUE  FROM      YEAR
                                                  NORMAL
..................................................................
TEMPERATURE (F)
 YESTERDAY
  MAXIMUM         41    208 PM  87    1989  53    -12       65
  MINIMUM         19    453 AM -20    1948  25     -6       30
  AVERAGE         30                        39     -9       48

PRECIPITATION (IN)
  YESTERDAY        T             0.54 1963   0.03  -0.03     0.00
  MONTH TO DATE    T                         0.28  -0.28     0.01
  SINCE MAR 1      T                         0.28  -0.28     0.01
  SINCE JAN 1      0.93                      1.15  -0.22     0.87

SNOWFALL (IN)
  YESTERDAY        0.0                       0.2   -0.2      0.0
  MONTH TO DATE    0.0                       1.9   -1.9      0.0
  SINCE MAR 1      0.0                       1.9   -1.9      0.0
  SINCE JUL 1      9.4                      25.9  -16.5     23.4
  SNOW DEPTH       0

DEGREE DAYS
 HEATING
  YESTERDAY       35                        26      9       17
  MONTH TO DATE  231                       274    -43      168
  SINCE MAR 1    231                       274    -43      168
  SINCE JUL 1   4116                      4691   -575     4014

 COOLING
  YESTERDAY        0                         0      0        0
  MONTH TO DATE    0                         0      0        0
  SINCE MAR 1      0                         0      0        0
  SINCE JAN 1      0                         0      0        0
..................................................................

WIND (MPH)
  HIGHEST WIND SPEED    26   HIGHEST WIND DIRECTION     S (170)
  HIGHEST GUST SPEED    31   HIGHEST GUST DIRECTION     S (170)
  AVERAGE WIND SPEED    13.5


SKY COVER
  AVERAGE SKY COVER 0.5


WEATHER CONDITIONS
 THE FOLLOWING WEATHER WAS RECORDED YESTERDAY.
  LIGHT SNOW


RELATIVE HUMIDITY (PERCENT)
 HIGHEST    92
 LOWEST     44
 AVERAGE    68

..........................................................


THE GOODLAND KS CLIMATE NORMALS FOR TODAY
                         NORMAL    RECORD    YEAR
 MAXIMUM TEMPERATURE (F)   53        82      1972
 MINIMUM TEMPERATURE (F)   25       -20      1948


SUNRISE AND SUNSET
MARCH 11 2017.........SUNRISE   604 AM MST   SUNSET   550 PM MST
MARCH 12 2017.........SUNRISE   702 AM MDT   SUNSET   651 PM MDT


-  INDICATES NEGATIVE NUMBERS.
R  INDICATES RECORD WAS SET OR TIED.
MM INDICATES DATA IS MISSING.
T  INDICATES TRACE AMOUNT.

&&

THE AVERAGE SOIL TEMPERATURE AT THE FOUR INCH DEPTH... 49
THE CURRENT DEPTH OF FROST... 0 INCHES

$$
