000
CDUS43 KGLD 150738
CLIGLD

CLIMATE REPORT
NATIONAL WEATHER SERVICE GOODLAND
136 AM MDT SAT AUG 15 2015

...................................

...THE GOODLAND KS CLIMATE SUMMARY FOR AUGUST 14 2015...

CLIMATE NORMAL PERIOD 1981 TO 2010
CLIMATE RECORD PERIOD 1895 TO 2015

WEATHER ITEM   OBSERVED TIME   RECORD YEAR NORMAL DEPARTURE LAST
                VALUE   (LST)  VALUE       VALUE  FROM      YEAR
                                                  NORMAL
..................................................................
TEMPERATURE (F)
 YESTERDAY
  MAXIMUM         94    250 PM 104    1937  88      6       95
  MINIMUM         64    518 AM  47    1920  61      3       63
  AVERAGE         79                        74      5       79

PRECIPITATION (IN)
  YESTERDAY        0.00          1.88 1917   0.10  -0.10     0.21
  MONTH TO DATE    0.11                      1.44  -1.33     1.20
  SINCE JUN 1      4.70                      8.16  -3.46     8.80
  SINCE JAN 1     16.49                     14.64   1.85    12.34

SNOWFALL (IN)
  YESTERDAY        0.0                       0.0    0.0      0.0
  MONTH TO DATE    0.0                       0.0    0.0      0.0
  SINCE JUN 1      0.0                       0.0    0.0      0.0
  SINCE JUL 1      0.0                       0.0    0.0      0.0
  SNOW DEPTH       0

DEGREE DAYS
 HEATING
  YESTERDAY        0                         0      0        0
  MONTH TO DATE    0                         0      0        0
  SINCE JUN 1      6                        41    -35       51
  SINCE JUL 1      1                         4     -3       13

 COOLING
  YESTERDAY       14                         9      5       14
  MONTH TO DATE  169                       141     28      144
  SINCE JUN 1    754                       654    100      596
  SINCE JAN 1    760                       695     65      642
..................................................................

WIND (MPH)
  HIGHEST WIND SPEED    17   HIGHEST WIND DIRECTION    SE (130)
  HIGHEST GUST SPEED    22   HIGHEST GUST DIRECTION     E (90)
  AVERAGE WIND SPEED    10.5


SKY COVER
  AVERAGE SKY COVER 0.0


WEATHER CONDITIONS
 THE FOLLOWING WEATHER WAS RECORDED YESTERDAY.
  NO SIGNIFICANT WEATHER WAS OBSERVED.


RELATIVE HUMIDITY (PERCENT)
 HIGHEST    93
 LOWEST     30
 AVERAGE    62

..........................................................


THE GOODLAND KS CLIMATE NORMALS FOR TODAY
                         NORMAL    RECORD    YEAR
 MAXIMUM TEMPERATURE (F)   88       106      1937
 MINIMUM TEMPERATURE (F)   61        49      1978


SUNRISE AND SUNSET
AUGUST 15 2015........SUNRISE   559 AM MDT   SUNSET   743 PM MDT
AUGUST 16 2015........SUNRISE   600 AM MDT   SUNSET   741 PM MDT


-  INDICATES NEGATIVE NUMBERS.
R  INDICATES RECORD WAS SET OR TIED.
MM INDICATES DATA IS MISSING.
T  INDICATES TRACE AMOUNT.

&&

THE AVERAGE SOIL TEMPERATURE AT THE FOUR INCH DEPTH... 81

$$
