000
CDUS43 KGLD 110040
CLIGLD

CLIMATE REPORT
NATIONAL WEATHER SERVICE GOODLAND
637 PM MDT WED MAY 10 2017

...................................

...THE GOODLAND KS CLIMATE SUMMARY FOR MAY 10 2017...
VALID TODAY AS OF 0600 PM LOCAL TIME.

CLIMATE NORMAL PERIOD 1981 TO 2010
CLIMATE RECORD PERIOD 1895 TO 2017

WEATHER ITEM   OBSERVED TIME   RECORD YEAR NORMAL DEPARTURE LAST
                VALUE   (LST)  VALUE       VALUE  FROM      YEAR
                                                  NORMAL
..................................................................
TEMPERATURE (F)
 TODAY
  MAXIMUM         74    156 PM  94    1962  71      3       78
  MINIMUM         49    305 AM  25    1918  44      5       43
  AVERAGE         62                        57      5       61

PRECIPITATION (IN)
  TODAY            0.58          1.12 1930   0.08   0.50     0.14
  MONTH TO DATE    1.26                      0.77   0.49     0.48
  SINCE MAR 1      5.06                      3.43   1.63     5.02
  SINCE JAN 1      5.99                      4.30   1.69     5.88

SNOWFALL (IN)
  TODAY           MM                         0.0   MM        0.0
  MONTH TO DATE    0.0                       0.3   -0.3       T
  SINCE MAR 1      4.8                      11.3   -6.5      6.7
  SINCE JUL 1     14.2                      35.3  -21.1     30.1
  SNOW DEPTH       0

DEGREE DAYS
 HEATING
  TODAY            3                         8     -5        4
  MONTH TO DATE   75                        97    -22       83
  SINCE MAR 1   1086                      1335   -249     1123
  SINCE JUL 1   4971                      5752   -781     4969

 COOLING
  TODAY            0                         1     -1        0
  MONTH TO DATE   12                         8      4        6
  SINCE MAR 1     19                        12      7        6
  SINCE JAN 1     19                        12      7        6
..................................................................

WIND (MPH)
  HIGHEST WIND SPEED    25   HIGHEST WIND DIRECTION     N (10)
  HIGHEST GUST SPEED    31   HIGHEST GUST DIRECTION     N (20)
  AVERAGE WIND SPEED     7.5


SKY COVER
  AVERAGE SKY COVER 0.3


WEATHER CONDITIONS
 THE FOLLOWING WEATHER WAS RECORDED TODAY.
  THUNDERSTORM
  RAIN
  LIGHT RAIN
  FOG


RELATIVE HUMIDITY (PERCENT)
 HIGHEST   100           200 AM
 LOWEST     53           200 PM
 AVERAGE    77

..........................................................


THE GOODLAND KS CLIMATE NORMALS FOR TOMORROW
                         NORMAL    RECORD    YEAR
 MAXIMUM TEMPERATURE (F)   71        99      1962
 MINIMUM TEMPERATURE (F)   44        26      1918


SUNRISE AND SUNSET
MAY 10 2017...........SUNRISE   538 AM MDT   SUNSET   749 PM MDT
MAY 11 2017...........SUNRISE   537 AM MDT   SUNSET   750 PM MDT


-  INDICATES NEGATIVE NUMBERS.
R  INDICATES RECORD WAS SET OR TIED.
MM INDICATES DATA IS MISSING.
T  INDICATES TRACE AMOUNT.

&&

THE AVERAGE SOIL TEMPERATURE AT THE FOUR INCH DEPTH... 62

$$
