000
CDUS43 KGLD 050743
CLIGLD

CLIMATE REPORT
NATIONAL WEATHER SERVICE GOODLAND
141 AM MDT FRI AUG 5 2016

...................................

...THE GOODLAND KS CLIMATE SUMMARY FOR AUGUST 4 2016...

CLIMATE NORMAL PERIOD 1981 TO 2010
CLIMATE RECORD PERIOD 1895 TO 2016

WEATHER ITEM   OBSERVED TIME   RECORD YEAR NORMAL DEPARTURE LAST
                VALUE   (LST)  VALUE       VALUE  FROM      YEAR
                                                  NORMAL
..................................................................
TEMPERATURE (F)
 YESTERDAY
  MAXIMUM         89        MM 104    1934  89      0       91
  MINIMUM         61        MM  47    1974  62     -1       60
  AVERAGE         75                        75      0       76

PRECIPITATION (IN)
  YESTERDAY        0.00          2.56 1988   0.11  -0.11     0.00
  MONTH TO DATE    0.00                      0.43  -0.43     0.00
  SINCE JUN 1      4.37                      7.15  -2.78     4.59
  SINCE JAN 1     11.73                     13.63  -1.90    16.38

SNOWFALL (IN)
  YESTERDAY        0.0                       0.0    0.0      0.0
  MONTH TO DATE    0.0                       0.0    0.0      0.0
  SINCE JUN 1      0.0                       0.0    0.0      0.0
  SINCE JUL 1      0.0                       0.0    0.0      0.0
  SNOW DEPTH       0

DEGREE DAYS
 HEATING
  YESTERDAY        0                         0      0        0
  MONTH TO DATE    0                         0      0        0
  SINCE JUN 1      2                        41    -39        6
  SINCE JUL 1      0                         4     -4        1

 COOLING
  YESTERDAY       10                        10      0       11
  MONTH TO DATE   53                        42     11       50
  SINCE JUN 1    744                       555    189      635
  SINCE JAN 1    768                       596    172      641
..................................................................

WIND (MPH)
  HIGHEST WIND SPEED    23   HIGHEST WIND DIRECTION    NE (30)
  HIGHEST GUST SPEED    33   HIGHEST GUST DIRECTION     N (10)
  AVERAGE WIND SPEED    13.3


SKY COVER
  AVERAGE SKY COVER 0.0


WEATHER CONDITIONS
 THE FOLLOWING WEATHER WAS RECORDED YESTERDAY.
  NO SIGNIFICANT WEATHER WAS OBSERVED.


RELATIVE HUMIDITY (PERCENT)
 HIGHEST    90
 LOWEST     29
 AVERAGE    60

..........................................................


THE GOODLAND KS CLIMATE NORMALS FOR TODAY
                         NORMAL    RECORD    YEAR
 MAXIMUM TEMPERATURE (F)   89       107      1934
 MINIMUM TEMPERATURE (F)   62        47      1974


SUNRISE AND SUNSET
AUGUST  5 2016........SUNRISE   551 AM MDT   SUNSET   754 PM MDT
AUGUST  6 2016........SUNRISE   552 AM MDT   SUNSET   753 PM MDT


-  INDICATES NEGATIVE NUMBERS.
R  INDICATES RECORD WAS SET OR TIED.
MM INDICATES DATA IS MISSING.
T  INDICATES TRACE AMOUNT.

&&

THE AVERAGE SOIL TEMPERATURE AT THE FOUR INCH DEPTH... 80

$$
