000
CDUS43 KGLD 190742
CLIGLD

CLIMATE REPORT
NATIONAL WEATHER SERVICE GOODLAND
138 AM MDT FRI JUN 19 2015

...................................

...THE GOODLAND KS CLIMATE SUMMARY FOR JUNE 18 2015...

CLIMATE NORMAL PERIOD 1981 TO 2010
CLIMATE RECORD PERIOD 1895 TO 2015

WEATHER ITEM   OBSERVED TIME   RECORD YEAR NORMAL DEPARTURE LAST
                VALUE   (LST)  VALUE       VALUE  FROM      YEAR
                                                  NORMAL
..................................................................
TEMPERATURE (F)
 YESTERDAY
  MAXIMUM         86    402 PM 109    1936  85      1       88
  MINIMUM         64   1159 PM  40    1912  57      7       57
  AVERAGE         75                        71      4       73

PRECIPITATION (IN)
  YESTERDAY        0.00          1.79 1928   0.11  -0.11      T
  MONTH TO DATE    2.09                      1.98   0.11     3.19
  SINCE JUN 1      2.09                      1.98   0.11     3.19
  SINCE JAN 1     13.88                      8.46   5.42     6.73

SNOWFALL (IN)
  YESTERDAY        0.0                       0.0    0.0      0.0
  MONTH TO DATE    0.0                       0.0    0.0      0.0
  SINCE JUN 1      0.0                       0.0    0.0      0.0
  SINCE JUL 1     24.7                      35.5  -10.8     29.1
  SNOW DEPTH       0

DEGREE DAYS
 HEATING
  YESTERDAY        0                         1     -1        0
  MONTH TO DATE    5                        33    -28       38
  SINCE JUN 1      5                        33    -28       38
  SINCE JUL 1   5432                      5899   -467     5996

 COOLING
  YESTERDAY       10                         6      4        8
  MONTH TO DATE  111                        82     29       71
  SINCE JUN 1    111                        82     29       71
  SINCE JAN 1    117                       123     -6      117
..................................................................

WIND (MPH)
  HIGHEST WIND SPEED    25   HIGHEST WIND DIRECTION     E (100)
  HIGHEST GUST SPEED    32   HIGHEST GUST DIRECTION     E (100)
  AVERAGE WIND SPEED    11.5


SKY COVER
  AVERAGE SKY COVER 0.3


WEATHER CONDITIONS
 THE FOLLOWING WEATHER WAS RECORDED YESTERDAY.
  NO SIGNIFICANT WEATHER WAS OBSERVED.


RELATIVE HUMIDITY (PERCENT)
 HIGHEST    93
 LOWEST     44
 AVERAGE    69

..........................................................


THE GOODLAND KS CLIMATE NORMALS FOR TODAY
                         NORMAL    RECORD    YEAR
 MAXIMUM TEMPERATURE (F)   85       104      1936
 MINIMUM TEMPERATURE (F)   57        42      1912


SUNRISE AND SUNSET
JUNE 19 2015..........SUNRISE   520 AM MDT   SUNSET   817 PM MDT
JUNE 20 2015..........SUNRISE   520 AM MDT   SUNSET   817 PM MDT


-  INDICATES NEGATIVE NUMBERS.
R  INDICATES RECORD WAS SET OR TIED.
MM INDICATES DATA IS MISSING.
T  INDICATES TRACE AMOUNT.

&&

THE AVERAGE SOIL TEMPERATURE AT THE FOUR INCH DEPTH... 72

$$
