000
CDUS43 KGLD 070758
CLIGLD

CLIMATE REPORT
NATIONAL WEATHER SERVICE GOODLAND
154 AM MDT THU APR 7 2016

...................................

...THE GOODLAND KS CLIMATE SUMMARY FOR APRIL 6 2016...

CLIMATE NORMAL PERIOD 1981 TO 2010
CLIMATE RECORD PERIOD 1895 TO 2016

WEATHER ITEM   OBSERVED TIME   RECORD YEAR NORMAL DEPARTURE LAST
                VALUE   (LST)  VALUE       VALUE  FROM      YEAR
                                                  NORMAL
..................................................................
TEMPERATURE (F)
 YESTERDAY
  MAXIMUM         73    354 PM  88    1991  61     12       75
  MINIMUM         34    158 AM   8    1936  32      2       44
  AVERAGE         54                        46      8       60

PRECIPITATION (IN)
  YESTERDAY        0.00          0.30 1953   0.04  -0.04     0.00
  MONTH TO DATE    0.07                      0.25  -0.18     0.57
  SINCE MAR 1      0.62                      1.32  -0.70     0.68
  SINCE JAN 1      1.48                      2.19  -0.71     1.76

SNOWFALL (IN)
  YESTERDAY        0.0                       0.2   -0.2      0.0
  MONTH TO DATE    0.0                       1.3   -1.3      2.0
  SINCE MAR 1      4.4                       8.1   -3.7      2.6
  SINCE JUL 1     27.8                      32.1   -4.3     24.7
  SNOW DEPTH       0

DEGREE DAYS
 HEATING
  YESTERDAY       11                        19     -8        5
  MONTH TO DATE   81                       117    -36       74
  SINCE MAR 1    686                       875   -189      639
  SINCE JUL 1   4532                      5292   -760     4854

 COOLING
  YESTERDAY        0                         0      0        0
  MONTH TO DATE    0                         0      0        0
  SINCE MAR 1      0                         0      0        0
  SINCE JAN 1      0                         0      0        0
..................................................................

WIND (MPH)
  HIGHEST WIND SPEED    32   HIGHEST WIND DIRECTION    NW (330)
  HIGHEST GUST SPEED    43   HIGHEST GUST DIRECTION     N (340)
  AVERAGE WIND SPEED    16.0


SKY COVER
  AVERAGE SKY COVER 0.0


WEATHER CONDITIONS
 THE FOLLOWING WEATHER WAS RECORDED YESTERDAY.
  NO SIGNIFICANT WEATHER WAS OBSERVED.


RELATIVE HUMIDITY (PERCENT)
 HIGHEST    69
 LOWEST     14
 AVERAGE    42

..........................................................


THE GOODLAND KS CLIMATE NORMALS FOR TODAY
                         NORMAL    RECORD    YEAR
 MAXIMUM TEMPERATURE (F)   61        87      1978
 MINIMUM TEMPERATURE (F)   32        12      1997


SUNRISE AND SUNSET
APRIL  7 2016.........SUNRISE   621 AM MDT   SUNSET   717 PM MDT
APRIL  8 2016.........SUNRISE   619 AM MDT   SUNSET   718 PM MDT


-  INDICATES NEGATIVE NUMBERS.
R  INDICATES RECORD WAS SET OR TIED.
MM INDICATES DATA IS MISSING.
T  INDICATES TRACE AMOUNT.

&&

THE AVERAGE SOIL TEMPERATURE AT THE FOUR INCH DEPTH... 52

$$
