000
CDUS43 KGLD 270738
CLIGLD

CLIMATE REPORT
NATIONAL WEATHER SERVICE GOODLAND
136 AM MDT MON MAR 27 2017

...................................

...THE GOODLAND KS CLIMATE SUMMARY FOR MARCH 26 2017...

CLIMATE NORMAL PERIOD 1981 TO 2010
CLIMATE RECORD PERIOD 1895 TO 2017

WEATHER ITEM   OBSERVED TIME   RECORD YEAR NORMAL DEPARTURE LAST
                VALUE   (LST)  VALUE       VALUE  FROM      YEAR
                                                  NORMAL
..................................................................
TEMPERATURE (F)
 YESTERDAY
  MAXIMUM         47    459 PM  86    1907  58    -11       41
  MINIMUM         35    939 PM  -1    1955  29      6       21
                                      1931
  AVERAGE         41                        43     -2       31

PRECIPITATION (IN)
  YESTERDAY        0.05          0.62 1931   0.04   0.01     0.00
  MONTH TO DATE    0.75                      0.85  -0.10     0.55
  SINCE MAR 1      0.75                      0.85  -0.10     0.55
  SINCE JAN 1      1.68                      1.72  -0.04     1.41

SNOWFALL (IN)
  YESTERDAY        0.0                       0.2   -0.2      0.0
  MONTH TO DATE    T                         5.5   -5.5      4.4
  SINCE MAR 1      T                         5.5   -5.5      4.4
  SINCE JUL 1      9.4                      29.5  -20.1     27.8
  SNOW DEPTH       0

DEGREE DAYS
 HEATING
  YESTERDAY       24                        22      2       34
  MONTH TO DATE  487                       654   -167      514
  SINCE MAR 1    487                       654   -167      514
  SINCE JUL 1   4372                      5071   -699     4360

 COOLING
  YESTERDAY        0                         0      0        0
  MONTH TO DATE    0                         0      0        0
  SINCE MAR 1      0                         0      0        0
  SINCE JAN 1      0                         0      0        0
..................................................................

WIND (MPH)
  HIGHEST WIND SPEED    15   HIGHEST WIND DIRECTION    NE (50)
  HIGHEST GUST SPEED    17   HIGHEST GUST DIRECTION    NE (60)
  AVERAGE WIND SPEED     8.5


SKY COVER
  AVERAGE SKY COVER 0.7


WEATHER CONDITIONS
 THE FOLLOWING WEATHER WAS RECORDED YESTERDAY.
  LIGHT RAIN
  FOG
  FOG W/VISIBILITY <= 1/4 MILE


RELATIVE HUMIDITY (PERCENT)
 HIGHEST   100
 LOWEST     86
 AVERAGE    93

..........................................................


THE GOODLAND KS CLIMATE NORMALS FOR TODAY
                         NORMAL    RECORD    YEAR
 MAXIMUM TEMPERATURE (F)   58        87      1988
 MINIMUM TEMPERATURE (F)   29        -3      1931


SUNRISE AND SUNSET
MARCH 27 2017.........SUNRISE   639 AM MDT   SUNSET   706 PM MDT
MARCH 28 2017.........SUNRISE   637 AM MDT   SUNSET   707 PM MDT


-  INDICATES NEGATIVE NUMBERS.
R  INDICATES RECORD WAS SET OR TIED.
MM INDICATES DATA IS MISSING.
T  INDICATES TRACE AMOUNT.

&&

THE AVERAGE SOIL TEMPERATURE AT THE FOUR INCH DEPTH... 48
THE CURRENT DEPTH OF FROST... 0 INCHES

$$
