000
CDUS43 KGLD 100740
CLIGLD

CLIMATE REPORT
NATIONAL WEATHER SERVICE GOODLAND
1238 AM MST WED FEB 10 2016

...................................

...THE GOODLAND KS CLIMATE SUMMARY FOR FEBRUARY 9 2016...

CLIMATE NORMAL PERIOD 1981 TO 2010
CLIMATE RECORD PERIOD 1895 TO 2016

WEATHER ITEM   OBSERVED TIME   RECORD YEAR NORMAL DEPARTURE LAST
                VALUE   (LST)  VALUE       VALUE  FROM      YEAR
                                                  NORMAL
..................................................................
TEMPERATURE (F)
 YESTERDAY
  MAXIMUM         48    322 PM  78    1976  44      4       68
  MINIMUM         20    500 AM -22    1933  18      2       30
  AVERAGE         34                        31      3       49

PRECIPITATION (IN)
  YESTERDAY        0.00          0.53 1998   0.02  -0.02     0.00
  MONTH TO DATE    0.81                      0.14   0.67      T
  SINCE DEC 1      1.01                      0.98   0.03     1.74
  SINCE JAN 1      0.85                      0.52   0.33     0.28

SNOWFALL (IN)
  YESTERDAY        0.0                       0.2   -0.2      0.0
  MONTH TO DATE   13.3                       1.9   11.4       T
  SINCE DEC 1     15.2                      13.3    1.9     12.1
  SINCE JUL 1     23.4                      20.5    2.9     12.3
  SNOW DEPTH       5

DEGREE DAYS
 HEATING
  YESTERDAY       31                        34     -3       16
  MONTH TO DATE  348                       312     36      211
  SINCE DEC 1   2349                      2496   -147     2286
  SINCE JUL 1   3409                      3815   -406     3541

 COOLING
  YESTERDAY        0                         0      0        0
  MONTH TO DATE    0                         0      0        0
  SINCE DEC 1      0                         0      0        0
  SINCE JAN 1      0                         0      0        0
..................................................................

WIND (MPH)
  HIGHEST WIND SPEED    18   HIGHEST WIND DIRECTION     W (270)
  HIGHEST GUST SPEED    22   HIGHEST GUST DIRECTION     W (280)
  AVERAGE WIND SPEED    10.5


SKY COVER
  AVERAGE SKY COVER 0.1


WEATHER CONDITIONS
 THE FOLLOWING WEATHER WAS RECORDED YESTERDAY.
  HAZE


RELATIVE HUMIDITY (PERCENT)
 HIGHEST    92
 LOWEST     49
 AVERAGE    71

..........................................................


THE GOODLAND KS CLIMATE NORMALS FOR TODAY
                         NORMAL    RECORD    YEAR
 MAXIMUM TEMPERATURE (F)   44        76      1962
                                             1951
 MINIMUM TEMPERATURE (F)   18       -17      1981


SUNRISE AND SUNSET
FEBRUARY 10 2016......SUNRISE   645 AM MST   SUNSET   517 PM MST
FEBRUARY 11 2016......SUNRISE   644 AM MST   SUNSET   518 PM MST


-  INDICATES NEGATIVE NUMBERS.
R  INDICATES RECORD WAS SET OR TIED.
MM INDICATES DATA IS MISSING.
T  INDICATES TRACE AMOUNT.

&&

THE AVERAGE SOIL TEMPERATURE AT THE FOUR INCH DEPTH... 31
THE CURRENT DEPTH OF FROST... 4 INCHES

$$
