300
CDUS43 KGLD 230742
CLIGLD

CLIMATE REPORT
NATIONAL WEATHER SERVICE GOODLAND
140 AM MDT SAT SEP 23 2017

...................................

...THE GOODLAND KS CLIMATE SUMMARY FOR SEPTEMBER 22 2017...

CLIMATE NORMAL PERIOD 1981 TO 2010
CLIMATE RECORD PERIOD 1895 TO 2017

WEATHER ITEM   OBSERVED TIME   RECORD YEAR NORMAL DEPARTURE LAST
                VALUE   (LST)  VALUE       VALUE  FROM      YEAR
                                                  NORMAL
..................................................................
TEMPERATURE (F)
 YESTERDAY
  MAXIMUM         93    301 PM  96    1939  76     17       86
                                      1937
  MINIMUM         62    532 AM  30    1995  47     15       50
                                      1983
  AVERAGE         78                        62     16       68

PRECIPITATION (IN)
  YESTERDAY        0.00          1.16 1895   0.04  -0.04     0.10
  MONTH TO DATE    0.43                      0.91  -0.48     2.47
  SINCE SEP 1      0.43                      0.91  -0.48     2.47
  SINCE JAN 1     22.39                     16.81   5.58    16.51

SNOWFALL (IN)
  YESTERDAY        0.0                       0.0    0.0      0.0
  MONTH TO DATE    0.0                       0.2   -0.2       T
  SINCE SEP 1      0.0                       0.2   -0.2       T
  SINCE JUL 1      T                         0.2   -0.2       T
  SNOW DEPTH       0

DEGREE DAYS
 HEATING
  YESTERDAY        0                         5     -5        0
  MONTH TO DATE   31                        58    -27       27
  SINCE SEP 1     31                        58    -27       27
  SINCE JUL 1     31                        70    -39       34

 COOLING
  YESTERDAY       13                         2     11        3
  MONTH TO DATE  139                        90     49      112
  SINCE SEP 1    139                        90     49      112
  SINCE JAN 1    958                       923     35     1061
..................................................................

WIND (MPH)
  HIGHEST WIND SPEED    39   HIGHEST WIND DIRECTION     S (190)
  HIGHEST GUST SPEED    50   HIGHEST GUST DIRECTION     S (190)
  AVERAGE WIND SPEED    19.9


SKY COVER
  AVERAGE SKY COVER 0.0


WEATHER CONDITIONS
 THE FOLLOWING WEATHER WAS RECORDED YESTERDAY.
  NO SIGNIFICANT WEATHER WAS OBSERVED.


RELATIVE HUMIDITY (PERCENT)
 HIGHEST    72
 LOWEST     17
 AVERAGE    45

..........................................................


THE GOODLAND KS CLIMATE NORMALS FOR TODAY
                         NORMAL    RECORD    YEAR
 MAXIMUM TEMPERATURE (F)   76        95      2003
                                             1954
 MINIMUM TEMPERATURE (F)   47        29      1946


SUNRISE AND SUNSET
SEPTEMBER 23 2017.....SUNRISE   636 AM MDT   SUNSET   642 PM MDT
SEPTEMBER 24 2017.....SUNRISE   637 AM MDT   SUNSET   640 PM MDT


-  INDICATES NEGATIVE NUMBERS.
R  INDICATES RECORD WAS SET OR TIED.
MM INDICATES DATA IS MISSING.
T  INDICATES TRACE AMOUNT.

&&

THE AVERAGE SOIL TEMPERATURE AT THE FOUR INCH DEPTH... 70

$$
