000
CDUS43 KGLD 130739
CLIGLD

CLIMATE REPORT
NATIONAL WEATHER SERVICE GOODLAND
136 AM MDT FRI MAR 13 2015

...................................

...THE GOODLAND KS CLIMATE SUMMARY FOR MARCH 12 2015...

CLIMATE NORMAL PERIOD 1981 TO 2010
CLIMATE RECORD PERIOD 1895 TO 2015

WEATHER ITEM   OBSERVED TIME   RECORD YEAR NORMAL DEPARTURE LAST
                VALUE   (LST)  VALUE       VALUE  FROM      YEAR
                                                  NORMAL
..................................................................
TEMPERATURE (F)
 YESTERDAY
  MAXIMUM         75    254 PM  79    1933  54     21       53
  MINIMUM         41    453 AM  -6    1932  26     15       22
  AVERAGE         58                        40     18       38

PRECIPITATION (IN)
  YESTERDAY        0.00          1.07 1927   0.03  -0.03     0.00
  MONTH TO DATE    0.03                      0.34  -0.31     0.08
  SINCE MAR 1      0.03                      0.34  -0.31     0.08
  SINCE JAN 1      1.11                      1.21  -0.10     1.02

SNOWFALL (IN)
  YESTERDAY        0.0                       0.2   -0.2      0.0
  MONTH TO DATE    0.6                       2.3   -1.7      0.6
  SINCE MAR 1      0.6                       2.3   -1.7      0.6
  SINCE JUL 1     22.7                      26.3   -3.6     25.8
  SNOW DEPTH       0

DEGREE DAYS
 HEATING
  YESTERDAY        7                        25    -18       27
  MONTH TO DATE  308                       325    -17      338
  SINCE MAR 1    308                       325    -17      338
  SINCE JUL 1   4523                      4742   -219     4882

 COOLING
  YESTERDAY        0                         0      0        0
  MONTH TO DATE    0                         0      0        0
  SINCE MAR 1      0                         0      0        0
  SINCE JAN 1      0                         0      0        0
..................................................................

WIND (MPH)
  HIGHEST WIND SPEED    23   HIGHEST WIND DIRECTION     S (180)
  HIGHEST GUST SPEED    30   HIGHEST GUST DIRECTION     S (170)
  AVERAGE WIND SPEED    13.8


SKY COVER
  AVERAGE SKY COVER 0.0


WEATHER CONDITIONS
 THE FOLLOWING WEATHER WAS RECORDED YESTERDAY.
  NO SIGNIFICANT WEATHER WAS OBSERVED.


RELATIVE HUMIDITY (PERCENT)
 HIGHEST    60
 LOWEST     16
 AVERAGE    38

..........................................................


THE GOODLAND KS CLIMATE NORMALS FOR TODAY
                         NORMAL    RECORD    YEAR
 MAXIMUM TEMPERATURE (F)   54        78      2012
 MINIMUM TEMPERATURE (F)   26        -1      1958


SUNRISE AND SUNSET
MARCH 13 2015.........SUNRISE   702 AM MDT   SUNSET   652 PM MDT
MARCH 14 2015.........SUNRISE   700 AM MDT   SUNSET   653 PM MDT


-  INDICATES NEGATIVE NUMBERS.
R  INDICATES RECORD WAS SET OR TIED.
MM INDICATES DATA IS MISSING.
T  INDICATES TRACE AMOUNT.

&&

THE AVERAGE SOIL TEMPERATURE AT THE FOUR INCH DEPTH... 42
THE CURRENT DEPTH OF FROST... 0 INCHES

$$
