000
CDUS43 KGLD 060046
CLIGLD

CLIMATE REPORT
NATIONAL WEATHER SERVICE GOODLAND
540 PM MST WED NOV 5 2014

...................................

...THE GOODLAND KS CLIMATE SUMMARY FOR NOVEMBER 5 2014...
VALID TODAY AS OF 0500 PM LOCAL TIME.

CLIMATE NORMAL PERIOD 1981 TO 2010
CLIMATE RECORD PERIOD 1895 TO 2014

WEATHER ITEM   OBSERVED TIME   RECORD YEAR NORMAL DEPARTURE LAST
                VALUE   (LST)  VALUE       VALUE  FROM      YEAR
                                                  NORMAL
..................................................................
TEMPERATURE (F)
 TODAY
  MAXIMUM         67    206 PM  82    1914  58      9       38
  MINIMUM         30    420 AM   8    1967  30      0       24
  AVERAGE         49                        44      5       31

PRECIPITATION (IN)
  TODAY            0.00          0.54 1953   0.03  -0.03     0.16
  MONTH TO DATE    T                         0.16  -0.16     0.16
  SINCE SEP 1      2.49                      2.75  -0.26     7.89
  SINCE JAN 1     16.39                     18.65  -2.26    16.68

SNOWFALL (IN)
  TODAY            0.0                       0.1   -0.1       T
  MONTH TO DATE    0.0                       0.6   -0.6       T
  SINCE SEP 1      T                         3.2   -3.2      4.0
  SINCE JUL 1      T                         3.2   -3.2      4.0
  SNOW DEPTH       0

DEGREE DAYS
 HEATING
  TODAY           16                        21     -5       34
  MONTH TO DATE   77                       101    -24      113
  SINCE SEP 1    492                       629   -137      617
  SINCE JUL 1    505                       641   -136      624

 COOLING
  TODAY            0                         0      0        0
  MONTH TO DATE    0                         0      0        0
  SINCE SEP 1    118                       108     10      183
  SINCE JAN 1    920                       941    -21     1181
..................................................................

WIND (MPH)
  HIGHEST WIND SPEED    24   HIGHEST WIND DIRECTION     N (360)
  HIGHEST GUST SPEED    30   HIGHEST GUST DIRECTION     N (350)
  AVERAGE WIND SPEED    14.3


SKY COVER
  AVERAGE SKY COVER 0.0


WEATHER CONDITIONS
 THE FOLLOWING WEATHER WAS RECORDED TODAY.
  NO SIGNIFICANT WEATHER WAS OBSERVED.


RELATIVE HUMIDITY (PERCENT)
 HIGHEST    72           400 AM
 LOWEST     24          1200 PM
 AVERAGE    48

..........................................................


THE GOODLAND KS CLIMATE NORMALS FOR TOMORROW
                         NORMAL    RECORD    YEAR
 MAXIMUM TEMPERATURE (F)   57        84      1980
 MINIMUM TEMPERATURE (F)   30        10      1959


SUNRISE AND SUNSET
NOVEMBER  5 2014......SUNRISE   619 AM MST   SUNSET   441 PM MST
NOVEMBER  6 2014......SUNRISE   620 AM MST   SUNSET   440 PM MST


-  INDICATES NEGATIVE NUMBERS.
R  INDICATES RECORD WAS SET OR TIED.
MM INDICATES DATA IS MISSING.
T  INDICATES TRACE AMOUNT.

&&

THE AVERAGE SOIL TEMPERATURE AT THE FOUR INCH DEPTH... 49
THE CURRENT DEPTH OF FROST... 0

$$
