000
CDUS43 KGLD 040046
CLIGLD

CLIMATE REPORT
NATIONAL WEATHER SERVICE GOODLAND
643 PM MDT SUN APR 3 2016

...................................

...THE GOODLAND KS CLIMATE SUMMARY FOR APRIL 3 2016...
VALID TODAY AS OF 0600 PM LOCAL TIME.

CLIMATE NORMAL PERIOD 1981 TO 2010
CLIMATE RECORD PERIOD 1895 TO 2016

WEATHER ITEM   OBSERVED TIME   RECORD YEAR NORMAL DEPARTURE LAST
                VALUE   (LST)  VALUE       VALUE  FROM      YEAR
                                                  NORMAL
..................................................................
TEMPERATURE (F)
 TODAY
  MAXIMUM         76    247 PM  86    1943  60     16       50
  MINIMUM         33    523 AM  15    1936  31      2       27
                                      1926
  AVERAGE         55                        45     10       39

PRECIPITATION (IN)
  TODAY            0.00          1.19 2012   0.04  -0.04     0.03
  MONTH TO DATE    0.00                      0.12  -0.12     0.57
  SINCE MAR 1      0.55                      1.19  -0.64     0.68
  SINCE JAN 1      1.41                      2.06  -0.65     1.76

SNOWFALL (IN)
  TODAY            0.0                       0.2   -0.2      0.4
  MONTH TO DATE    0.0                       0.7   -0.7      2.0
  SINCE MAR 1      4.4                       7.5   -3.1      2.6
  SINCE JUL 1     27.8                      31.5   -3.7     24.7
  SNOW DEPTH       0

DEGREE DAYS
 HEATING
  TODAY           10                        20    -10       26
  MONTH TO DATE   52                        60     -8       44
  SINCE MAR 1    657                       818   -161      609
  SINCE JUL 1   4503                      5235   -732     4824

 COOLING
  TODAY            0                         0      0        0
  MONTH TO DATE    0                         0      0        0
  SINCE MAR 1      0                         0      0        0
  SINCE JAN 1      0                         0      0        0
..................................................................

WIND (MPH)
  HIGHEST WIND SPEED    29   HIGHEST WIND DIRECTION     N (340)
  HIGHEST GUST SPEED    40   HIGHEST GUST DIRECTION     N (10)
  AVERAGE WIND SPEED    16.2


SKY COVER
  AVERAGE SKY COVER 0.0


WEATHER CONDITIONS
 THE FOLLOWING WEATHER WAS RECORDED TODAY.
  NO SIGNIFICANT WEATHER WAS OBSERVED.


RELATIVE HUMIDITY (PERCENT)
 HIGHEST    64           600 AM
 LOWEST     15           100 PM
 AVERAGE    40

..........................................................


THE GOODLAND KS CLIMATE NORMALS FOR TOMORROW
                         NORMAL    RECORD    YEAR
 MAXIMUM TEMPERATURE (F)   60        86      1942
                                             1929
 MINIMUM TEMPERATURE (F)   31         8      1920


SUNRISE AND SUNSET
APRIL  3 2016.........SUNRISE   627 AM MDT   SUNSET   713 PM MDT
APRIL  4 2016.........SUNRISE   626 AM MDT   SUNSET   714 PM MDT


-  INDICATES NEGATIVE NUMBERS.
R  INDICATES RECORD WAS SET OR TIED.
MM INDICATES DATA IS MISSING.
T  INDICATES TRACE AMOUNT.

&&

THE AVERAGE SOIL TEMPERATURE AT THE FOUR INCH DEPTH...48

$$
