000
CDUS43 KGLD 120741
CLIGLD

CLIMATE REPORT
NATIONAL WEATHER SERVICE GOODLAND
139 AM MDT THU MAY 12 2016

...................................

...THE GOODLAND KS CLIMATE SUMMARY FOR MAY 11 2016...

CLIMATE NORMAL PERIOD 1981 TO 2010
CLIMATE RECORD PERIOD 1895 TO 2016

WEATHER ITEM   OBSERVED TIME   RECORD YEAR NORMAL DEPARTURE LAST
                VALUE   (LST)  VALUE       VALUE  FROM      YEAR
                                                  NORMAL
..................................................................
TEMPERATURE (F)
 YESTERDAY
  MAXIMUM         65    232 PM  99    1962  71     -6       60
  MINIMUM         40   1159 PM  26    1918  44     -4       32
  AVERAGE         53                        58     -5       46

PRECIPITATION (IN)
  YESTERDAY        T             0.62 1930   0.09  -0.09     0.00
  MONTH TO DATE    0.48                      0.86  -0.38     1.98
  SINCE MAR 1      5.02                      3.52   1.50     6.93
  SINCE JAN 1      5.88                      4.39   1.49     8.01

SNOWFALL (IN)
  YESTERDAY        0.0                       0.1   -0.1      0.0
  MONTH TO DATE    T                         0.4   -0.4      0.0
  SINCE MAR 1      6.7                      11.4   -4.7      2.6
  SINCE JUL 1     30.1                      35.4   -5.3     24.7
  SNOW DEPTH       0

DEGREE DAYS
 HEATING
  YESTERDAY       12                         8      4       19
  MONTH TO DATE   95                       105    -10       97
  SINCE MAR 1   1135                      1343   -208     1058
  SINCE JUL 1   4981                      5760   -779     5273

 COOLING
  YESTERDAY        0                         1     -1        0
  MONTH TO DATE    6                         9     -3        2
  SINCE MAR 1      6                        13     -7        2
  SINCE JAN 1      6                        13     -7        2
..................................................................

WIND (MPH)
  HIGHEST WIND SPEED    20   HIGHEST WIND DIRECTION    NE (50)
  HIGHEST GUST SPEED    25   HIGHEST GUST DIRECTION    NE (50)
  AVERAGE WIND SPEED    10.2


SKY COVER
  AVERAGE SKY COVER 0.5


WEATHER CONDITIONS
 THE FOLLOWING WEATHER WAS RECORDED YESTERDAY.
  LIGHT RAIN


RELATIVE HUMIDITY (PERCENT)
 HIGHEST   100
 LOWEST     36
 AVERAGE    68

..........................................................


THE GOODLAND KS CLIMATE NORMALS FOR TODAY
                         NORMAL    RECORD    YEAR
 MAXIMUM TEMPERATURE (F)   72        99      1962
 MINIMUM TEMPERATURE (F)   45        27      1953


SUNRISE AND SUNSET
MAY 12 2016...........SUNRISE   535 AM MDT   SUNSET   751 PM MDT
MAY 13 2016...........SUNRISE   534 AM MDT   SUNSET   752 PM MDT


-  INDICATES NEGATIVE NUMBERS.
R  INDICATES RECORD WAS SET OR TIED.
MM INDICATES DATA IS MISSING.
T  INDICATES TRACE AMOUNT.

&&

THE AVERAGE SOIL TEMPERATURE AT THE FOUR INCH DEPTH... 59

$$
