000
CDUS43 KGLD 200755
CLIGLD

CLIMATE REPORT
NATIONAL WEATHER SERVICE GOODLAND
153 AM MDT SAT AUG 20 2016

...................................

...THE GOODLAND KS CLIMATE SUMMARY FOR AUGUST 19 2016...

CLIMATE NORMAL PERIOD 1981 TO 2010
CLIMATE RECORD PERIOD 1895 TO 2016

WEATHER ITEM   OBSERVED TIME   RECORD YEAR NORMAL DEPARTURE LAST
                VALUE   (LST)  VALUE       VALUE  FROM      YEAR
                                                  NORMAL
..................................................................
TEMPERATURE (F)
 YESTERDAY
  MAXIMUM         80    232 PM 101    1952  87     -7       74
  MINIMUM         56   1159 PM  44    2012  60     -4       52
                                      1960
                                      1927
  AVERAGE         68                        74     -6       63

PRECIPITATION (IN)
  YESTERDAY        0.00          0.90 1922   0.08  -0.08      T
  MONTH TO DATE    0.79                      1.87  -1.08     0.33
  SINCE JUN 1      5.16                      8.59  -3.43     4.92
  SINCE JAN 1     12.52                     15.07  -2.55    16.71

SNOWFALL (IN)
  YESTERDAY        0.0                       0.0    0.0      0.0
  MONTH TO DATE    0.0                       0.0    0.0      0.0
  SINCE JUN 1      0.0                       0.0    0.0      0.0
  SINCE JUL 1      0.0                       0.0    0.0      0.0
  SNOW DEPTH       0

DEGREE DAYS
 HEATING
  YESTERDAY        0                         0      0        2
  MONTH TO DATE    0                         0      0        2
  SINCE JUN 1      2                        41    -39        8
  SINCE JUL 1      0                         4     -4        3

 COOLING
  YESTERDAY        3                         9     -6        0
  MONTH TO DATE  190                       186      4      207
  SINCE JUN 1    881                       699    182      792
  SINCE JAN 1    905                       740    165      798
..................................................................

WIND (MPH)
  HIGHEST WIND SPEED    28   HIGHEST WIND DIRECTION     N (350)
  HIGHEST GUST SPEED    36   HIGHEST GUST DIRECTION     N (350)
  AVERAGE WIND SPEED    14.8


SKY COVER
  AVERAGE SKY COVER 0.7


WEATHER CONDITIONS
 THE FOLLOWING WEATHER WAS RECORDED YESTERDAY.
  NO SIGNIFICANT WEATHER WAS OBSERVED.


RELATIVE HUMIDITY (PERCENT)
 HIGHEST    93
 LOWEST     47
 AVERAGE    70

..........................................................


THE GOODLAND KS CLIMATE NORMALS FOR TODAY
                         NORMAL    RECORD    YEAR
 MAXIMUM TEMPERATURE (F)   87       104      1987
 MINIMUM TEMPERATURE (F)   60        46      2004


SUNRISE AND SUNSET
AUGUST 20 2016........SUNRISE   605 AM MDT   SUNSET   735 PM MDT
AUGUST 21 2016........SUNRISE   606 AM MDT   SUNSET   733 PM MDT


-  INDICATES NEGATIVE NUMBERS.
R  INDICATES RECORD WAS SET OR TIED.
MM INDICATES DATA IS MISSING.
T  INDICATES TRACE AMOUNT.

&&

THE AVERAGE SOIL TEMPERATURE AT THE FOUR INCH DEPTH... 76

$$
