000
CDUS43 KGLD 010752
CLIGLD

CLIMATE REPORT
NATIONAL WEATHER SERVICE GOODLAND
1248 AM MST SUN FEB 1 2015

...................................

...THE GOODLAND KS CLIMATE SUMMARY FOR JANUARY 31 2015...

CLIMATE NORMAL PERIOD 1981 TO 2010
CLIMATE RECORD PERIOD 1895 TO 2015

WEATHER ITEM   OBSERVED TIME   RECORD YEAR NORMAL DEPARTURE LAST
                VALUE   (LST)  VALUE       VALUE  FROM      YEAR
                                                  NORMAL
..................................................................
TEMPERATURE (F)
 YESTERDAY
  MAXIMUM         39   1241 PM  75    1989  43     -4       21
  MINIMUM         24   1159 PM -19    1951  17      7       13
                                      1918
  AVERAGE         32                        30      2       17

PRECIPITATION (IN)
  YESTERDAY        0.07          0.17 2014   0.01   0.06     0.17
  MONTH TO DATE    0.28                      0.38  -0.10     0.57
  SINCE DEC 1      1.74                      0.84   0.90     0.62
  SINCE JAN 1      0.28                      0.38  -0.10     0.57

SNOWFALL (IN)
  YESTERDAY        0.4                       0.2    0.2      1.8
  MONTH TO DATE    2.4                       5.9   -3.5      9.6
  SINCE DEC 1     12.1                      11.4    0.7     12.1
  SINCE JUL 1     12.3                      18.6   -6.3     16.4
  SNOW DEPTH       0

DEGREE DAYS
 HEATING
  YESTERDAY       33                        35     -2       48
  MONTH TO DATE 1016                      1087    -71     1077
  SINCE DEC 1   2075                      2184   -109     2170
  SINCE JUL 1   3330                      3503   -173     3443

 COOLING
  YESTERDAY        0                         0      0        0
  MONTH TO DATE    0                         0      0        0
  SINCE DEC 1      0                         0      0        0
  SINCE JAN 1      0                         0      0        0
..................................................................

WIND (MPH)
  HIGHEST WIND SPEED    26   HIGHEST WIND DIRECTION     N (350)
  HIGHEST GUST SPEED    32   HIGHEST GUST DIRECTION     N (350)
  AVERAGE WIND SPEED    10.4

SKY COVER
  AVERAGE SKY COVER 1.0

WEATHER CONDITIONS
 THE FOLLOWING WEATHER WAS RECORDED YESTERDAY.
  LIGHT SNOW
  FOG

RELATIVE HUMIDITY (PERCENT)
 HIGHEST   100
 LOWEST     79
 AVERAGE    90

..........................................................

THE GOODLAND KS CLIMATE NORMALS FOR TODAY
                         NORMAL    RECORD    YEAR
 MAXIMUM TEMPERATURE (F)   43        78      2003
 MINIMUM TEMPERATURE (F)   17       -21      1951

SUNRISE AND SUNSET
FEBRUARY  1 2015......SUNRISE   654 AM MST   SUNSET   507 PM MST
FEBRUARY  2 2015......SUNRISE   653 AM MST   SUNSET   508 PM MST

-  INDICATES NEGATIVE NUMBERS.
R  INDICATES RECORD WAS SET OR TIED.
MM INDICATES DATA IS MISSING.
T  INDICATES TRACE AMOUNT.

&&

THE AVERAGE SOIL TEMPERATURE AT THE FOUR INCH DEPTH... 36
THE CURRENT DEPTH OF FROST... 0 INCHES

$$
