000
CDUS43 KGLD 180758
CLIGLD

CLIMATE REPORT
NATIONAL WEATHER SERVICE GOODLAND
1256 AM MST MON DEC 18 2017

...................................

...THE GOODLAND KS CLIMATE SUMMARY FOR DECEMBER 17 2017...

CLIMATE NORMAL PERIOD 1981 TO 2010
CLIMATE RECORD PERIOD 1895 TO 2017

WEATHER ITEM   OBSERVED TIME   RECORD YEAR NORMAL DEPARTURE LAST
                VALUE   (LST)  VALUE       VALUE  FROM      YEAR
                                                  NORMAL
..................................................................
TEMPERATURE (F)
 YESTERDAY
  MAXIMUM         41    233 PM  79    1980  42     -1        8
  MINIMUM         21    807 PM -15    2016  17      4      -15
  AVERAGE         31                        29      2       -3

PRECIPITATION (IN)
  YESTERDAY        0.00          0.18 1999   0.01  -0.01     0.12
  MONTH TO DATE    T                         0.26  -0.26     0.21
  SINCE DEC 1      T                         0.26  -0.26     0.21
  SINCE JAN 1     26.28                     19.46   6.82    16.99

SNOWFALL (IN)
  YESTERDAY        0.0                       0.1   -0.1      2.7
  MONTH TO DATE    T                         2.9   -2.9      4.8
  SINCE DEC 1      T                         2.9   -2.9      4.8
  SINCE JUL 1      0.1                      10.1  -10.0      5.4
  SNOW DEPTH       0

DEGREE DAYS
 HEATING
  YESTERDAY       34                        36     -2       68
  MONTH TO DATE  461                       588   -127      726
  SINCE DEC 1    461                       588   -127      726
  SINCE JUL 1   1612                      1907   -295     1589

 COOLING
  YESTERDAY        0                         0      0        0
  MONTH TO DATE    0                         0      0        0
  SINCE DEC 1      0                         0      0        0
  SINCE JAN 1    959                       941     18     1103
..................................................................

WIND (MPH)
  HIGHEST WIND SPEED    23   HIGHEST WIND DIRECTION    NE (30)
  HIGHEST GUST SPEED    30   HIGHEST GUST DIRECTION    NE (40)
  AVERAGE WIND SPEED     9.2


SKY COVER
  AVERAGE SKY COVER 0.6


WEATHER CONDITIONS
 THE FOLLOWING WEATHER WAS RECORDED YESTERDAY.
  NO SIGNIFICANT WEATHER WAS OBSERVED.


RELATIVE HUMIDITY (PERCENT)
 HIGHEST    89
 LOWEST     54
 AVERAGE    72

..........................................................


THE GOODLAND KS CLIMATE NORMALS FOR TODAY
                         NORMAL    RECORD    YEAR
 MAXIMUM TEMPERATURE (F)   42        76      1979
 MINIMUM TEMPERATURE (F)   17       -15      1924


SUNRISE AND SUNSET
DECEMBER 18 2017......SUNRISE   702 AM MST   SUNSET   426 PM MST
DECEMBER 19 2017......SUNRISE   702 AM MST   SUNSET   426 PM MST


-  INDICATES NEGATIVE NUMBERS.
R  INDICATES RECORD WAS SET OR TIED.
MM INDICATES DATA IS MISSING.
T  INDICATES TRACE AMOUNT.

&&

THE AVERAGE SOIL TEMPERATURE AT THE FOUR INCH DEPTH... 39
THE CURRENT DEPTH OF FROST... 0 INCHES

$$
