000
CDUS43 KGLD 060749
CLIGLD

CLIMATE REPORT
NATIONAL WEATHER SERVICE GOODLAND
1245 AM MST TUE DEC 6 2016

...................................

...THE GOODLAND KS CLIMATE SUMMARY FOR DECEMBER 5 2016...

CLIMATE NORMAL PERIOD 1981 TO 2010
CLIMATE RECORD PERIOD 1895 TO 2016

WEATHER ITEM   OBSERVED TIME   RECORD YEAR NORMAL DEPARTURE LAST
                VALUE   (LST)  VALUE       VALUE  FROM      YEAR
                                                  NORMAL
..................................................................
TEMPERATURE (F)
 YESTERDAY
  MAXIMUM         62   1210 PM  75    1939  44     18       55
  MINIMUM         17   1118 PM  -8    1972  19     -2       28
  AVERAGE         40                        31      9       42

PRECIPITATION (IN)
  YESTERDAY        0.00          0.20 1912   0.02  -0.02     0.00
  MONTH TO DATE    T                         0.08  -0.08     0.00
  SINCE DEC 1      T                         0.08  -0.08     0.00
  SINCE JAN 1     16.78                     19.28  -2.50    20.37

SNOWFALL (IN)
  YESTERDAY        0.0                       0.2   -0.2      0.0
  MONTH TO DATE    T                         0.9   -0.9      0.0
  SINCE DEC 1      T                         0.9   -0.9      0.0
  SINCE JUL 1      0.6                       8.1   -7.5      8.2
  SNOW DEPTH       0

DEGREE DAYS
 HEATING
  YESTERDAY       25                        34     -9       23
  MONTH TO DATE  162                       167     -5      138
  SINCE DEC 1    162                       167     -5      138
  SINCE JUL 1   1025                      1486   -461     1198

 COOLING
  YESTERDAY        0                         0      0        0
  MONTH TO DATE    0                         0      0        0
  SINCE DEC 1      0                         0      0        0
  SINCE JAN 1   1103                       941    162     1145
..................................................................

WIND (MPH)
  HIGHEST WIND SPEED    32   HIGHEST WIND DIRECTION     N (350)
  HIGHEST GUST SPEED    40   HIGHEST GUST DIRECTION     N (340)
  AVERAGE WIND SPEED    14.2


SKY COVER
  AVERAGE SKY COVER 0.2


WEATHER CONDITIONS
 THE FOLLOWING WEATHER WAS RECORDED YESTERDAY.
  HAZE


RELATIVE HUMIDITY (PERCENT)
 HIGHEST    74
 LOWEST     17
 AVERAGE    46

..........................................................


THE GOODLAND KS CLIMATE NORMALS FOR TODAY
                         NORMAL    RECORD    YEAR
 MAXIMUM TEMPERATURE (F)   43        78      1939
 MINIMUM TEMPERATURE (F)   18       -14      1950


SUNRISE AND SUNSET
DECEMBER  6 2016......SUNRISE   653 AM MST   SUNSET   423 PM MST
DECEMBER  7 2016......SUNRISE   654 AM MST   SUNSET   423 PM MST


-  INDICATES NEGATIVE NUMBERS.
R  INDICATES RECORD WAS SET OR TIED.
MM INDICATES DATA IS MISSING.
T  INDICATES TRACE AMOUNT.

&&

THE AVERAGE SOIL TEMPERATURE AT THE FOUR INCH DEPTH... 36
THE CURRENT DEPTH OF FROST... 0 INCHES

$$
