000
CDUS43 KGLD 050750
CLIGLD

CLIMATE REPORT
NATIONAL WEATHER SERVICE GOODLAND
1245 AM MST MON DEC 5 2016

...................................

...THE GOODLAND KS CLIMATE SUMMARY FOR DECEMBER 4 2016...

CLIMATE NORMAL PERIOD 1981 TO 2010
CLIMATE RECORD PERIOD 1895 TO 2016

WEATHER ITEM   OBSERVED TIME   RECORD YEAR NORMAL DEPARTURE LAST
                VALUE   (LST)  VALUE       VALUE  FROM      YEAR
                                                  NORMAL
..................................................................
TEMPERATURE (F)
 YESTERDAY
  MAXIMUM         50    211 PM  74    2007  44      6       50
                                      1965
  MINIMUM         18    146 AM   1    1955  19     -1       25
  AVERAGE         34                        31      3       38

PRECIPITATION (IN)
  YESTERDAY        0.00          1.54 1924   0.01  -0.01     0.00
  MONTH TO DATE    T                         0.06  -0.06     0.00
  SINCE DEC 1      T                         0.06  -0.06     0.00
  SINCE JAN 1     16.78                     19.26  -2.48    20.37

SNOWFALL (IN)
  YESTERDAY        0.0                       0.2   -0.2      0.0
  MONTH TO DATE    T                         0.7   -0.7      0.0
  SINCE DEC 1      T                         0.7   -0.7      0.0
  SINCE JUL 1      0.6                       7.9   -7.3      8.2
  SNOW DEPTH       0

DEGREE DAYS
 HEATING
  YESTERDAY       31                        34     -3       27
  MONTH TO DATE  137                       133      4      115
  SINCE DEC 1    137                       133      4      115
  SINCE JUL 1   1000                      1452   -452     1175

 COOLING
  YESTERDAY        0                         0      0        0
  MONTH TO DATE    0                         0      0        0
  SINCE DEC 1      0                         0      0        0
  SINCE JAN 1   1103                       941    162     1145
..................................................................

WIND (MPH)
  HIGHEST WIND SPEED    20   HIGHEST WIND DIRECTION     S (190)
  HIGHEST GUST SPEED    25   HIGHEST GUST DIRECTION     S (190)
  AVERAGE WIND SPEED    12.8


SKY COVER
  AVERAGE SKY COVER 0.0


WEATHER CONDITIONS
 THE FOLLOWING WEATHER WAS RECORDED YESTERDAY.
  NO SIGNIFICANT WEATHER WAS OBSERVED.


RELATIVE HUMIDITY (PERCENT)
 HIGHEST    73
 LOWEST     18
 AVERAGE    46

..........................................................

THE GOODLAND KS CLIMATE NORMALS FOR TODAY
                         NORMAL    RECORD    YEAR
 MAXIMUM TEMPERATURE (F)   44        75      1939
 MINIMUM TEMPERATURE (F)   19        -8      1972


SUNRISE AND SUNSET
DECEMBER  5 2016......SUNRISE   652 AM MST   SUNSET   423 PM MST
DECEMBER  6 2016......SUNRISE   653 AM MST   SUNSET   423 PM MST


-  INDICATES NEGATIVE NUMBERS.
R  INDICATES RECORD WAS SET OR TIED.
MM INDICATES DATA IS MISSING.
T  INDICATES TRACE AMOUNT.

&&

THE AVERAGE SOIL TEMPERATURE AT THE FOUR INCH DEPTH... 35
THE CURRENT DEPTH OF FROST... 5 INCHES

$$
