000
CDUS43 KGLD 170739
CLIGLD

CLIMATE REPORT
NATIONAL WEATHER SERVICE GOODLAND
137 AM MDT WED SEP 17 2014

...................................

...THE GOODLAND KS CLIMATE SUMMARY FOR SEPTEMBER 16 2014...

CLIMATE NORMAL PERIOD 1981 TO 2010
CLIMATE RECORD PERIOD 1895 TO 2014

WEATHER ITEM   OBSERVED TIME   RECORD YEAR NORMAL DEPARTURE LAST
                VALUE   (LST)  VALUE       VALUE  FROM      YEAR
                                                  NORMAL
..................................................................
TEMPERATURE (F)
 YESTERDAY
  MAXIMUM         86    401 PM  98    1955  79      7       58
  MINIMUM         53   1206 AM  34    1965  50      3       53
                                      1951
  AVERAGE         70                        64      6       56

PRECIPITATION (IN)
  YESTERDAY        0.00          1.12 1958   0.04  -0.04     0.10
  MONTH TO DATE    1.07                      0.68   0.39     6.25
  SINCE SEP 1      1.07                      0.68   0.39     6.25
  SINCE JAN 1     14.97                     16.58  -1.61    15.04

SNOWFALL (IN)
  YESTERDAY        0.0                       0.0    0.0      0.0
  MONTH TO DATE    T                         0.1   -0.1      0.0
  SINCE SEP 1      T                         0.1   -0.1      0.0
  SINCE JUL 1      T                         0.1   -0.1      0.0
  SNOW DEPTH       0

DEGREE DAYS
 HEATING
  YESTERDAY        0                         4     -4        9
  MONTH TO DATE   90                        31     59       17
  SINCE SEP 1     90                        31     59       17
  SINCE JUL 1    103                        43     60       24

 COOLING
  YESTERDAY        5                         3      2        0
  MONTH TO DATE   55                        75    -20      155
  SINCE SEP 1     55                        75    -20      155
  SINCE JAN 1    857                       908    -51     1153
..................................................................

WIND (MPH)
  HIGHEST WIND SPEED    21   HIGHEST WIND DIRECTION     S (200)
  HIGHEST GUST SPEED    27   HIGHEST GUST DIRECTION    SW (210)
  AVERAGE WIND SPEED     9.8

SKY COVER
  AVERAGE SKY COVER 0.4

WEATHER CONDITIONS
 THE FOLLOWING WEATHER WAS RECORDED YESTERDAY.
  NO SIGNIFICANT WEATHER WAS OBSERVED.

RELATIVE HUMIDITY (PERCENT)
 HIGHEST    93
 LOWEST     32
 AVERAGE    63

..........................................................

THE GOODLAND KS CLIMATE NORMALS FOR TODAY
                         NORMAL    RECORD    YEAR
 MAXIMUM TEMPERATURE (F)   79        99      1947
 MINIMUM TEMPERATURE (F)   50        32      1981

SUNRISE AND SUNSET
SEPTEMBER 17 2014.....SUNRISE   630 AM MDT   SUNSET   652 PM MDT
SEPTEMBER 18 2014.....SUNRISE   631 AM MDT   SUNSET   650 PM MDT

-  INDICATES NEGATIVE NUMBERS.
R  INDICATES RECORD WAS SET OR TIED.
MM INDICATES DATA IS MISSING.
T  INDICATES TRACE AMOUNT.

&&

THE AVERAGE SOIL TEMPERATURE AT THE FOUR INCH DEPTH... 61

$$
