000
CDUS43 KGLD 200800
CLIGLD

CLIMATE REPORT
NATIONAL WEATHER SERVICE GOODLAND
1259 AM MST TUE FEB 20 2018

...................................

...THE GOODLAND KS CLIMATE SUMMARY FOR FEBRUARY 19 2018...

CLIMATE NORMAL PERIOD 1981 TO 2010
CLIMATE RECORD PERIOD 1895 TO 2018

WEATHER ITEM   OBSERVED TIME   RECORD YEAR NORMAL DEPARTURE LAST
                VALUE   (LST)  VALUE       VALUE  FROM      YEAR
                                                  NORMAL
..................................................................
TEMPERATURE (F)
 YESTERDAY
  MAXIMUM         22   1219 AM  75    1986  46    -24       68
  MINIMUM          9   1159 PM  -4    1908  20    -11       44
  AVERAGE         16                        33    -17       56

PRECIPITATION (IN)
  YESTERDAY        0.03          0.31 1919   0.02   0.01      T
  MONTH TO DATE    0.59                      0.30   0.29      T
  SINCE DEC 1      1.36                      1.14   0.22     1.52
  SINCE JAN 1      1.27                      0.68   0.59     0.92

SNOWFALL (IN)
  YESTERDAY        0.8                       0.2    0.6      0.0
  MONTH TO DATE    9.5                       3.9    5.6       T
  SINCE DEC 1     20.0                      15.3    4.7      8.8
  SINCE JUL 1     20.1                      22.5   -2.4      9.4
  SNOW DEPTH       1

DEGREE DAYS
 HEATING
  YESTERDAY       49                        32     17        9
  MONTH TO DATE  670                       642     28      454
  SINCE DEC 1   2772                      2826    -54     2772
  SINCE JUL 1   3923                      4145   -222     3635

 COOLING
  YESTERDAY        0                         0      0        0
  MONTH TO DATE    0                         0      0        0
  SINCE DEC 1      0                         0      0        0
  SINCE JAN 1      0                         0      0        0
..................................................................

WIND (MPH)
  HIGHEST WIND SPEED    30   HIGHEST WIND DIRECTION     N (360)
  HIGHEST GUST SPEED    37   HIGHEST GUST DIRECTION     N (360)
  AVERAGE WIND SPEED    13.7


SKY COVER
  AVERAGE SKY COVER 1.0


WEATHER CONDITIONS
 THE FOLLOWING WEATHER WAS RECORDED YESTERDAY.
  LIGHT SNOW
  FOG
  HAZE


RELATIVE HUMIDITY (PERCENT)
 HIGHEST   100
 LOWEST     80
 AVERAGE    90

..........................................................


THE GOODLAND KS CLIMATE NORMALS FOR TODAY
                         NORMAL    RECORD    YEAR
 MAXIMUM TEMPERATURE (F)   47        73      1972
                                             1930
 MINIMUM TEMPERATURE (F)   20        -1      1953


SUNRISE AND SUNSET
FEBRUARY 20 2018......SUNRISE   632 AM MST   SUNSET   529 PM MST
FEBRUARY 21 2018......SUNRISE   631 AM MST   SUNSET   530 PM MST


-  INDICATES NEGATIVE NUMBERS.
R  INDICATES RECORD WAS SET OR TIED.
MM INDICATES DATA IS MISSING.
T  INDICATES TRACE AMOUNT.

&&

THE AVERAGE SOIL TEMPERATURE AT THE FOUR INCH DEPTH... 31
THE CURRENT DEPTH OF FROST... 6 INCHES

$$
