000
CDUS43 KGLD 090755
CLIGLD

CLIMATE REPORT
NATIONAL WEATHER SERVICE GOODLAND
153 AM MDT WED JUL 9 2014

...................................

...THE GOODLAND KS CLIMATE SUMMARY FOR JULY 8 2014...

CLIMATE NORMAL PERIOD 1981 TO 2010
CLIMATE RECORD PERIOD 1895 TO 2014

WEATHER ITEM   OBSERVED TIME   RECORD YEAR NORMAL DEPARTURE LAST
                VALUE   (LST)  VALUE       VALUE  FROM      YEAR
                                                  NORMAL
..................................................................
TEMPERATURE (F)
 YESTERDAY
  MAXIMUM         81    453 PM 106    1897  90     -9      100
  MINIMUM         62   1248 AM  42    1952  61      1       63
  AVERAGE         72                        76     -4       82

PRECIPITATION (IN)
  YESTERDAY        0.19          2.54 1998   0.11   0.08     0.00
  MONTH TO DATE    0.90                      0.87   0.03     0.01
  SINCE JUN 1      6.43                      4.12   2.31     3.05
  SINCE JAN 1      9.97                     10.60  -0.63     7.41

SNOWFALL (IN)
  YESTERDAY        0.0                       0.0    0.0      0.0
  MONTH TO DATE    0.0                       0.0    0.0      0.0
  SINCE JUN 1      0.0                       0.0    0.0      0.0
  SINCE JUL 1      0.0                       0.0    0.0      0.0
  SNOW DEPTH       0

DEGREE DAYS
 HEATING
  YESTERDAY        0                         0      0        0
  MONTH TO DATE    0                         0      0        0
  SINCE JUN 1     38                        37      1       31
  SINCE JUL 1      0                         0      0        0

 COOLING
  YESTERDAY        7                        11     -4       17
  MONTH TO DATE   78                        81     -3       87
  SINCE JUN 1    227                       260    -33      344
  SINCE JAN 1    273                       301    -28      433
..................................................................

WIND (MPH)
  HIGHEST WIND SPEED    17   HIGHEST WIND DIRECTION    NE (40)
  HIGHEST GUST SPEED    23   HIGHEST GUST DIRECTION    NE (40)
  AVERAGE WIND SPEED     5.4

SKY COVER
  AVERAGE SKY COVER 0.4

WEATHER CONDITIONS
 THE FOLLOWING WEATHER WAS RECORDED YESTERDAY.
  THUNDERSTORM
  HEAVY RAIN
  LIGHT RAIN
  FOG

RELATIVE HUMIDITY (PERCENT)
 HIGHEST    93
 LOWEST     42
 AVERAGE    68

..........................................................

THE GOODLAND KS CLIMATE NORMALS FOR TODAY
                         NORMAL    RECORD    YEAR
 MAXIMUM TEMPERATURE (F)   90       105      1938
 MINIMUM TEMPERATURE (F)   61        45      1959

SUNRISE AND SUNSET
JULY  9 2014..........SUNRISE   528 AM MDT   SUNSET   816 PM MDT
JULY 10 2014..........SUNRISE   529 AM MDT   SUNSET   815 PM MDT

-  INDICATES NEGATIVE NUMBERS.
R  INDICATES RECORD WAS SET OR TIED.
MM INDICATES DATA IS MISSING.
T  INDICATES TRACE AMOUNT.

&&

THE AVERAGE SOIL TEMPERATURE AT THE FOUR INCH DEPTH... 74

$$
