000
CDUS43 KGLD 260745
CLIGLD

CLIMATE REPORT
NATIONAL WEATHER SERVICE GOODLAND
145 AM MDT THU MAR 26 2015

...................................

...THE GOODLAND KS CLIMATE SUMMARY FOR MARCH 25 2015...

CLIMATE NORMAL PERIOD 1981 TO 2010
CLIMATE RECORD PERIOD 1895 TO 2015

WEATHER ITEM   OBSERVED TIME   RECORD YEAR NORMAL DEPARTURE LAST
                VALUE   (LST)  VALUE       VALUE  FROM      YEAR
                                                  NORMAL
..................................................................
TEMPERATURE (F)
 YESTERDAY
  MAXIMUM         48    933 AM  85    1907  57     -9       55
  MINIMUM         25   1125 PM  -6    1965  29     -4       26
  AVERAGE         37                        43     -6       41

PRECIPITATION (IN)
  YESTERDAY        0.05          0.50 1959   0.04   0.01     0.00
  MONTH TO DATE    0.10                      0.81  -0.71     0.35
  SINCE MAR 1      0.10                      0.81  -0.71     0.35
  SINCE JAN 1      1.18                      1.68  -0.50     1.29

SNOWFALL (IN)
  YESTERDAY        T                         0.3   -0.3      0.0
  MONTH TO DATE    0.6                       5.3   -4.7      3.5
  SINCE MAR 1      0.6                       5.3   -4.7      3.5
  SINCE JUL 1     22.7                      29.3   -6.6     28.7
  SNOW DEPTH       0

DEGREE DAYS
 HEATING
  YESTERDAY       28                        22      6       24
  MONTH TO DATE  497                       632   -135      661
  SINCE MAR 1    497                       632   -135      661
  SINCE JUL 1   4712                      5049   -337     5205

 COOLING
  YESTERDAY        0                         0      0        0
  MONTH TO DATE    0                         0      0        0
  SINCE MAR 1      0                         0      0        0
  SINCE JAN 1      0                         0      0        0
..................................................................

WIND (MPH)
  HIGHEST WIND SPEED    26   HIGHEST WIND DIRECTION     N (20)
  HIGHEST GUST SPEED    32   HIGHEST GUST DIRECTION     N (20)
  AVERAGE WIND SPEED    11.7


SKY COVER
  AVERAGE SKY COVER 0.5


WEATHER CONDITIONS
 THE FOLLOWING WEATHER WAS RECORDED YESTERDAY.
  LIGHT RAIN
  LIGHT SNOW
  FOG


RELATIVE HUMIDITY (PERCENT)
 HIGHEST    92
 LOWEST     34
 AVERAGE    63

..........................................................


THE GOODLAND KS CLIMATE NORMALS FOR TODAY
                         NORMAL    RECORD    YEAR
 MAXIMUM TEMPERATURE (F)   58        86      1907
 MINIMUM TEMPERATURE (F)   29        -1      1955
                                             1931


SUNRISE AND SUNSET
MARCH 26 2015.........SUNRISE   641 AM MDT   SUNSET   705 PM MDT
MARCH 27 2015.........SUNRISE   639 AM MDT   SUNSET   706 PM MDT


-  INDICATES NEGATIVE NUMBERS.
R  INDICATES RECORD WAS SET OR TIED.
MM INDICATES DATA IS MISSING.
T  INDICATES TRACE AMOUNT.

&&

THE AVERAGE SOIL TEMPERATURE AT THE FOUR INCH DEPTH... 49
THE CURRENT DEPTH OF FROST... 0 INCHES

$$
