000
CDUS43 KGLD 220740
CLIGLD

CLIMATE REPORT
NATIONAL WEATHER SERVICE GOODLAND
136 AM MDT MON AUG 22 2016

...................................

...THE GOODLAND KS CLIMATE SUMMARY FOR AUGUST 21 2016...

CLIMATE NORMAL PERIOD 1981 TO 2010
CLIMATE RECORD PERIOD 1895 TO 2016

WEATHER ITEM   OBSERVED TIME   RECORD YEAR NORMAL DEPARTURE LAST
                VALUE   (LST)  VALUE       VALUE  FROM      YEAR
                                                  NORMAL
..................................................................
TEMPERATURE (F)
 YESTERDAY
  MAXIMUM         90    258 PM 102    1943  87      3       89
  MINIMUM         47    212 AM  46    1964  60    -13       60
  AVERAGE         69                        73     -4       75

PRECIPITATION (IN)
  YESTERDAY        0.00          0.97 1945   0.07  -0.07     0.00
  MONTH TO DATE    0.79                      2.02  -1.23     0.33
  SINCE JUN 1      5.16                      8.74  -3.58     4.92
  SINCE JAN 1     12.52                     15.22  -2.70    16.71

SNOWFALL (IN)
  YESTERDAY        0.0                       0.0    0.0      0.0
  MONTH TO DATE    0.0                       0.0    0.0      0.0
  SINCE JUN 1      0.0                       0.0    0.0      0.0
  SINCE JUL 1      0.0                       0.0    0.0      0.0
  SNOW DEPTH       0

DEGREE DAYS
 HEATING
  YESTERDAY        0                         0      0        0
  MONTH TO DATE    2                         0      2        2
  SINCE JUN 1      4                        41    -37        8
  SINCE JUL 1      2                         4     -2        3

 COOLING
  YESTERDAY        4                         8     -4       10
  MONTH TO DATE  194                       203     -9      223
  SINCE JUN 1    885                       716    169      808
  SINCE JAN 1    909                       757    152      814
..................................................................

WIND (MPH)
  HIGHEST WIND SPEED    25   HIGHEST WIND DIRECTION     S (170)
  HIGHEST GUST SPEED    33   HIGHEST GUST DIRECTION     S (170)
  AVERAGE WIND SPEED    14.7


SKY COVER
  AVERAGE SKY COVER 0.1


WEATHER CONDITIONS
 THE FOLLOWING WEATHER WAS RECORDED YESTERDAY.
  NO SIGNIFICANT WEATHER WAS OBSERVED.


RELATIVE HUMIDITY (PERCENT)
 HIGHEST    77
 LOWEST     32
 AVERAGE    55

..........................................................


THE GOODLAND KS CLIMATE NORMALS FOR TODAY
                         NORMAL    RECORD    YEAR
 MAXIMUM TEMPERATURE (F)   87       102      1938
 MINIMUM TEMPERATURE (F)   59        45      1945


SUNRISE AND SUNSET
AUGUST 22 2016........SUNRISE   607 AM MDT   SUNSET   732 PM MDT
AUGUST 23 2016........SUNRISE   607 AM MDT   SUNSET   730 PM MDT


-  INDICATES NEGATIVE NUMBERS.
R  INDICATES RECORD WAS SET OR TIED.
MM INDICATES DATA IS MISSING.
T  INDICATES TRACE AMOUNT.

&&

THE AVERAGE SOIL TEMPERATURE AT THE FOUR INCH DEPTH... 73

$$
