000
CDUS43 KGLD 270817
CLIGLD

CLIMATE REPORT
NATIONAL WEATHER SERVICE GOODLAND
215 AM MDT WED JUL 27 2016

...................................

...THE GOODLAND KS CLIMATE SUMMARY FOR JULY 26 2016...

CLIMATE NORMAL PERIOD 1981 TO 2010
CLIMATE RECORD PERIOD 1895 TO 2016

WEATHER ITEM   OBSERVED TIME   RECORD YEAR NORMAL DEPARTURE LAST
                VALUE   (LST)  VALUE       VALUE  FROM      YEAR
                                                  NORMAL
..................................................................
TEMPERATURE (F)
 YESTERDAY
  MAXIMUM         92    308 PM 106    1936  90      2       98
  MINIMUM         66    654 PM  50    1946  62      4       65
  AVERAGE         79                        76      3       82

PRECIPITATION (IN)
  YESTERDAY        0.18          3.16 1920   0.11   0.07     0.88
  MONTH TO DATE    1.93                      2.91  -0.98     2.27
  SINCE JUN 1      3.55                      6.16  -2.61     4.58
  SINCE JAN 1     10.91                     12.64  -1.73    16.37

SNOWFALL (IN)
  YESTERDAY        0.0                       0.0    0.0      0.0
  MONTH TO DATE    0.0                       0.0    0.0      0.0
  SINCE JUN 1      0.0                       0.0    0.0      0.0
  SINCE JUL 1      0.0                       0.0    0.0      0.0
  SNOW DEPTH       0

DEGREE DAYS
 HEATING
  YESTERDAY        0                         0      0        0
  MONTH TO DATE    0                         0      0        1
  SINCE JUN 1      2                        37    -35        6
  SINCE JUL 1      0                         0      0        1

 COOLING
  YESTERDAY       14                        11      3       17
  MONTH TO DATE  352                       279     73      302
  SINCE JUN 1    641                       458    183      544
  SINCE JAN 1    665                       499    166      550
..................................................................

WIND (MPH)
  HIGHEST WIND SPEED    43   HIGHEST WIND DIRECTION    NW (310)
  HIGHEST GUST SPEED    51   HIGHEST GUST DIRECTION    NW (310)
  AVERAGE WIND SPEED    13.6


SKY COVER
  AVERAGE SKY COVER 0.3


WEATHER CONDITIONS
 THE FOLLOWING WEATHER WAS RECORDED YESTERDAY.
  THUNDERSTORM
  HEAVY RAIN
  LIGHT RAIN
  FOG


RELATIVE HUMIDITY (PERCENT)
 HIGHEST    93
 LOWEST     41
 AVERAGE    67

..........................................................


THE GOODLAND KS CLIMATE NORMALS FOR TODAY
                         NORMAL    RECORD    YEAR
 MAXIMUM TEMPERATURE (F)   90       105      1910
 MINIMUM TEMPERATURE (F)   62        50      2005
                                             1994


SUNRISE AND SUNSET
JULY 27 2016..........SUNRISE   543 AM MDT   SUNSET   803 PM MDT
JULY 28 2016..........SUNRISE   544 AM MDT   SUNSET   802 PM MDT


-  INDICATES NEGATIVE NUMBERS.
R  INDICATES RECORD WAS SET OR TIED.
MM INDICATES DATA IS MISSING.
T  INDICATES TRACE AMOUNT.

&&

THE AVERAGE SOIL TEMPERATURE AT THE FOUR INCH DEPTH... 78

$$
