000
CDUS43 KGLD 100751
CLIGLD

CLIMATE REPORT
NATIONAL WEATHER SERVICE GOODLAND
148 AM MDT THU AUG 10 2017

...................................

...THE GOODLAND KS CLIMATE SUMMARY FOR AUGUST 9 2017...

CLIMATE NORMAL PERIOD 1981 TO 2010
CLIMATE RECORD PERIOD 1895 TO 2017

WEATHER ITEM   OBSERVED TIME   RECORD YEAR NORMAL DEPARTURE LAST
                VALUE   (LST)  VALUE       VALUE  FROM      YEAR
                                                  NORMAL
..................................................................
TEMPERATURE (F)
 YESTERDAY
  MAXIMUM         85    321 PM 108    1937  88     -3       93
  MINIMUM         59    531 AM  51    1915  61     -2       61
  AVERAGE         72                        75     -3       77

PRECIPITATION (IN)
  YESTERDAY        0.00          1.27 1970   0.10  -0.10     0.00
  MONTH TO DATE    0.99                      0.94   0.05     0.25
  SINCE JUN 1      8.81                      7.66   1.15     4.62
  SINCE JAN 1     21.20                     14.14   7.06    11.98

SNOWFALL (IN)
  YESTERDAY        0.0                       0.0    0.0      0.0
  MONTH TO DATE    0.0                       0.0    0.0      0.0
  SINCE JUN 1      T                         0.0    0.0      0.0
  SINCE JUL 1      0.0                       0.0    0.0      0.0
  SNOW DEPTH       0

DEGREE DAYS
 HEATING
  YESTERDAY        0                         0      0        0
  MONTH TO DATE    0                         0      0        0
  SINCE JUN 1     13                        41    -28        2
  SINCE JUL 1      0                         4     -4        0

 COOLING
  YESTERDAY        7                        10     -3       12
  MONTH TO DATE   37                        92    -55       87
  SINCE JUN 1    628                       605     23      778
  SINCE JAN 1    666                       646     20      802
..................................................................

WIND (MPH)
  HIGHEST WIND SPEED    17   HIGHEST WIND DIRECTION     N (10)
  HIGHEST GUST SPEED    20   HIGHEST GUST DIRECTION     N (10)
  AVERAGE WIND SPEED     7.0


SKY COVER
  AVERAGE SKY COVER 0.1


WEATHER CONDITIONS
 THE FOLLOWING WEATHER WAS RECORDED YESTERDAY.
  FOG


RELATIVE HUMIDITY (PERCENT)
 HIGHEST   100
 LOWEST     40
 AVERAGE    70

..........................................................


THE GOODLAND KS CLIMATE NORMALS FOR TODAY
                         NORMAL    RECORD    YEAR
 MAXIMUM TEMPERATURE (F)   88       105      1964
                                             1937
 MINIMUM TEMPERATURE (F)   61        48      1960


SUNRISE AND SUNSET
AUGUST 10 2017........SUNRISE   555 AM MDT   SUNSET   748 PM MDT
AUGUST 11 2017........SUNRISE   556 AM MDT   SUNSET   747 PM MDT


-  INDICATES NEGATIVE NUMBERS.
R  INDICATES RECORD WAS SET OR TIED.
MM INDICATES DATA IS MISSING.
T  INDICATES TRACE AMOUNT.

&&

THE AVERAGE SOIL TEMPERATURE AT THE FOUR INCH DEPTH... 67

$$
