000
CDUS43 KGLD 140744
CLIGLD

CLIMATE REPORT
NATIONAL WEATHER SERVICE GOODLAND
1239 AM MST SUN JAN 14 2018

...................................

...THE GOODLAND KS CLIMATE SUMMARY FOR JANUARY 13 2018...

CLIMATE NORMAL PERIOD 1981 TO 2010
CLIMATE RECORD PERIOD 1895 TO 2018

WEATHER ITEM   OBSERVED TIME   RECORD YEAR NORMAL DEPARTURE LAST
                VALUE   (LST)  VALUE       VALUE  FROM      YEAR
                                                  NORMAL
..................................................................
TEMPERATURE (F)
 YESTERDAY
  MAXIMUM         41    306 PM  72    1996  43     -2       25
  MINIMUM         14   1248 AM -17    1997  17     -3       15
  AVERAGE         28                        30     -2       20

PRECIPITATION (IN)
  YESTERDAY        0.01          0.45 2001   0.01   0.00     0.00
  MONTH TO DATE    0.13                      0.15  -0.02     0.21
  SINCE DEC 1      0.22                      0.61  -0.39     0.81
  SINCE JAN 1      0.13                      0.15  -0.02     0.21

SNOWFALL (IN)
  YESTERDAY        T                         0.1   -0.1      0.0
  MONTH TO DATE    0.6                       2.3   -1.7      2.5
  SINCE DEC 1      2.1                       7.8   -5.7      7.5
  SINCE JUL 1      2.2                      15.0  -12.8      8.1
  SNOW DEPTH       T

DEGREE DAYS
 HEATING
  YESTERDAY       37                        35      2       45
  MONTH TO DATE  451                       457     -6      554
  SINCE DEC 1   1525                      1545    -20     1756
  SINCE JUL 1   2676                      2864   -188     2619

 COOLING
  YESTERDAY        0                         0      0        0
  MONTH TO DATE    0                         0      0        0
  SINCE DEC 1      0                         0      0        0
  SINCE JAN 1      0                         0      0        0
..................................................................

WIND (MPH)
  HIGHEST WIND SPEED    23   HIGHEST WIND DIRECTION    NW (330)
  HIGHEST GUST SPEED    32   HIGHEST GUST DIRECTION    NW (320)
  AVERAGE WIND SPEED    10.4


SKY COVER
  AVERAGE SKY COVER 0.8


WEATHER CONDITIONS
 THE FOLLOWING WEATHER WAS RECORDED YESTERDAY.
  LIGHT RAIN
  LIGHT SNOW
  FOG


RELATIVE HUMIDITY (PERCENT)
 HIGHEST   100
 LOWEST     70
 AVERAGE    85

..........................................................


THE GOODLAND KS CLIMATE NORMALS FOR TODAY
                         NORMAL    RECORD    YEAR
 MAXIMUM TEMPERATURE (F)   43        65      2006
 MINIMUM TEMPERATURE (F)   17       -15      1979


SUNRISE AND SUNSET
JANUARY 14 2018.......SUNRISE   705 AM MST   SUNSET   447 PM MST
JANUARY 15 2018.......SUNRISE   705 AM MST   SUNSET   448 PM MST


-  INDICATES NEGATIVE NUMBERS.
R  INDICATES RECORD WAS SET OR TIED.
MM INDICATES DATA IS MISSING.
T  INDICATES TRACE AMOUNT.

&&

THE AVERAGE SOIL TEMPERATURE AT THE FOUR INCH DEPTH... 29
THE CURRENT DEPTH OF FROST... 2 INCHES

$$
