000
CDUS43 KGLD 290741
CLIGLD

CLIMATE REPORT
NATIONAL WEATHER SERVICE GOODLAND
137 AM MDT FRI AUG 29 2014

...................................

...THE GOODLAND KS CLIMATE SUMMARY FOR AUGUST 28 2014...

CLIMATE NORMAL PERIOD 1981 TO 2010
CLIMATE RECORD PERIOD 1895 TO 2014

WEATHER ITEM   OBSERVED TIME   RECORD YEAR NORMAL DEPARTURE LAST
                VALUE   (LST)  VALUE       VALUE  FROM      YEAR
                                                  NORMAL
..................................................................
TEMPERATURE (F)
 YESTERDAY
  MAXIMUM         81    258 PM 101    2011  86     -5       96
  MINIMUM         56    405 AM  40    1964  58     -2       59
  AVERAGE         69                        72     -3       78

PRECIPITATION (IN)
  YESTERDAY        T             2.29 1933   0.06  -0.06     0.00
  MONTH TO DATE    2.75                      2.50   0.25     0.79
  SINCE JUN 1     10.35                      9.22   1.13     4.28
  SINCE JAN 1     13.89                     15.70  -1.81     8.64

SNOWFALL (IN)
  YESTERDAY        0.0                       0.0    0.0      0.0
  MONTH TO DATE    0.0                       0.0    0.0      0.0
  SINCE JUN 1      0.0                       0.0    0.0      0.0
  SINCE JUL 1      0.0                       0.0    0.0      0.0
  SNOW DEPTH       0

DEGREE DAYS
 HEATING
  YESTERDAY        0                         1     -1        0
  MONTH TO DATE    0                         2     -2        0
  SINCE JUN 1     51                        43      8       38
  SINCE JUL 1     13                         6      7        7

 COOLING
  YESTERDAY        4                         7     -3       13
  MONTH TO DATE  289                       257     32      279
  SINCE JUN 1    741                       770    -29      860
  SINCE JAN 1    787                       811    -24      949
..................................................................

WIND (MPH)
  HIGHEST WIND SPEED    25   HIGHEST WIND DIRECTION    NW (320)
  HIGHEST GUST SPEED    30   HIGHEST GUST DIRECTION    NW (320)
  AVERAGE WIND SPEED    10.9

SKY COVER
  AVERAGE SKY COVER 0.1

WEATHER CONDITIONS
 THE FOLLOWING WEATHER WAS RECORDED YESTERDAY.
  THUNDERSTORM
  LIGHT RAIN
  FOG

RELATIVE HUMIDITY (PERCENT)
 HIGHEST   100
 LOWEST     39
 AVERAGE    70

..........................................................

THE GOODLAND KS CLIMATE NORMALS FOR TODAY
                         NORMAL    RECORD    YEAR
 MAXIMUM TEMPERATURE (F)   86       101      2013
 MINIMUM TEMPERATURE (F)   57        41      1917

SUNRISE AND SUNSET
AUGUST 29 2014........SUNRISE   612 AM MDT   SUNSET   722 PM MDT
AUGUST 30 2014........SUNRISE   613 AM MDT   SUNSET   721 PM MDT

-  INDICATES NEGATIVE NUMBERS.
R  INDICATES RECORD WAS SET OR TIED.
MM INDICATES DATA IS MISSING.
T  INDICATES TRACE AMOUNT.

&&

THE AVERAGE SOIL TEMPERATURE AT THE FOUR INCH DEPTH... 72

$$
