000
CDUS43 KGLD 160747
CLIGLD

CLIMATE REPORT
NATIONAL WEATHER SERVICE GOODLAND
140 AM MDT WED APR 16 2014

...................................

...THE GOODLAND KS CLIMATE SUMMARY FOR APRIL 15 2014...

CLIMATE NORMAL PERIOD 1981 TO 2010
CLIMATE RECORD PERIOD 1895 TO 2014

WEATHER ITEM   OBSERVED TIME   RECORD YEAR NORMAL DEPARTURE LAST
                VALUE   (LST)  VALUE       VALUE  FROM      YEAR
                                                  NORMAL
..................................................................
TEMPERATURE (F)
 YESTERDAY
  MAXIMUM         66    423 PM  92    2002  63      3       52
  MINIMUM         25    121 AM  20    1951  34     -9       28
  AVERAGE         46                        49     -3       40

PRECIPITATION (IN)
  YESTERDAY        0.00          1.16 1921   0.05  -0.05     0.00
  MONTH TO DATE    0.20                      0.69  -0.49     0.18
  SINCE MAR 1      0.62                      1.76  -1.14     1.63
  SINCE JAN 1      1.56                      2.63  -1.07     2.48

SNOWFALL (IN)
  YESTERDAY        0.0                       0.2   -0.2      0.0
  MONTH TO DATE    0.4                       2.8   -2.4      0.8
  SINCE MAR 1      3.9                       9.6   -5.7     20.6
  SINCE JUL 1     29.1                      33.6   -4.5     43.8
  SNOW DEPTH       0

DEGREE DAYS
 HEATING
  YESTERDAY       19                        16      3       25
  MONTH TO DATE  273                       274     -1      331
  SINCE MAR 1   1041                      1032      9     1174
  SINCE JUL 1   5585                      5449    136     5461

 COOLING
  YESTERDAY        0                         0      0        0
  MONTH TO DATE    1                         0      1        0
  SINCE MAR 1      1                         0      1        0
  SINCE JAN 1      1                         0      1        0
..................................................................

WIND (MPH)
  HIGHEST WIND SPEED    24   HIGHEST WIND DIRECTION    SW (230)
  HIGHEST GUST SPEED    31   HIGHEST GUST DIRECTION    SW (240)
  AVERAGE WIND SPEED    16.4


SKY COVER
  AVERAGE SKY COVER 0.0


WEATHER CONDITIONS
 THE FOLLOWING WEATHER WAS RECORDED YESTERDAY.
  NO SIGNIFICANT WEATHER WAS OBSERVED.


RELATIVE HUMIDITY (PERCENT)
 HIGHEST    68
 LOWEST     16
 AVERAGE    42

..........................................................


THE GOODLAND KS CLIMATE NORMALS FOR TODAY
                         NORMAL    RECORD    YEAR
 MAXIMUM TEMPERATURE (F)   64        87      1964
 MINIMUM TEMPERATURE (F)   35        16      1951


SUNRISE AND SUNSET
APRIL 16 2014.........SUNRISE   608 AM MDT   SUNSET   725 PM MDT
APRIL 17 2014.........SUNRISE   607 AM MDT   SUNSET   726 PM MDT


-  INDICATES NEGATIVE NUMBERS.
R  INDICATES RECORD WAS SET OR TIED.
MM INDICATES DATA IS MISSING.
T  INDICATES TRACE AMOUNT.

&&

THE AVERAGE SOIL TEMPERATURE AT THE FOUR INCH DEPTH... 42

$$
