000
CDUS43 KGLD 191205
CLIGLD

CLIMATE REPORT
NATIONAL WEATHER SERVICE GOODLAND
603 AM MDT WED APR 19 2017

...................................

...THE GOODLAND KS CLIMATE SUMMARY FOR APRIL 18 2017...

CLIMATE NORMAL PERIOD 1981 TO 2010
CLIMATE RECORD PERIOD 1895 TO 2017

WEATHER ITEM   OBSERVED TIME   RECORD YEAR NORMAL DEPARTURE LAST
                VALUE   (LST)  VALUE       VALUE  FROM      YEAR
                                                  NORMAL
..................................................................
TEMPERATURE (F)
 YESTERDAY
  MAXIMUM         77    403 PM  91    1987  64     13       53
  MINIMUM         50    518 AM  14    1944  35     15       32
  AVERAGE         64                        50     14       43

PRECIPITATION (IN)
  YESTERDAY        0.00          2.95 1942   0.05  -0.05     0.00
  MONTH TO DATE    0.32                      0.84  -0.52     2.65
  SINCE MAR 1      2.00                      1.91   0.09     3.20
  SINCE JAN 1      2.93                      2.78   0.15     4.06

SNOWFALL (IN)
  YESTERDAY        0.0                       0.1   -0.1      0.0
  MONTH TO DATE    0.0                       3.1   -3.1      0.0
  SINCE MAR 1      T                         9.9   -9.9      4.4
  SINCE JUL 1      9.4                      33.9  -24.5     27.8
  SNOW DEPTH       0

DEGREE DAYS
 HEATING
  YESTERDAY        1                        15    -14       22
  MONTH TO DATE  210                       321   -111      253
  SINCE MAR 1    805                      1079   -274      858
  SINCE JUL 1   4690                      5496   -806     4704

 COOLING
  YESTERDAY        0                         0      0        0
  MONTH TO DATE    7                         0      7        0
  SINCE MAR 1      7                         0      7        0
  SINCE JAN 1      7                         0      7        0
..................................................................

WIND (MPH)
  HIGHEST WIND SPEED    21   HIGHEST WIND DIRECTION    NW (310)
  HIGHEST GUST SPEED    27   HIGHEST GUST DIRECTION    NW (320)
  AVERAGE WIND SPEED    12.0


SKY COVER
  AVERAGE SKY COVER 0.0


WEATHER CONDITIONS
 THE FOLLOWING WEATHER WAS RECORDED YESTERDAY.
  NO SIGNIFICANT WEATHER WAS OBSERVED.


RELATIVE HUMIDITY (PERCENT)
 HIGHEST    96
 LOWEST     38
 AVERAGE    67

..........................................................


THE GOODLAND KS CLIMATE NORMALS FOR TODAY
                         NORMAL    RECORD    YEAR
 MAXIMUM TEMPERATURE (F)   65        87      2001
                                             1987
                                             1961
 MINIMUM TEMPERATURE (F)   36        18      1953


SUNRISE AND SUNSET
APRIL 19 2017.........SUNRISE   604 AM MDT   SUNSET   729 PM MDT
APRIL 20 2017.........SUNRISE   602 AM MDT   SUNSET   730 PM MDT


-  INDICATES NEGATIVE NUMBERS.
R  INDICATES RECORD WAS SET OR TIED.
MM INDICATES DATA IS MISSING.
T  INDICATES TRACE AMOUNT.

&&

THE AVERAGE SOIL TEMPERATURE AT THE FOUR INCH DEPTH... 58

$$
