000
CDUS43 KGLD 190743
CLIGLD

CLIMATE REPORT
NATIONAL WEATHER SERVICE GOODLAND
140 AM MDT SUN OCT 19 2014

...................................

...THE GOODLAND KS CLIMATE SUMMARY FOR OCTOBER 18 2014...

CLIMATE NORMAL PERIOD 1981 TO 2010
CLIMATE RECORD PERIOD 1895 TO 2014

WEATHER ITEM   OBSERVED TIME   RECORD YEAR NORMAL DEPARTURE LAST
                VALUE   (LST)  VALUE       VALUE  FROM      YEAR
                                                  NORMAL
..................................................................
TEMPERATURE (F)
 YESTERDAY
  MAXIMUM         66    208 PM  90    2003  65      1       47
  MINIMUM         34    438 AM  22    1996  37     -3       31
                                      1976
  AVERAGE         50                        51     -1       39

PRECIPITATION (IN)
  YESTERDAY        0.00          1.64 1960   0.04  -0.04     0.30
  MONTH TO DATE    0.44                      0.84  -0.40     1.21
  SINCE SEP 1      2.48                      2.06   0.42     7.70
  SINCE JAN 1     16.38                     17.96  -1.58    16.49

SNOWFALL (IN)
  YESTERDAY        0.0                       0.1   -0.1      4.0
  MONTH TO DATE    0.0                       0.9   -0.9      4.0
  SINCE SEP 1      T                         1.3   -1.3      4.0
  SINCE JUL 1      T                         1.3   -1.3      4.0
  SNOW DEPTH       0

DEGREE DAYS
 HEATING
  YESTERDAY       15                        14      1       26
  MONTH TO DATE  187                       200    -13      222
  SINCE SEP 1    287                       312    -25      269
  SINCE JUL 1    300                       324    -24      276

 COOLING
  YESTERDAY        0                         0      0        0
  MONTH TO DATE    0                         5     -5        0
  SINCE SEP 1    117                       105     12      183
  SINCE JAN 1    919                       938    -19     1181
..................................................................

WIND (MPH)
  HIGHEST WIND SPEED    24   HIGHEST WIND DIRECTION     S (170)
  HIGHEST GUST SPEED    30   HIGHEST GUST DIRECTION     S (170)
  AVERAGE WIND SPEED    13.5


SKY COVER
  AVERAGE SKY COVER 0.0


WEATHER CONDITIONS
 THE FOLLOWING WEATHER WAS RECORDED YESTERDAY.
  NO SIGNIFICANT WEATHER WAS OBSERVED.


RELATIVE HUMIDITY (PERCENT)
 HIGHEST    92
 LOWEST     37
 AVERAGE    65

..........................................................


THE GOODLAND KS CLIMATE NORMALS FOR TODAY
                         NORMAL    RECORD    YEAR
 MAXIMUM TEMPERATURE (F)   65        92      2003
 MINIMUM TEMPERATURE (F)   36        19      1976
                                             1925


SUNRISE AND SUNSET
OCTOBER 19 2014.......SUNRISE   701 AM MDT   SUNSET   602 PM MDT
OCTOBER 20 2014.......SUNRISE   702 AM MDT   SUNSET   601 PM MDT


-  INDICATES NEGATIVE NUMBERS.
R  INDICATES RECORD WAS SET OR TIED.
MM INDICATES DATA IS MISSING.
T  INDICATES TRACE AMOUNT.

&&

THE AVERAGE SOIL TEMPERATURE AT THE FOUR INCH DEPTH... 56

$$
