000
CDUS43 KGLD 150800
CLIGLD

CLIMATE REPORT
NATIONAL WEATHER SERVICE GOODLAND
158 AM MDT TUE AUG 15 2017

...................................

...THE GOODLAND KS CLIMATE SUMMARY FOR AUGUST 14 2017...

CLIMATE NORMAL PERIOD 1981 TO 2010
CLIMATE RECORD PERIOD 1895 TO 2017

WEATHER ITEM   OBSERVED TIME   RECORD YEAR NORMAL DEPARTURE LAST
                VALUE   (LST)  VALUE       VALUE  FROM      YEAR
                                                  NORMAL
..................................................................
TEMPERATURE (F)
 YESTERDAY
  MAXIMUM         89    143 PM 104    1937  88      1       86
  MINIMUM         61    535 AM  47    1920  61      0       56
  AVERAGE         75                        74      1       71

PRECIPITATION (IN)
  YESTERDAY        0.01          1.88 1917   0.10  -0.09     0.00
  MONTH TO DATE    1.65                      1.44   0.21     0.79
  SINCE JUN 1      9.47                      8.16   1.31     5.16
  SINCE JAN 1     21.86                     14.64   7.22    12.52

SNOWFALL (IN)
  YESTERDAY        0.0                       0.0    0.0      0.0
  MONTH TO DATE    T                         0.0    0.0      0.0
  SINCE JUN 1      T                         0.0    0.0      0.0
  SINCE JUL 1      T                         0.0    0.0      0.0
  SNOW DEPTH       0

DEGREE DAYS
 HEATING
  YESTERDAY        0                         0      0        0
  MONTH TO DATE    0                         0      0        0
  SINCE JUN 1     13                        41    -28        2
  SINCE JUL 1      0                         4     -4        0

 COOLING
  YESTERDAY       10                         9      1        6
  MONTH TO DATE   66                       141    -75      143
  SINCE JUN 1    657                       654      3      834
  SINCE JAN 1    695                       695      0      858
..................................................................

WIND (MPH)
  HIGHEST WIND SPEED    28   HIGHEST WIND DIRECTION     N (10)
  HIGHEST GUST SPEED    33   HIGHEST GUST DIRECTION     N (10)
  AVERAGE WIND SPEED    12.2


SKY COVER
  AVERAGE SKY COVER 0.0


WEATHER CONDITIONS
 THE FOLLOWING WEATHER WAS RECORDED YESTERDAY.
  THUNDERSTORM
  LIGHT RAIN


RELATIVE HUMIDITY (PERCENT)
 HIGHEST    84
 LOWEST     42
 AVERAGE    63

..........................................................


THE GOODLAND KS CLIMATE NORMALS FOR TODAY
                         NORMAL    RECORD    YEAR
 MAXIMUM TEMPERATURE (F)   88       106      1937
 MINIMUM TEMPERATURE (F)   61        49      1978


SUNRISE AND SUNSET
AUGUST 15 2017........SUNRISE   600 AM MDT   SUNSET   742 PM MDT
AUGUST 16 2017........SUNRISE   601 AM MDT   SUNSET   741 PM MDT


-  INDICATES NEGATIVE NUMBERS.
R  INDICATES RECORD WAS SET OR TIED.
MM INDICATES DATA IS MISSING.
T  INDICATES TRACE AMOUNT.

&&

THE AVERAGE SOIL TEMPERATURE AT THE FOUR INCH DEPTH... 73

$$
