000
CDUS43 KGLD 250742
CLIGLD

CLIMATE REPORT
NATIONAL WEATHER SERVICE GOODLAND
140 AM MDT SUN SEP 25 2016

...................................

...THE GOODLAND KS CLIMATE SUMMARY FOR SEPTEMBER 24 2016...

CLIMATE NORMAL PERIOD 1981 TO 2010
CLIMATE RECORD PERIOD 1895 TO 2016

WEATHER ITEM   OBSERVED TIME   RECORD YEAR NORMAL DEPARTURE LAST
                VALUE   (LST)  VALUE       VALUE  FROM      YEAR
                                                  NORMAL
..................................................................
TEMPERATURE (F)
 YESTERDAY
  MAXIMUM         76    152 PM  96    1966  75      1       79
                                      1908
  MINIMUM         45    552 AM  30    2000  46     -1       53
                                      1926
  AVERAGE         61                        61      0       66

PRECIPITATION (IN)
  YESTERDAY        0.00          0.87 1959   0.03  -0.03     0.00
  MONTH TO DATE    2.49                      0.98   1.51     0.88
  SINCE SEP 1      2.49                      0.98   1.51     0.88
  SINCE JAN 1     16.53                     16.88  -0.35    17.63

SNOWFALL (IN)
  YESTERDAY        0.0                       0.1   -0.1      0.0
  MONTH TO DATE    T                         0.3   -0.3      0.0
  SINCE SEP 1      T                         0.3   -0.3      0.0
  SINCE JUL 1      T                         0.3   -0.3      0.0
  SNOW DEPTH       0

DEGREE DAYS
 HEATING
  YESTERDAY        4                         6     -2        0
  MONTH TO DATE   31                        70    -39       18
  SINCE SEP 1     31                        70    -39       18
  SINCE JUL 1     38                        82    -44       24

 COOLING
  YESTERDAY        0                         2     -2        1
  MONTH TO DATE  121                        94     27      207
  SINCE SEP 1    121                        94     27      207
  SINCE JAN 1   1070                       927    143     1115
..................................................................

WIND (MPH)
  HIGHEST WIND SPEED    23   HIGHEST WIND DIRECTION     N (340)
  HIGHEST GUST SPEED    30   HIGHEST GUST DIRECTION     N (350)
  AVERAGE WIND SPEED     8.0


SKY COVER
  AVERAGE SKY COVER 0.1


WEATHER CONDITIONS
 THE FOLLOWING WEATHER WAS RECORDED YESTERDAY.
  NO SIGNIFICANT WEATHER WAS OBSERVED.


RELATIVE HUMIDITY (PERCENT)
 HIGHEST    86
 LOWEST     20
 AVERAGE    53

..........................................................


THE GOODLAND KS CLIMATE NORMALS FOR TODAY
                         NORMAL    RECORD    YEAR
 MAXIMUM TEMPERATURE (F)   75        97      1998
 MINIMUM TEMPERATURE (F)   46        21      1926


SUNRISE AND SUNSET
SEPTEMBER 25 2016.....SUNRISE   638 AM MDT   SUNSET   638 PM MDT
SEPTEMBER 26 2016.....SUNRISE   639 AM MDT   SUNSET   636 PM MDT


-  INDICATES NEGATIVE NUMBERS.
R  INDICATES RECORD WAS SET OR TIED.
MM INDICATES DATA IS MISSING.
T  INDICATES TRACE AMOUNT.

&&

THE AVERAGE SOIL TEMPERATURE AT THE FOUR INCH DEPTH... 70

$$
