000
CDUS43 KGLD 220739
CLIGLD

CLIMATE REPORT
NATIONAL WEATHER SERVICE GOODLAND
138 AM MDT TUE JUL 22 2014

...................................

...THE GOODLAND KS CLIMATE SUMMARY FOR JULY 21 2014...

CLIMATE NORMAL PERIOD 1981 TO 2010
CLIMATE RECORD PERIOD 1895 TO 2014

WEATHER ITEM   OBSERVED TIME   RECORD YEAR NORMAL DEPARTURE LAST
                VALUE   (LST)  VALUE       VALUE  FROM      YEAR
                                                  NORMAL
..................................................................
TEMPERATURE (F)
 YESTERDAY
  MAXIMUM         98    329 PM 105    2012  90      8       88
                                      2005
                                      1934
  MINIMUM         71   1126 PM  50    1958  62      9       59
  AVERAGE         85                        76      9       74

PRECIPITATION (IN)
  YESTERDAY        0.00          1.46 1930   0.12  -0.12     0.00
  MONTH TO DATE    1.73                      2.35  -0.62     0.16
  SINCE JUN 1      7.26                      5.60   1.66     3.20
  SINCE JAN 1     10.80                     12.08  -1.28     7.56

SNOWFALL (IN)
  YESTERDAY        0.0                       0.0    0.0      0.0
  MONTH TO DATE    0.0                       0.0    0.0      0.0
  SINCE JUN 1      0.0                       0.0    0.0      0.0
  SINCE JUL 1      0.0                       0.0    0.0      0.0
  SNOW DEPTH       0

DEGREE DAYS
 HEATING
  YESTERDAY        0                         0      0        0
  MONTH TO DATE   13                         0     13        0
  SINCE JUN 1     51                        37     14       31
  SINCE JUL 1     13                         0     13        0

 COOLING
  YESTERDAY       20                        11      9        9
  MONTH TO DATE  192                       224    -32      243
  SINCE JUN 1    341                       403    -62      500
  SINCE JAN 1    387                       444    -57      589
..................................................................

WIND (MPH)
  HIGHEST WIND SPEED    22   HIGHEST WIND DIRECTION     S (180)
  HIGHEST GUST SPEED    27   HIGHEST GUST DIRECTION    SE (120)
  AVERAGE WIND SPEED    10.1


SKY COVER
  AVERAGE SKY COVER 0.0


WEATHER CONDITIONS
THE FOLLOWING WEATHER WAS RECORDED YESTERDAY.
  NO SIGNIFICANT WEATHER WAS OBSERVED.


RELATIVE HUMIDITY (PERCENT)
 HIGHEST    79
 LOWEST     28
 AVERAGE    54

..........................................................


THE GOODLAND KS CLIMATE NORMALS FOR TODAY
                         NORMAL    RECORD    YEAR
 MAXIMUM TEMPERATURE (F)   90       105      1934
 MINIMUM TEMPERATURE (F)   62        52      1994
                                             1958
                                             1897


SUNRISE AND SUNSET
JULY 22 2014..........SUNRISE   538 AM MDT   SUNSET   808 PM MDT
JULY 23 2014..........SUNRISE   539 AM MDT   SUNSET   807 PM MDT


-  INDICATES NEGATIVE NUMBERS.
R  INDICATES RECORD WAS SET OR TIED.
MM INDICATES DATA IS MISSING.
T  INDICATES TRACE AMOUNT.

&&

THE AVERAGE SOIL TEMPERATURE AT THE FOUR INCH DEPTH... 74

$$
