290
CDUS43 KGLD 190738
CLIGLD

CLIMATE REPORT
NATIONAL WEATHER SERVICE GOODLAND
136 AM MDT MON JUN 19 2017

...................................

...THE GOODLAND KS CLIMATE SUMMARY FOR JUNE 18 2017...

CLIMATE NORMAL PERIOD 1981 TO 2010
CLIMATE RECORD PERIOD 1895 TO 2017

WEATHER ITEM   OBSERVED TIME   RECORD YEAR NORMAL DEPARTURE LAST
                VALUE   (LST)  VALUE       VALUE  FROM      YEAR
                                                  NORMAL
..................................................................
TEMPERATURE (F)
 YESTERDAY
  MAXIMUM         80    407 PM 109    1936  85     -5       89
  MINIMUM         57    428 AM  40    1912  57      0       55
  AVERAGE         69                        71     -2       72

PRECIPITATION (IN)
  YESTERDAY        0.08          1.79 1928   0.11  -0.03     0.00
  MONTH TO DATE    1.90                      1.98  -0.08     0.48
  SINCE JUN 1      1.90                      1.98  -0.08     0.48
  SINCE JAN 1     14.29                      8.46   5.83     7.84

SNOWFALL (IN)
  YESTERDAY        0.0                       0.0    0.0      0.0
  MONTH TO DATE    0.0                       0.0    0.0      0.0
  SINCE JUN 1      0.0                       0.0    0.0      0.0
  SINCE JUL 1     14.2                      35.5  -21.3     30.1
  SNOW DEPTH       0

DEGREE DAYS
 HEATING
  YESTERDAY        0                         1     -1        0
  MONTH TO DATE    0                        33    -33        2
  SINCE JUN 1      0                        33    -33        2
  SINCE JUL 1   5118                      5899   -781     5131

 COOLING
  YESTERDAY        4                         6     -2        7
  MONTH TO DATE  125                        82     43      139
  SINCE JUN 1    125                        82     43      139
  SINCE JAN 1    163                       123     40      163
..................................................................

WIND (MPH)
  HIGHEST WIND SPEED    17   HIGHEST WIND DIRECTION     S (190)
  HIGHEST GUST SPEED    23   HIGHEST GUST DIRECTION     S (170)
  AVERAGE WIND SPEED     6.5


SKY COVER
  AVERAGE SKY COVER 0.5


WEATHER CONDITIONS
 THE FOLLOWING WEATHER WAS RECORDED YESTERDAY.
  LIGHT RAIN
  FOG


RELATIVE HUMIDITY (PERCENT)
 HIGHEST    72
 LOWEST     33
 AVERAGE    53

..........................................................


THE GOODLAND KS CLIMATE NORMALS FOR TODAY
                         NORMAL    RECORD    YEAR
 MAXIMUM TEMPERATURE (F)   85       104      1936
 MINIMUM TEMPERATURE (F)   57        42      1912


SUNRISE AND SUNSET
JUNE 19 2017..........SUNRISE   520 AM MDT   SUNSET   817 PM MDT
JUNE 20 2017..........SUNRISE   520 AM MDT   SUNSET   817 PM MDT


-  INDICATES NEGATIVE NUMBERS.
R  INDICATES RECORD WAS SET OR TIED.
MM INDICATES DATA IS MISSING.
T  INDICATES TRACE AMOUNT.

&&

THE AVERAGE SOIL TEMPERATURE AT THE FOUR INCH DEPTH... 75

$$
