476
CDUS43 KGLD 140740
CLIGLD

CLIMATE REPORT
NATIONAL WEATHER SERVICE GOODLAND
138 AM MDT MON AUG 14 2017

...................................

...THE GOODLAND KS CLIMATE SUMMARY FOR AUGUST 13 2017...

CLIMATE NORMAL PERIOD 1981 TO 2010
CLIMATE RECORD PERIOD 1895 TO 2017

WEATHER ITEM   OBSERVED TIME   RECORD YEAR NORMAL DEPARTURE LAST
                VALUE   (LST)  VALUE       VALUE  FROM      YEAR
                                                  NORMAL
..................................................................
TEMPERATURE (F)
 YESTERDAY
  MAXIMUM         85    417 PM 103    1936  88     -3       90
  MINIMUM         58    522 AM  41    1920  61     -3       59
  AVERAGE         72                        74     -2       75

PRECIPITATION (IN)
  YESTERDAY        T             0.62 1916   0.09  -0.09     0.42
  MONTH TO DATE    1.64                      1.34   0.30     0.79
  SINCE JUN 1      9.46                      8.06   1.40     5.16
  SINCE JAN 1     21.85                     14.54   7.31    12.52

SNOWFALL (IN)
  YESTERDAY        0.0                       0.0    0.0      0.0
  MONTH TO DATE    T                         0.0    0.0      0.0
  SINCE JUN 1      T                         0.0    0.0      0.0
  SINCE JUL 1      T                         0.0    0.0      0.0
  SNOW DEPTH       0

DEGREE DAYS
 HEATING
  YESTERDAY        0                         0      0        0
  MONTH TO DATE    0                         0      0        0
  SINCE JUN 1     13                        41    -28        2
  SINCE JUL 1      0                         4     -4        0

 COOLING
  YESTERDAY        7                        10     -3       10
  MONTH TO DATE   56                       132    -76      137
  SINCE JUN 1    647                       645      2      828
  SINCE JAN 1    685                       686     -1      852
..................................................................

WIND (MPH)
  HIGHEST WIND SPEED    24   HIGHEST WIND DIRECTION     S (180)
  HIGHEST GUST SPEED    30   HIGHEST GUST DIRECTION     S (180)
  AVERAGE WIND SPEED     8.4


SKY COVER
  AVERAGE SKY COVER 0.1


WEATHER CONDITIONS
 THE FOLLOWING WEATHER WAS RECORDED YESTERDAY.
  THUNDERSTORM
  LIGHT RAIN


RELATIVE HUMIDITY (PERCENT)
 HIGHEST   100
 LOWEST     51
 AVERAGE    76

..........................................................


THE GOODLAND KS CLIMATE NORMALS FOR TODAY
                         NORMAL    RECORD    YEAR
 MAXIMUM TEMPERATURE (F)   88       104      1937
 MINIMUM TEMPERATURE (F)   61        47      1920


SUNRISE AND SUNSET
AUGUST 14 2017........SUNRISE   559 AM MDT   SUNSET   743 PM MDT
AUGUST 15 2017........SUNRISE   600 AM MDT   SUNSET   742 PM MDT


-  INDICATES NEGATIVE NUMBERS.
R  INDICATES RECORD WAS SET OR TIED.
MM INDICATES DATA IS MISSING.
T  INDICATES TRACE AMOUNT.

&&

THE AVERAGE SOIL TEMPERATURE AT THE FOUR INCH DEPTH... 71

$$
