000
CDUS43 KGLD 120745
CLIGLD

CLIMATE REPORT
NATIONAL WEATHER SERVICE GOODLAND
145 AM MDT THU OCT 12 2017

...................................

...THE GOODLAND KS CLIMATE SUMMARY FOR OCTOBER 11 2017...

CLIMATE NORMAL PERIOD 1981 TO 2010
CLIMATE RECORD PERIOD 1895 TO 2017

WEATHER ITEM   OBSERVED TIME   RECORD YEAR NORMAL DEPARTURE LAST
                VALUE   (LST)  VALUE       VALUE  FROM      YEAR
                                                  NORMAL
..................................................................
TEMPERATURE (F)
 YESTERDAY
  MAXIMUM         69    332 PM  93    2015  68      1       76
                                      1996
  MINIMUM         34    557 AM  22    1948  39     -5       41
  AVERAGE         52                        54     -2       59

PRECIPITATION (IN)
  YESTERDAY        0.00          2.85 1930   0.05  -0.05     0.04
  MONTH TO DATE    0.44                      0.51  -0.07     0.04
  SINCE SEP 1      4.29                      1.73   2.56     2.53
  SINCE JAN 1     26.25                     17.63   8.62    16.57

SNOWFALL (IN)
  YESTERDAY        0.0                       0.1   -0.1      0.0
  MONTH TO DATE    T                         0.4   -0.4      0.0
  SINCE SEP 1      T                         0.8   -0.8       T
  SINCE JUL 1      T                         0.8   -0.8       T
  SNOW DEPTH       0

DEGREE DAYS
 HEATING
  YESTERDAY       13                        12      1        6
  MONTH TO DATE  110                       109      1       84
  SINCE SEP 1    218                       221     -3      142
  SINCE JUL 1    218                       233    -15      149

 COOLING
  YESTERDAY        0                         0      0        0
  MONTH TO DATE    0                         5     -5       10
  SINCE SEP 1    139                       105     34      132
  SINCE JAN 1    958                       938     20     1081
..................................................................

WIND (MPH)
  HIGHEST WIND SPEED    26   HIGHEST WIND DIRECTION     S (180)
  HIGHEST GUST SPEED    36   HIGHEST GUST DIRECTION     S (170)
  AVERAGE WIND SPEED    15.3


SKY COVER
  AVERAGE SKY COVER 0.0


WEATHER CONDITIONS
 THE FOLLOWING WEATHER WAS RECORDED YESTERDAY.
  NO SIGNIFICANT WEATHER WAS OBSERVED.


RELATIVE HUMIDITY (PERCENT)
 HIGHEST    86
 LOWEST     33
 AVERAGE    60

..........................................................


THE GOODLAND KS CLIMATE NORMALS FOR TODAY
                         NORMAL    RECORD    YEAR
 MAXIMUM TEMPERATURE (F)   68        94      1975
 MINIMUM TEMPERATURE (F)   39        20      1917


SUNRISE AND SUNSET
OCTOBER 12 2017.......SUNRISE   654 AM MDT   SUNSET   612 PM MDT
OCTOBER 13 2017.......SUNRISE   655 AM MDT   SUNSET   610 PM MDT


-  INDICATES NEGATIVE NUMBERS.
R  INDICATES RECORD WAS SET OR TIED.
MM INDICATES DATA IS MISSING.
T  INDICATES TRACE AMOUNT.

&&

THE AVERAGE SOIL TEMPERATURE AT THE FOUR INCH DEPTH... 50

$$
