000
CDUS43 KGLD 010746
CLIGLD

CLIMATE REPORT
NATIONAL WEATHER SERVICE GOODLAND
1238 AM MST SUN MAR 1 2015

...................................

...THE GOODLAND KS CLIMATE SUMMARY FOR FEBRUARY 28 2015...

CLIMATE NORMAL PERIOD 1981 TO 2010
CLIMATE RECORD PERIOD 1895 TO 2015

WEATHER ITEM   OBSERVED TIME   RECORD YEAR NORMAL DEPARTURE LAST
                VALUE   (LST)  VALUE       VALUE  FROM      YEAR
                                                  NORMAL
..................................................................
TEMPERATURE (F)
 YESTERDAY
  MAXIMUM         19    616 PM  81    2006  49    -30       58
  MINIMUM          8    626 AM -16    1960  23    -15       20
  AVERAGE         14                        36    -22       39

PRECIPITATION (IN)
  YESTERDAY        T             0.90 1918   0.02  -0.02     0.00
  MONTH TO DATE    0.80                      0.49   0.31     0.37
  SINCE DEC 1      2.54                      1.33   1.21     0.99
  SINCE JAN 1      1.08                      0.87   0.21     0.94

SNOWFALL (IN)
  YESTERDAY        0.3                       0.2    0.1      0.0
  MONTH TO DATE    9.8                       5.4    4.4      8.8
  SINCE DEC 1     21.9                      16.8    5.1     20.9
  SINCE JUL 1     22.1                      24.0   -1.9     25.2
  SNOW DEPTH       1

DEGREE DAYS
 HEATING
  YESTERDAY       51                        29     22       26
  MONTH TO DATE  885                       915    -30     1101
  SINCE DEC 1   2960                      3098   -138     3271
  SINCE JUL 1   4215                      4417   -202     4544

 COOLING
  YESTERDAY        0                         0      0        0
  MONTH TO DATE    0                         0      0        0
  SINCE DEC 1      0                         0      0        0
  SINCE JAN 1      0                         0      0        0
..................................................................

WIND (MPH)
  HIGHEST WIND SPEED    18   HIGHEST WIND DIRECTION     S (160)
  HIGHEST GUST SPEED    22   HIGHEST GUST DIRECTION     S (160)
  AVERAGE WIND SPEED     9.4


SKY COVER
  AVERAGE SKY COVER 1.0


WEATHER CONDITIONS
 THE FOLLOWING WEATHER WAS RECORDED YESTERDAY.
  LIGHT SNOW
  FOG
  HAZE


RELATIVE HUMIDITY (PERCENT)
 HIGHEST    92
 LOWEST     73
 AVERAGE    83

..........................................................


THE GOODLAND KS CLIMATE NORMALS FOR TODAY
                         NORMAL    RECORD    YEAR
 MAXIMUM TEMPERATURE (F)   50        79      2008
 MINIMUM TEMPERATURE (F)   23       -11      1922


SUNRISE AND SUNSET
MARCH  1 2015.........SUNRISE   620 AM MST   SUNSET   539 PM MST
MARCH  2 2015.........SUNRISE   618 AM MST   SUNSET   540 PM MST


-  INDICATES NEGATIVE NUMBERS.
R  INDICATES RECORD WAS SET OR TIED.
MM INDICATES DATA IS MISSING.
T  INDICATES TRACE AMOUNT.

&&

THE AVERAGE SOIL TEMPERATURE AT THE FOUR INCH DEPTH... 32
THE CURRENT DEPTH OF FROST... 3 INCHES

$$
