000
CDUS43 KGLD 280100
CLIGLD

CLIMATE REPORT
NATIONAL WEATHER SERVICE GOODLAND
658 PM MDT SAT JUN 27 2015

...................................

...THE GOODLAND KS CLIMATE SUMMARY FOR JUNE 27 2015...
VALID TODAY AS OF 0600 PM LOCAL TIME.

CLIMATE NORMAL PERIOD 1981 TO 2010
CLIMATE RECORD PERIOD 1895 TO 2015

WEATHER ITEM   OBSERVED TIME   RECORD YEAR NORMAL DEPARTURE LAST
                VALUE   (LST)  VALUE       VALUE  FROM      YEAR
                                                  NORMAL
..................................................................
TEMPERATURE (F)
 TODAY
  MAXIMUM         87    255 PM 110    2012  88     -1       84
  MINIMUM         54    358 AM  43    1985  59     -5       58
  AVERAGE         71                        73     -2       71

PRECIPITATION (IN)
  TODAY            0.00          1.42 1948   0.10  -0.10     0.07
  MONTH TO DATE    2.31                      2.94  -0.63     5.05
  SINCE JUN 1      2.31                      2.94  -0.63     5.05
  SINCE JAN 1     14.10                      9.42   4.68     8.59

SNOWFALL (IN)
  TODAY            0.0                       0.0    0.0      0.0
  MONTH TO DATE    0.0                       0.0    0.0      0.0
  SINCE JUN 1      0.0                       0.0    0.0      0.0
  SINCE JUL 1     24.7                      35.5  -10.8     29.1
  SNOW DEPTH       0

DEGREE DAYS
 HEATING
  TODAY            0                         0      0        0
  MONTH TO DATE    5                        36    -31       38
  SINCE JUN 1      5                        36    -31       38
  SINCE JUL 1   5432                      5902   -470     5996

 COOLING
  TODAY            6                         9     -3        6
  MONTH TO DATE  210                       152     58      126
  SINCE JUN 1    210                       152     58      126
  SINCE JAN 1    216                       193     23      172
..................................................................

WIND (MPH)
  HIGHEST WIND SPEED    13   HIGHEST WIND DIRECTION    SE (130)
  HIGHEST GUST SPEED    17   HIGHEST GUST DIRECTION    SE (130)
  AVERAGE WIND SPEED     6.3


SKY COVER
  AVERAGE SKY COVER 0.2


WEATHER CONDITIONS
 THE FOLLOWING WEATHER WAS RECORDED TODAY.
  NO SIGNIFICANT WEATHER WAS OBSERVED.


RELATIVE HUMIDITY (PERCENT)
 HIGHEST    86           100 AM
 LOWEST     32           400 PM
 AVERAGE    59

..........................................................


THE GOODLAND KS CLIMATE NORMALS FOR TOMORROW
                         NORMAL    RECORD    YEAR
 MAXIMUM TEMPERATURE (F)   88       106      1970
 MINIMUM TEMPERATURE (F)   59        43      1985


SUNRISE AND SUNSET
JUNE 27 2015..........SUNRISE   522 AM MDT   SUNSET   818 PM MDT
JUNE 28 2015..........SUNRISE   522 AM MDT   SUNSET   818 PM MDT


-  INDICATES NEGATIVE NUMBERS.
R  INDICATES RECORD WAS SET OR TIED.
MM INDICATES DATA IS MISSING.
T  INDICATES TRACE AMOUNT.

&&

THE AVERAGE SOIL TEMPERATURE AT THE FOUR INCH DEPTH... 76

$$
