000
CDUS43 KGLD 160810
CLIGLD

CLIMATE REPORT
NATIONAL WEATHER SERVICE GOODLAND
206 AM MDT SAT AUG 16 2014

...................................

...THE GOODLAND KS CLIMATE SUMMARY FOR AUGUST 15 2014...

CLIMATE NORMAL PERIOD 1981 TO 2010
CLIMATE RECORD PERIOD 1895 TO 2014

WEATHER ITEM   OBSERVED TIME   RECORD YEAR NORMAL DEPARTURE LAST
                VALUE   (LST)  VALUE       VALUE  FROM      YEAR
                                                  NORMAL
..................................................................
TEMPERATURE (F)
 YESTERDAY
  MAXIMUM         92    252 PM 106    1937  88      4       84
  MINIMUM         62    513 AM  49    1978  61      1       57
  AVERAGE         77                        74      3       71

PRECIPITATION (IN)
  YESTERDAY        T             1.21 1953   0.09  -0.09     0.00
  MONTH TO DATE    1.20                      1.53  -0.33     0.79
  SINCE JUN 1      8.80                      8.25   0.55     4.28
  SINCE JAN 1     12.34                     14.73  -2.39     8.64

SNOWFALL (IN)
  YESTERDAY        0.0                       0.0    0.0      0.0
  MONTH TO DATE    0.0                       0.0    0.0      0.0
  SINCE JUN 1      0.0                       0.0    0.0      0.0
  SINCE JUL 1      0.0                       0.0    0.0      0.0
  SNOW DEPTH       0

DEGREE DAYS
 HEATING
  YESTERDAY        0                         0      0        0
  MONTH TO DATE    0                         0      0        0
  SINCE JUN 1     51                        41     10       38
  SINCE JUL 1     13                         4      9        7

 COOLING
  YESTERDAY       12                         9      3        6
  MONTH TO DATE  156                       150      6      115
  SINCE JUN 1    608                       663    -55      696
  SINCE JAN 1    654                       704    -50      785
..................................................................

WIND (MPH)
  HIGHEST WIND SPEED    22   HIGHEST WIND DIRECTION     N (350)
  HIGHEST GUST SPEED    26   HIGHEST GUST DIRECTION     N (360)
  AVERAGE WIND SPEED     8.6


SKY COVER
  AVERAGE SKY COVER 0.0


WEATHER CONDITIONS
 THE FOLLOWING WEATHER WAS RECORDED YESTERDAY.
  THUNDERSTORM
  LIGHT RAIN
  FOG


RELATIVE HUMIDITY (PERCENT)
 HIGHEST   100
 LOWEST     29
 AVERAGE    65

..........................................................


THE GOODLAND KS CLIMATE NORMALS FOR TODAY
                         NORMAL    RECORD    YEAR
 MAXIMUM TEMPERATURE (F)   88       105      1983
                                             1914
 MINIMUM TEMPERATURE (F)   60        50      1897


SUNRISE AND SUNSET
AUGUST 16 2014........SUNRISE   600 AM MDT   SUNSET   741 PM MDT
AUGUST 17 2014........SUNRISE   601 AM MDT   SUNSET   740 PM MDT


-  INDICATES NEGATIVE NUMBERS.
R  INDICATES RECORD WAS SET OR TIED.
MM INDICATES DATA IS MISSING.
T  INDICATES TRACE AMOUNT.

&&

THE AVERAGE SOIL TEMPERATURE AT THE FOUR INCH DEPTH... 75

$$
