000
CDUS43 KGLD 150745
CLIGLD

CLIMATE REPORT
NATIONAL WEATHER SERVICE GOODLAND
142 AM MDT TUE APR 15 2014

...................................

...THE GOODLAND KS CLIMATE SUMMARY FOR APRIL 14 2014...

CLIMATE NORMAL PERIOD 1981 TO 2010
CLIMATE RECORD PERIOD 1895 TO 2014

WEATHER ITEM   OBSERVED TIME   RECORD YEAR NORMAL DEPARTURE LAST
                VALUE   (LST)  VALUE       VALUE  FROM      YEAR
                                                  NORMAL
..................................................................
TEMPERATURE (F)
 YESTERDAY
  MAXIMUM         42    412 PM  88    2003  63    -21       57
  MINIMUM         24    608 AM  15    1928  34    -10       32
  AVERAGE         33                        48    -15       45

PRECIPITATION (IN)
  YESTERDAY        T             1.19 1927   0.05  -0.05     0.00
  MONTH TO DATE    0.20                      0.64  -0.44     0.18
  SINCE MAR 1      0.62                      1.71  -1.09     1.63
  SINCE JAN 1      1.56                      2.58  -1.02     2.48

SNOWFALL (IN)
  YESTERDAY        T                         0.1   -0.1      0.0
  MONTH TO DATE    0.4                       2.6   -2.2      0.8
  SINCE MAR 1      3.9                       9.4   -5.5     20.6
  SINCE JUL 1     29.1                      33.4   -4.3     43.8
  SNOW DEPTH       T

DEGREE DAYS
 HEATING
  YESTERDAY       32                        17     15       20
  MONTH TO DATE  254                       258     -4      306
  SINCE MAR 1   1022                      1016      6     1149
  SINCE JUL 1   5566                      5433    133     5436

 COOLING
  YESTERDAY        0                         0      0        0
  MONTH TO DATE    1                         0      1        0
  SINCE MAR 1      1                         0      1        0
  SINCE JAN 1      1                         0      1        0
..................................................................

WIND (MPH)
  HIGHEST WIND SPEED    29   HIGHEST WIND DIRECTION     N (360)
  HIGHEST GUST SPEED    35   HIGHEST GUST DIRECTION     N (360)
  AVERAGE WIND SPEED    17.2


SKY COVER
  AVERAGE SKY COVER 0.3


WEATHER CONDITIONS
 THE FOLLOWING WEATHER WAS RECORDED YESTERDAY.
  LIGHT SNOW
  FOG


RELATIVE HUMIDITY (PERCENT)
 HIGHEST    88
 LOWEST     30
 AVERAGE    59

..........................................................


THE GOODLAND KS CLIMATE NORMALS FOR TODAY
                         NORMAL    RECORD    YEAR
 MAXIMUM TEMPERATURE (F)   63        92      2002
 MINIMUM TEMPERATURE (F)   34        20      1951


SUNRISE AND SUNSET
APRIL 15 2014.........SUNRISE   610 AM MDT   SUNSET   725 PM MDT
APRIL 16 2014.........SUNRISE   608 AM MDT   SUNSET   725 PM MDT


-  INDICATES NEGATIVE NUMBERS.
R  INDICATES RECORD WAS SET OR TIED.
MM INDICATES DATA IS MISSING.
T  INDICATES TRACE AMOUNT.

&&

THE AVERAGE SOIL TEMPERATURE AT THE FOUR INCH DEPTH... 48

$$
