000
CDUS43 KGLD 170055
CLIGLD

CLIMATE REPORT
NATIONAL WEATHER SERVICE GOODLAND
551 PM MST SUN NOV 16 2014

...................................

...THE GOODLAND KS CLIMATE SUMMARY FOR NOVEMBER 16 2014...
VALID TODAY AS OF 0500 PM LOCAL TIME.

CLIMATE NORMAL PERIOD 1981 TO 2010
CLIMATE RECORD PERIOD 1895 TO 2014

WEATHER ITEM   OBSERVED TIME   RECORD YEAR NORMAL DEPARTURE LAST
                VALUE   (LST)  VALUE       VALUE  FROM      YEAR
                                                  NORMAL
..................................................................
TEMPERATURE (F)
 TODAY
  MAXIMUM         37    313 PM  80    1941  52    -15       61
  MINIMUM          7    644 AM  -3    1955  25    -18       33
  AVERAGE         22                        39    -17       47

PRECIPITATION (IN)
  TODAY            T             0.71 1991   0.02  -0.02     0.00
  MONTH TO DATE    T                         0.44  -0.44     0.16
  SINCE SEP 1      2.49                      3.03  -0.54     7.89
  SINCE JAN 1     16.39                     18.93  -2.54    16.68

SNOWFALL (IN)
  TODAY            T                         0.2   -0.2      0.0
  MONTH TO DATE    0.2                       2.2   -2.0       T
  SINCE SEP 1      0.2                       4.8   -4.6      4.0
  SINCE JUL 1      0.2                       4.8   -4.6      4.0
  SNOW DEPTH       0

DEGREE DAYS
 HEATING
  TODAY           43                        26     17       18
  MONTH TO DATE  451                       362     89      343
  SINCE SEP 1    866                       890    -24      847
  SINCE JUL 1    879                       902    -23      854

 COOLING
  TODAY            0                         0      0        0
  MONTH TO DATE    0                         0      0        0
  SINCE SEP 1    118                       108     10      183
  SINCE JAN 1    920                       941    -21     1181
..................................................................

WIND (MPH)
  HIGHEST WIND SPEED    31   HIGHEST WIND DIRECTION     N (340)
  HIGHEST GUST SPEED    40   HIGHEST GUST DIRECTION     N (340)
  AVERAGE WIND SPEED    18.5


SKY COVER
  AVERAGE SKY COVER 0.1


WEATHER CONDITIONS
 THE FOLLOWING WEATHER WAS RECORDED TODAY.
  NO SIGNIFICANT WEATHER WAS OBSERVED.


RELATIVE HUMIDITY (PERCENT)
 HIGHEST    73           100 AM
 LOWEST     19           200 PM
 AVERAGE    46

..........................................................


THE GOODLAND KS CLIMATE NORMALS FOR TOMORROW
                         NORMAL    RECORD    YEAR
 MAXIMUM TEMPERATURE (F)   52        79      1943
 MINIMUM TEMPERATURE (F)   25         3      1955


SUNRISE AND SUNSET
NOVEMBER 16 2014......SUNRISE   632 AM MST   SUNSET   431 PM MST
NOVEMBER 17 2014......SUNRISE   633 AM MST   SUNSET   430 PM MST


-  INDICATES NEGATIVE NUMBERS.
R  INDICATES RECORD WAS SET OR TIED.
MM INDICATES DATA IS MISSING.
T  INDICATES TRACE AMOUNT.

&&

THE AVERAGE SOIL TEMPERATURE AT THE FOUR INCH DEPTH... 32
THE CURRENT DEPTH OF FROST... 6 INCHES

$$
