000
CDUS43 KGLD 100741
CLIGLD

WRKCLIGLD 000
TTAA00 KGLD 100739

CLIMATE REPORT
NATIONAL WEATHER SERVICE GOODLAND
1237 AM MST FRI FEB 10 2017

...................................

...THE GOODLAND KS CLIMATE SUMMARY FOR FEBRUARY 9 2017...

CLIMATE NORMAL PERIOD 1981 TO 2010
CLIMATE RECORD PERIOD 1895 TO 2017

WEATHER ITEM   OBSERVED TIME   RECORD YEAR NORMAL DEPARTURE LAST
                VALUE   (LST)  VALUE       VALUE  FROM      YEAR
                                                  NORMAL
..................................................................
TEMPERATURE (F)
 YESTERDAY
  MAXIMUM         65    308 PM  78    1976  44     21       48
  MINIMUM         18    618 AM -22    1933  18      0       20
  AVERAGE         42                        31     11       34

PRECIPITATION (IN)
  YESTERDAY        0.00          0.53 1998   0.02  -0.02     0.00
  MONTH TO DATE    T                         0.14  -0.14     0.81
  SINCE DEC 1      1.52                      0.98   0.54     1.01
  SINCE JAN 1      0.92                      0.52   0.40     0.85

SNOWFALL (IN)
  YESTERDAY        0.0                       0.2   -0.2      0.0
  MONTH TO DATE    T                         1.9   -1.9     13.3
  SINCE DEC 1      8.8                      13.3   -4.5     15.2
  SINCE JUL 1      9.4                      20.5  -11.1     23.4
  SNOW DEPTH       0

DEGREE DAYS
 HEATING
  YESTERDAY       23                        34    -11       31
  MONTH TO DATE  275                       312    -37      348
  SINCE DEC 1   2593                      2496     97     2349
  SINCE JUL 1   3456                      3815   -359     3409

 COOLING
  YESTERDAY        0                         0      0        0
  MONTH TO DATE    0                         0      0        0
  SINCE DEC 1      0                         0      0        0
  SINCE JAN 1      0                         0      0        0
..................................................................

WIND (MPH)
  HIGHEST WIND SPEED    25   HIGHEST WIND DIRECTION     S (160)
  HIGHEST GUST SPEED    29   HIGHEST GUST DIRECTION     S (160)
  AVERAGE WIND SPEED    14.7


SKY COVER
  AVERAGE SKY COVER 0.0


WEATHER CONDITIONS
 THE FOLLOWING WEATHER WAS RECORDED YESTERDAY.
  NO SIGNIFICANT WEATHER WAS OBSERVED.


RELATIVE HUMIDITY (PERCENT)
 HIGHEST    92
 LOWEST     25
 AVERAGE    59

..........................................................


THE GOODLAND KS CLIMATE NORMALS FOR TODAY
                         NORMAL    RECORD    YEAR
 MAXIMUM TEMPERATURE (F)   44        76      1962
                                             1951
 MINIMUM TEMPERATURE (F)   18       -17      1981


SUNRISE AND SUNSET
FEBRUARY 10 2017......SUNRISE   644 AM MST   SUNSET   518 PM MST
FEBRUARY 11 2017......SUNRISE   643 AM MST   SUNSET   519 PM MST


-  INDICATES NEGATIVE NUMBERS.
R  INDICATES RECORD WAS SET OR TIED.
MM INDICATES DATA IS MISSING.
T  INDICATES TRACE AMOUNT.

&&

THE AVERAGE SOIL TEMPERATURE AT THE FOUR INCH DEPTH... 31
THE CURRENT DEPTH OF FROST... 2 INCHES

$$
