022
CDUS43 KGLD 190806
CLIGLD

CLIMATE REPORT
NATIONAL WEATHER SERVICE GOODLAND
104 AM MST FRI JAN 19 2018

...................................

...THE GOODLAND KS CLIMATE SUMMARY FOR JANUARY 18 2018...

CLIMATE NORMAL PERIOD 1981 TO 2010
CLIMATE RECORD PERIOD 1895 TO 2018

WEATHER ITEM   OBSERVED TIME   RECORD YEAR NORMAL DEPARTURE LAST
                VALUE   (LST)  VALUE       VALUE  FROM      YEAR
                                                  NORMAL
..................................................................
TEMPERATURE (F)
 YESTERDAY
  MAXIMUM         63    125 PM  70    1920  42     21       47
  MINIMUM         21    345 AM -20    1984  17      4       22
  AVERAGE         42                        30     12       35

PRECIPITATION (IN)
  YESTERDAY        0.00          0.43 1988   0.02  -0.02     0.00
  MONTH TO DATE    0.13                      0.21  -0.08     0.87
  SINCE DEC 1      0.22                      0.67  -0.45     1.47
  SINCE JAN 1      0.13                      0.21  -0.08     0.87

SNOWFALL (IN)
  YESTERDAY        0.0                       0.2   -0.2      0.0
  MONTH TO DATE    0.7                       3.2   -2.5      3.4
  SINCE DEC 1      2.2                       8.7   -6.5      8.4
  SINCE JUL 1      2.3                      15.9  -13.6      9.0
  SNOW DEPTH       0

DEGREE DAYS
 HEATING
  YESTERDAY       23                        35    -12       30
  MONTH TO DATE  642                       632     10      720
  SINCE DEC 1   1716                      1720     -4     1922
  SINCE JUL 1   2867                      3039   -172     2785

 COOLING
  YESTERDAY        0                         0      0        0
  MONTH TO DATE    0                         0      0        0
  SINCE DEC 1      0                         0      0        0
  SINCE JAN 1      0                         0      0        0
..................................................................

WIND (MPH)
  HIGHEST WIND SPEED    17   HIGHEST WIND DIRECTION    SW (230)
  HIGHEST GUST SPEED    23   HIGHEST GUST DIRECTION    SW (240)
  AVERAGE WIND SPEED    10.1


SKY COVER
  AVERAGE SKY COVER 0.0


WEATHER CONDITIONS
 THE FOLLOWING WEATHER WAS RECORDED YESTERDAY.
  NO SIGNIFICANT WEATHER WAS OBSERVED.


RELATIVE HUMIDITY (PERCENT)
 HIGHEST    68
 LOWEST     12
 AVERAGE    40

..........................................................


THE GOODLAND KS CLIMATE NORMALS FOR TODAY
                         NORMAL    RECORD    YEAR
 MAXIMUM TEMPERATURE (F)   42        72      1986
 MINIMUM TEMPERATURE (F)   17       -17      1962


SUNRISE AND SUNSET
JANUARY 19 2018.......SUNRISE   703 AM MST   SUNSET   452 PM MST
JANUARY 20 2018.......SUNRISE   703 AM MST   SUNSET   453 PM MST


-  INDICATES NEGATIVE NUMBERS.
R  INDICATES RECORD WAS SET OR TIED.
MM INDICATES DATA IS MISSING.
T  INDICATES TRACE AMOUNT.

&&

THE AVERAGE SOIL TEMPERATURE AT THE FOUR INCH DEPTH... 26
THE CURRENT DEPTH OF FROST... 9 INCHES

$$
