073
CDUS43 KGLD 210739
CLIGLD

CLIMATE REPORT
NATIONAL WEATHER SERVICE GOODLAND
135 AM MDT WED SEP 21 2016

...................................

...THE GOODLAND KS CLIMATE SUMMARY FOR SEPTEMBER 20 2016...

CLIMATE NORMAL PERIOD 1981 TO 2010
CLIMATE RECORD PERIOD 1895 TO 2016

WEATHER ITEM   OBSERVED TIME   RECORD YEAR NORMAL DEPARTURE LAST
                VALUE   (LST)  VALUE       VALUE  FROM      YEAR
                                                  NORMAL
..................................................................
TEMPERATURE (F)
 YESTERDAY
  MAXIMUM         94    320 PM  95    2010  77     17       89
                                      1986
                                      1970
  MINIMUM         57    541 AM  30    1983  48      9       49
  AVERAGE         76                        63     13       69

PRECIPITATION (IN)
  YESTERDAY        0.00          1.47 1965   0.04  -0.04     0.00
  MONTH TO DATE    2.37                      0.83   1.54     0.09
  SINCE SEP 1      2.37                      0.83   1.54     0.09
  SINCE JAN 1     16.41                     16.73  -0.32    16.84

SNOWFALL (IN)
  YESTERDAY        0.0                       0.0    0.0      0.0
  MONTH TO DATE    T                         0.2   -0.2      0.0
  SINCE SEP 1      T                         0.2   -0.2      0.0
  SINCE JUL 1      T                         0.2   -0.2      0.0
  SNOW DEPTH       0

DEGREE DAYS
 HEATING
  YESTERDAY        0                         5     -5        0
  MONTH TO DATE   27                        48    -21       18
  SINCE SEP 1     27                        48    -21       18
  SINCE JUL 1     34                        60    -26       24

 COOLING
  YESTERDAY       11                         2      9        4
  MONTH TO DATE   95                        86      9      180
  SINCE SEP 1     95                        86      9      180
  SINCE JAN 1   1044                       919    125     1088
..................................................................

WIND (MPH)
  HIGHEST WIND SPEED    23   HIGHEST WIND DIRECTION     S (190)
  HIGHEST GUST SPEED    29   HIGHEST GUST DIRECTION     S (200)
  AVERAGE WIND SPEED    12.7


SKY COVER
  AVERAGE SKY COVER 0.0


WEATHER CONDITIONS
 THE FOLLOWING WEATHER WAS RECORDED YESTERDAY.
  NO SIGNIFICANT WEATHER WAS OBSERVED.


RELATIVE HUMIDITY (PERCENT)
 HIGHEST    84
 LOWEST     13
 AVERAGE    49

..........................................................


THE GOODLAND KS CLIMATE NORMALS FOR TODAY
                         NORMAL    RECORD    YEAR
 MAXIMUM TEMPERATURE (F)   77        97      2005
 MINIMUM TEMPERATURE (F)   48        26      1983


SUNRISE AND SUNSET
SEPTEMBER 21 2016.....SUNRISE   634 AM MDT   SUNSET   645 PM MDT
SEPTEMBER 22 2016.....SUNRISE   635 AM MDT   SUNSET   643 PM MDT


-  INDICATES NEGATIVE NUMBERS.
R  INDICATES RECORD WAS SET OR TIED.
MM INDICATES DATA IS MISSING.
T  INDICATES TRACE AMOUNT.

&&

THE AVERAGE SOIL TEMPERATURE AT THE FOUR INCH DEPTH... 69

$$
