000
CDUS43 KGLD 150724
CLIGLD

CLIMATE REPORT
NATIONAL WEATHER SERVICE GOODLAND
124 AM MDT WED OCT 15 2014

...................................

...THE GOODLAND KS CLIMATE SUMMARY FOR OCTOBER 14 2014...

CLIMATE NORMAL PERIOD 1981 TO 2010
CLIMATE RECORD PERIOD 1895 TO 2014

WEATHER ITEM   OBSERVED TIME   RECORD YEAR NORMAL DEPARTURE LAST
                VALUE   (LST)  VALUE       VALUE  FROM      YEAR
                                                  NORMAL
..................................................................
TEMPERATURE (F)
 YESTERDAY
  MAXIMUM         70    405 PM  92    1968  67      3       69
  MINIMUM         34    530 AM  22    1914  38     -4       38
  AVERAGE         52                        52      0       54

PRECIPITATION (IN)
  YESTERDAY        0.00          1.07 1966   0.05  -0.05     0.25
  MONTH TO DATE    0.44                      0.65  -0.21     0.80
  SINCE SEP 1      2.48                      1.87   0.61     7.29
  SINCE JAN 1     16.38                     17.77  -1.39    16.08

SNOWFALL (IN)
  YESTERDAY        0.0                       0.1   -0.1      0.0
  MONTH TO DATE    0.0                       0.6   -0.6      0.0
  SINCE SEP 1      T                         1.0   -1.0      0.0
  SINCE JUL 1      T                         1.0   -1.0      0.0
  SNOW DEPTH       0

DEGREE DAYS
 HEATING
  YESTERDAY       13                        13      0       11
  MONTH TO DATE  148                       146      2      127
  SINCE SEP 1    248                       258    -10      174
  SINCE JUL 1    261                       270     -9      181

 COOLING
  YESTERDAY        0                         0      0        0
  MONTH TO DATE    0                         5     -5        0
  SINCE SEP 1    117                       105     12      183
  SINCE JAN 1    919                       938    -19     1181
..................................................................

WIND (MPH)
  HIGHEST WIND SPEED    15   HIGHEST WIND DIRECTION    NW (310)
  HIGHEST GUST SPEED    19   HIGHEST GUST DIRECTION    NW (310)
  AVERAGE WIND SPEED     7.8


SKY COVER
  AVERAGE SKY COVER 0.0


WEATHER CONDITIONS
 THE FOLLOWING WEATHER WAS RECORDED YESTERDAY.
  NO SIGNIFICANT WEATHER WAS OBSERVED.


RELATIVE HUMIDITY (PERCENT)
 HIGHEST    82
 LOWEST     23
 AVERAGE    53

..........................................................


THE GOODLAND KS CLIMATE NORMALS FOR TODAY
                         NORMAL    RECORD    YEAR
 MAXIMUM TEMPERATURE (F)   67        89      1938
 MINIMUM TEMPERATURE (F)   38        16      1966


SUNRISE AND SUNSET
OCTOBER 15 2014.......SUNRISE   657 AM MDT   SUNSET   608 PM MDT
OCTOBER 16 2014.......SUNRISE   658 AM MDT   SUNSET   606 PM MDT


-  INDICATES NEGATIVE NUMBERS.
R  INDICATES RECORD WAS SET OR TIED.
MM INDICATES DATA IS MISSING.
T  INDICATES TRACE AMOUNT.

&&

THE AVERAGE SOIL TEMPERATURE AT THE FOUR INCH DEPTH... 52

$$
