000
CDUS43 KGLD 220039
CLIGLD

WRKCLIGLD 000
TTAA00 KGLD 220039

CLIMATE REPORT
NATIONAL WEATHER SERVICE GOODLAND
636 PM MDT SAT MAY 21 2016

...................................

...THE GOODLAND KS CLIMATE SUMMARY FOR MAY 21 2016...
VALID TODAY AS OF 0600 PM LOCAL TIME.

CLIMATE NORMAL PERIOD 1981 TO 2010
CLIMATE RECORD PERIOD 1895 TO 2016

WEATHER ITEM   OBSERVED TIME   RECORD YEAR NORMAL DEPARTURE LAST
                VALUE   (LST)  VALUE       VALUE  FROM      YEAR
                                                  NORMAL
..................................................................
TEMPERATURE (F)
 TODAY
  MAXIMUM         81    242 PM  97    1925  75      6       58
  MINIMUM         55    336 AM  28    1915  48      7       38
  AVERAGE         68                        61      7       48

PRECIPITATION (IN)
  TODAY            0.02          1.35 1944   0.10  -0.08     0.01
  MONTH TO DATE    1.07                      1.83  -0.76     4.08
  SINCE MAR 1      5.61                      4.49   1.12     9.03
  SINCE JAN 1      6.47                      5.36   1.11    10.11

SNOWFALL (IN)
  TODAY            0.0                       0.0    0.0      0.0
  MONTH TO DATE    T                         0.5   -0.5       T
  SINCE MAR 1      6.7                      11.5   -4.8      2.6
  SINCE JUL 1     30.1                      35.5   -5.4     24.7
  SNOW DEPTH       0

DEGREE DAYS
 HEATING
  TODAY            0                         5     -5       17
  MONTH TO DATE  220                       170     50      199
  SINCE MAR 1   1260                      1408   -148     1160
  SINCE JUL 1   5106                      5825   -719     5375

 COOLING
  TODAY            3                         1      2        0
  MONTH TO DATE    9                        19    -10        5
  SINCE MAR 1      9                        23    -14        5
  SINCE JAN 1      9                        23    -14        5
..................................................................

WIND (MPH)
  HIGHEST WIND SPEED    38   HIGHEST WIND DIRECTION    SE (130)
  HIGHEST GUST SPEED    48   HIGHEST GUST DIRECTION    SE (120)
  AVERAGE WIND SPEED    22.2


SKY COVER
  AVERAGE SKY COVER 0.7


WEATHER CONDITIONS
 THE FOLLOWING WEATHER WAS RECORDED TODAY.
  LIGHT RAIN
  FOG
  FOG W/VISIBILITY <= 1/4 MILE


RELATIVE HUMIDITY (PERCENT)
 HIGHEST   100          1200 AM
 LOWEST     58           300 PM
 AVERAGE    79

..........................................................


THE GOODLAND KS CLIMATE NORMALS FOR TOMORROW
                         NORMAL    RECORD    YEAR
 MAXIMUM TEMPERATURE (F)   75        97      1939
 MINIMUM TEMPERATURE (F)   48        30      1945
                                             1931


SUNRISE AND SUNSET
MAY 21 2016...........SUNRISE   528 AM MDT   SUNSET   759 PM MDT
MAY 22 2016...........SUNRISE   527 AM MDT   SUNSET   800 PM MDT


-  INDICATES NEGATIVE NUMBERS.
R  INDICATES RECORD WAS SET OR TIED.
MM INDICATES DATA IS MISSING.
T  INDICATES TRACE AMOUNT.

&&

THE AVERAGE SOIL TEMPERATURE AT THE FOUR INCH DEPTH... 59

$$
