000
CDUS43 KGLD 130803
CLIGLD

CLIMATE REPORT
NATIONAL WEATHER SERVICE GOODLAND
201 AM MDT SAT AUG 13 2016

...................................

...THE GOODLAND KS CLIMATE SUMMARY FOR AUGUST 12 2016...

CLIMATE NORMAL PERIOD 1981 TO 2010
CLIMATE RECORD PERIOD 1895 TO 2016

WEATHER ITEM   OBSERVED TIME   RECORD YEAR NORMAL DEPARTURE LAST
                VALUE   (LST)  VALUE       VALUE  FROM      YEAR
                                                  NORMAL
..................................................................
TEMPERATURE (F)
 YESTERDAY
  MAXIMUM         88    258 PM 106    1934  88      0       88
  MINIMUM         61   1111 PM  47    1964  61      0       65
  AVERAGE         75                        75      0       77

PRECIPITATION (IN)
  YESTERDAY        0.12          3.10 1993   0.10   0.02     0.00
  MONTH TO DATE    0.37                      1.25  -0.88     0.03
  SINCE JUN 1      4.74                      7.97  -3.23     4.62
  SINCE JAN 1     12.10                     14.45  -2.35    16.41

SNOWFALL (IN)
  YESTERDAY        0.0                       0.0    0.0      0.0
  MONTH TO DATE    0.0                       0.0    0.0      0.0
  SINCE JUN 1      0.0                       0.0    0.0      0.0
  SINCE JUL 1      0.0                       0.0    0.0      0.0
  SNOW DEPTH       0

DEGREE DAYS
 HEATING
  YESTERDAY        0                         0      0        0
  MONTH TO DATE    0                         0      0        0
  SINCE JUN 1      2                        41    -39        6
  SINCE JUL 1      0                         4     -4        1

 COOLING
  YESTERDAY       10                        10      0       12
  MONTH TO DATE  127                       122      5      141
  SINCE JUN 1    818                       635    183      726
  SINCE JAN 1    842                       676    166      732
..................................................................

WIND (MPH)
  HIGHEST WIND SPEED    25   HIGHEST WIND DIRECTION     N (20)
  HIGHEST GUST SPEED    32   HIGHEST GUST DIRECTION     N (10)
  AVERAGE WIND SPEED    11.5


SKY COVER
  AVERAGE SKY COVER 0.1


WEATHER CONDITIONS
 THE FOLLOWING WEATHER WAS RECORDED YESTERDAY.
  RAIN
  FOG


RELATIVE HUMIDITY (PERCENT)
 HIGHEST    90
 LOWEST     26
 AVERAGE    58

..........................................................


THE GOODLAND KS CLIMATE NORMALS FOR TODAY
                         NORMAL    RECORD    YEAR
 MAXIMUM TEMPERATURE (F)   88       103      1936
 MINIMUM TEMPERATURE (F)   61        41      1920


SUNRISE AND SUNSET
AUGUST 13 2016........SUNRISE   558 AM MDT   SUNSET   744 PM MDT
AUGUST 14 2016........SUNRISE   559 AM MDT   SUNSET   743 PM MDT


-  INDICATES NEGATIVE NUMBERS.
R  INDICATES RECORD WAS SET OR TIED.
MM INDICATES DATA IS MISSING.
T  INDICATES TRACE AMOUNT.

&&

THE AVERAGE SOIL TEMPERATURE AT THE FOUR INCH DEPTH... 77

$$
