000
CDUS43 KGLD 080753
CLIGLD

CLIMATE REPORT
NATIONAL WEATHER SERVICE GOODLAND
1250 AM MST SUN JAN 8 2017

...................................

...THE GOODLAND KS CLIMATE SUMMARY FOR JANUARY 7 2017...

CLIMATE NORMAL PERIOD 1981 TO 2010
CLIMATE RECORD PERIOD 1895 TO 2017

WEATHER ITEM   OBSERVED TIME   RECORD YEAR NORMAL DEPARTURE LAST
                VALUE   (LST)  VALUE       VALUE  FROM      YEAR
                                                  NORMAL
..................................................................
TEMPERATURE (F)
 YESTERDAY
  MAXIMUM         26    212 PM  72    1965  42    -16       32
  MINIMUM         -8    636 AM -17    1912  17    -25       26
  AVERAGE          9                        30    -21       29

PRECIPITATION (IN)
  YESTERDAY        0.00          0.17 1940   0.01  -0.01      T
  MONTH TO DATE    0.15                      0.08   0.07      T
  SINCE DEC 1      0.75                      0.54   0.21     0.16
  SINCE JAN 1      0.15                      0.08   0.07      T

SNOWFALL (IN)
  YESTERDAY        0.0                       0.2   -0.2       T
  MONTH TO DATE    2.5                       1.3    1.2       T
  SINCE DEC 1      7.5                       6.8    0.7      1.7
  SINCE JUL 1      8.1                      14.0   -5.9      9.9
  SNOW DEPTH       0

DEGREE DAYS
 HEATING
  YESTERDAY       56                        35     21       36
  MONTH TO DATE  357                       247    110      236
  SINCE DEC 1   1559                      1335    224     1218
  SINCE JUL 1   2422                      2654   -232     2278

 COOLING
  YESTERDAY        0                         0      0        0
  MONTH TO DATE    0                         0      0        0
  SINCE DEC 1      0                         0      0        0
  SINCE JAN 1      0                         0      0        0
..................................................................

WIND (MPH)
  HIGHEST WIND SPEED    21   HIGHEST WIND DIRECTION     S (170)
  HIGHEST GUST SPEED    25   HIGHEST GUST DIRECTION     S (170)
  AVERAGE WIND SPEED     9.3


SKY COVER
  AVERAGE SKY COVER 0.0


WEATHER CONDITIONS
 THE FOLLOWING WEATHER WAS RECORDED YESTERDAY.
  NO SIGNIFICANT WEATHER WAS OBSERVED.


RELATIVE HUMIDITY (PERCENT)
 HIGHEST    83
 LOWEST     45
 AVERAGE    64

..........................................................


THE GOODLAND KS CLIMATE NORMALS FOR TODAY
                         NORMAL    RECORD    YEAR
 MAXIMUM TEMPERATURE (F)   42        74      2002
 MINIMUM TEMPERATURE (F)   17       -14      1937


SUNRISE AND SUNSET
JANUARY  8 2017.......SUNRISE   707 AM MST   SUNSET   441 PM MST
JANUARY  9 2017.......SUNRISE   707 AM MST   SUNSET   442 PM MST


-  INDICATES NEGATIVE NUMBERS.
R  INDICATES RECORD WAS SET OR TIED.
MM INDICATES DATA IS MISSING.
T  INDICATES TRACE AMOUNT.

&&

THE AVERAGE SOIL TEMPERATURE AT THE FOUR INCH DEPTH... 25
THE CURRENT DEPTH OF FROST... 15 INCHES

$$
