000
CDUS43 KGLD 170742
CLIGLD

CLIMATE REPORT
NATIONAL WEATHER SERVICE GOODLAND
140 AM MDT FRI OCT 17 2014

...................................

...THE GOODLAND KS CLIMATE SUMMARY FOR OCTOBER 16 2014...

CLIMATE NORMAL PERIOD 1981 TO 2010
CLIMATE RECORD PERIOD 1895 TO 2014

WEATHER ITEM   OBSERVED TIME   RECORD YEAR NORMAL DEPARTURE LAST
                VALUE   (LST)  VALUE       VALUE  FROM      YEAR
                                                  NORMAL
..................................................................
TEMPERATURE (F)
 YESTERDAY
  MAXIMUM         78   1222 PM  93    1991  66     12       53
  MINIMUM         41   1142 PM  19    1966  37      4       28
  AVERAGE         60                        52      8       41

PRECIPITATION (IN)
  YESTERDAY        0.00          0.82 1937   0.05  -0.05     0.00
  MONTH TO DATE    0.44                      0.75  -0.31     0.80
  SINCE SEP 1      2.48                      1.97   0.51     7.29
  SINCE JAN 1     16.38                     17.87  -1.49    16.08

SNOWFALL (IN)
  YESTERDAY        0.0                       0.1   -0.1      0.0
  MONTH TO DATE    0.0                       0.7   -0.7      0.0
  SINCE SEP 1      T                         1.1   -1.1      0.0
  SINCE JUL 1      T                         1.1   -1.1      0.0
  SNOW DEPTH       0

DEGREE DAYS
 HEATING
  YESTERDAY        5                        13     -8       24
  MONTH TO DATE  158                       172    -14      176
  SINCE SEP 1    258                       284    -26      223
  SINCE JUL 1    271                       296    -25      230

 COOLING
  YESTERDAY        0                         0      0        0
  MONTH TO DATE    0                         5     -5        0
  SINCE SEP 1    117                       105     12      183
  SINCE JAN 1    919                       938    -19     1181
..................................................................

WIND (MPH)
  HIGHEST WIND SPEED    24   HIGHEST WIND DIRECTION     N (340)
  HIGHEST GUST SPEED    30   HIGHEST GUST DIRECTION     N (340)
  AVERAGE WIND SPEED     9.9

SKY COVER
  AVERAGE SKY COVER 0.0

WEATHER CONDITIONS
 THE FOLLOWING WEATHER WAS RECORDED YESTERDAY.
  HAZE

RELATIVE HUMIDITY (PERCENT)
 HIGHEST    70
 LOWEST     19
 AVERAGE    45

..........................................................

THE GOODLAND KS CLIMATE NORMALS FOR TODAY
                         NORMAL    RECORD    YEAR
 MAXIMUM TEMPERATURE (F)   66        96      1926
 MINIMUM TEMPERATURE (F)   37        18      1948

SUNRISE AND SUNSET
OCTOBER 17 2014.......SUNRISE   659 AM MDT   SUNSET   605 PM MDT
OCTOBER 18 2014.......SUNRISE   700 AM MDT   SUNSET   603 PM MDT

-  INDICATES NEGATIVE NUMBERS.
R  INDICATES RECORD WAS SET OR TIED.
MM INDICATES DATA IS MISSING.
T  INDICATES TRACE AMOUNT.

&&

THE AVERAGE SOIL TEMPERATURE AT THE FOUR INCH DEPTH... 55

$$
