000
CDUS43 KGLD 280801
CLIGLD

CLIMATE REPORT
NATIONAL WEATHER SERVICE GOODLAND
1250 AM MST MON NOV 28 2016

...................................

...THE GOODLAND KS CLIMATE SUMMARY FOR NOVEMBER 27 2016...

CLIMATE NORMAL PERIOD 1981 TO 2010
CLIMATE RECORD PERIOD 1895 TO 2016

WEATHER ITEM   OBSERVED TIME   RECORD YEAR NORMAL DEPARTURE LAST
                VALUE   (LST)  VALUE       VALUE  FROM      YEAR
                                                  NORMAL
..................................................................
TEMPERATURE (F)
 YESTERDAY
  MAXIMUM         63   1156 AM  75    1949  47     16       24
  MINIMUM         35    203 AM -10    1952  21     14       17
  AVERAGE         49                        34     15       21

PRECIPITATION (IN)
  YESTERDAY        T             0.95 1983   0.02  -0.02      T
  MONTH TO DATE    0.21                      0.66  -0.45     0.80
  SINCE SEP 1      2.74                      3.25  -0.51     3.53
  SINCE JAN 1     16.78                     19.15  -2.37    20.28

SNOWFALL (IN)
  YESTERDAY        0.0                       0.2   -0.2       T
  MONTH TO DATE    0.6                       4.0   -3.4      6.9
  SINCE SEP 1      0.6                       6.6   -6.0      6.9
  SINCE JUL 1      0.6                       6.6   -6.0      6.9
  SNOW DEPTH       0

DEGREE DAYS
 HEATING
  YESTERDAY       16                        31    -15       44
  MONTH TO DATE  485                       682   -197      628
  SINCE SEP 1    763                      1210   -447      937
  SINCE JUL 1    770                      1222   -452      943

 COOLING
  YESTERDAY        0                         0      0        0
  MONTH TO DATE    0                         0      0        0
  SINCE SEP 1    154                       108     46      237
  SINCE JAN 1   1103                       941    162     1145
..................................................................

WIND (MPH)
  HIGHEST WIND SPEED    39   HIGHEST WIND DIRECTION     W (270)
  HIGHEST GUST SPEED    52   HIGHEST GUST DIRECTION     W (280)
  AVERAGE WIND SPEED    17.2


SKY COVER
  AVERAGE SKY COVER 0.2


WEATHER CONDITIONS
 THE FOLLOWING WEATHER WAS RECORDED YESTERDAY.
  NO SIGNIFICANT WEATHER WAS OBSERVED.


RELATIVE HUMIDITY (PERCENT)
 HIGHEST    85
 LOWEST     24
 AVERAGE    55

..........................................................


THE GOODLAND KS CLIMATE NORMALS FOR TODAY
                         NORMAL    RECORD    YEAR
 MAXIMUM TEMPERATURE (F)   46        80      2014
 MINIMUM TEMPERATURE (F)   21       -12      1952


SUNRISE AND SUNSET
NOVEMBER 28 2016......SUNRISE   645 AM MST   SUNSET   425 PM MST
NOVEMBER 29 2016......SUNRISE   646 AM MST   SUNSET   424 PM MST


-  INDICATES NEGATIVE NUMBERS.
R  INDICATES RECORD WAS SET OR TIED.
MM INDICATES DATA IS MISSING.
T  INDICATES TRACE AMOUNT.

&&

THE AVERAGE SOIL TEMPERATURE AT THE FOUR INCH DEPTH... 39
THE CURRENT DEPTH OF FROST... 0 INCHES

$$
