261
CDUS43 KGLD 140801
CLIGLD

CLIMATE REPORT
NATIONAL WEATHER SERVICE GOODLAND
1255 AM MST TUE NOV 14 2017

...................................

...THE GOODLAND KS CLIMATE SUMMARY FOR NOVEMBER 13 2017...

CLIMATE NORMAL PERIOD 1981 TO 2010
CLIMATE RECORD PERIOD 1895 TO 2017

WEATHER ITEM   OBSERVED TIME   RECORD YEAR NORMAL DEPARTURE LAST
                VALUE   (LST)  VALUE       VALUE  FROM      YEAR
                                                  NORMAL
..................................................................
TEMPERATURE (F)
 YESTERDAY
  MAXIMUM         63    326 PM  80    2007  54      9       72
  MINIMUM         33   1156 PM  -6    2014  27      6       24
  AVERAGE         48                        40      8       48

PRECIPITATION (IN)
  YESTERDAY        0.00          0.65 1972   0.03  -0.03     0.00
  MONTH TO DATE    0.00                      0.37  -0.37      T
  SINCE SEP 1      4.29                      2.96   1.33     2.53
  SINCE JAN 1     26.25                     18.86   7.39    16.57

SNOWFALL (IN)
  YESTERDAY        0.0                       0.2   -0.2      0.0
  MONTH TO DATE    0.0                       1.7   -1.7      0.0
  SINCE SEP 1      0.1                       4.3   -4.2       T
  SINCE JUL 1      0.1                       4.3   -4.2       T
  SNOW DEPTH       0

DEGREE DAYS
 HEATING
  YESTERDAY       17                        25     -8       17
  MONTH TO DATE  337                       285     52      178
  SINCE SEP 1    848                       813     35      456
  SINCE JUL 1    848                       825     23      463

 COOLING
  YESTERDAY        0                         0      0        0
  MONTH TO DATE    0                         0      0        0
  SINCE SEP 1    140                       108     32      154
  SINCE JAN 1    959                       941     18     1103
..................................................................

WIND (MPH)
  HIGHEST WIND SPEED    21   HIGHEST WIND DIRECTION     S (180)
  HIGHEST GUST SPEED    27   HIGHEST GUST DIRECTION     S (180)
  AVERAGE WIND SPEED    10.9


SKY COVER
  AVERAGE SKY COVER 0.5


WEATHER CONDITIONS
 THE FOLLOWING WEATHER WAS RECORDED YESTERDAY.
  FOG


RELATIVE HUMIDITY (PERCENT)
 HIGHEST   100
 LOWEST     43
 AVERAGE    72

..........................................................


THE GOODLAND KS CLIMATE NORMALS FOR TODAY
                         NORMAL    RECORD    YEAR
 MAXIMUM TEMPERATURE (F)   53        75      1990
                                             1975
                                             1942
 MINIMUM TEMPERATURE (F)   26        -4      1940


SUNRISE AND SUNSET
NOVEMBER 14 2017......SUNRISE   630 AM MST   SUNSET   432 PM MST
NOVEMBER 15 2017......SUNRISE   631 AM MST   SUNSET   432 PM MST


-  INDICATES NEGATIVE NUMBERS.
R  INDICATES RECORD WAS SET OR TIED.
MM INDICATES DATA IS MISSING.
T  INDICATES TRACE AMOUNT.

&&

THE AVERAGE SOIL TEMPERATURE AT THE FOUR INCH DEPTH... 41
THE CURRENT DEPTH OF FROST... 0 INCHES

$$
