000
CDUS43 KGLD 170810
CLIGLD

CLIMATE REPORT
NATIONAL WEATHER SERVICE GOODLAND

208 AM MDT WED MAY 17 2017

...................................

...THE GOODLAND KS CLIMATE SUMMARY FOR MAY 16 2017...

CLIMATE NORMAL PERIOD 1981 TO 2010
CLIMATE RECORD PERIOD 1895 TO 2017

WEATHER ITEM   OBSERVED TIME   RECORD YEAR NORMAL DEPARTURE LAST
                VALUE   (LST)  VALUE       VALUE  FROM      YEAR
                                                  NORMAL
..................................................................
TEMPERATURE (F)
 YESTERDAY
  MAXIMUM         81    248 PM  94    1996  73      8       46
  MINIMUM         50   1151 PM  27    1945  46      4       43
  AVERAGE         66                        59      7       45

PRECIPITATION (IN)
  YESTERDAY        0.37          1.64 1947   0.10   0.27     0.29
  MONTH TO DATE    3.39                      1.33   2.06     0.94
  SINCE MAR 1      7.19                      3.99   3.20     5.48
  SINCE JAN 1      8.12                      4.86   3.26     6.34

SNOWFALL (IN)
  YESTERDAY        0.0                       0.0    0.0      0.0
  MONTH TO DATE    0.0                       0.5   -0.5       T
  SINCE MAR 1      4.8                      11.5   -6.7      6.7
  SINCE JUL 1     14.2                      35.5  -21.3     30.1
  SNOW DEPTH       0

DEGREE DAYS
 HEATING
  YESTERDAY        0                         7     -7       20
  MONTH TO DATE   98                       141    -43      171
  SINCE MAR 1   1109                      1379   -270     1211
  SINCE JUL 1   4994                      5796   -802     5057

 COOLING
  YESTERDAY        1                         1      0        0
  MONTH TO DATE   25                        14     11        6
  SINCE MAR 1     32                        18     14        6
  SINCE JAN 1     32                        18     14        6
..................................................................

WIND (MPH)
  HIGHEST WIND SPEED    40   HIGHEST WIND DIRECTION    NW (330)
  HIGHEST GUST SPEED    49   HIGHEST GUST DIRECTION    NW (330)
  AVERAGE WIND SPEED    14.0


SKY COVER
  AVERAGE SKY COVER 0.3


WEATHER CONDITIONS
 THE FOLLOWING WEATHER WAS RECORDED YESTERDAY.
  THUNDERSTORM
  LIGHT RAIN
  FOG
  HAZE


RELATIVE HUMIDITY (PERCENT)
 HIGHEST    93
 LOWEST     26
 AVERAGE    60

..........................................................


THE GOODLAND KS CLIMATE NORMALS FOR TODAY
                         NORMAL    RECORD    YEAR
 MAXIMUM TEMPERATURE (F)   73        99      1927
 MINIMUM TEMPERATURE (F)   46        31      1976


SUNRISE AND SUNSET
MAY 17 2017...........SUNRISE   531 AM MDT   SUNSET   756 PM MDT
MAY 18 2017...........SUNRISE   530 AM MDT   SUNSET   757 PM MDT


-  INDICATES NEGATIVE NUMBERS.
R  INDICATES RECORD WAS SET OR TIED.
MM INDICATES DATA IS MISSING.
T  INDICATES TRACE AMOUNT.

&&

THE AVERAGE SOIL TEMPERATURE AT THE FOUR INCH DEPTH... 66

$$
