000
CDUS43 KGLD 160739
CLIGLD

CLIMATE REPORT
NATIONAL WEATHER SERVICE GOODLAND
137 AM MDT WED JUL 16 2014

...................................

...THE GOODLAND KS CLIMATE SUMMARY FOR JULY 15 2014...

CLIMATE NORMAL PERIOD 1981 TO 2010
CLIMATE RECORD PERIOD 1895 TO 2014

WEATHER ITEM   OBSERVED TIME   RECORD YEAR NORMAL DEPARTURE LAST
                VALUE   (LST)  VALUE       VALUE  FROM      YEAR
                                                  NORMAL
..................................................................
TEMPERATURE (F)
 YESTERDAY
  MAXIMUM         69    257 PM 106    1925  91    -22       85
  MINIMUM         54    112 AM  52    1990  62     -8       55
                                      1912
  AVERAGE         62                        76    -14       70

PRECIPITATION (IN)
  YESTERDAY        0.01          1.80 1992   0.12  -0.11     0.00
  MONTH TO DATE    1.41                      1.67  -0.26     0.02
  SINCE JUN 1      6.94                      4.92   2.02     3.06
  SINCE JAN 1     10.48                     11.40  -0.92     7.42

SNOWFALL (IN)
  YESTERDAY        0.0                       0.0    0.0      0.0
  MONTH TO DATE    0.0                       0.0    0.0      0.0
  SINCE JUN 1      0.0                       0.0    0.0      0.0
  SINCE JUL 1      0.0                       0.0    0.0      0.0
  SNOW DEPTH       0

DEGREE DAYS
 HEATING
  YESTERDAY        3                         0      3        0
  MONTH TO DATE    3                         0      3        0
  SINCE JUN 1     41                        37      4       31
  SINCE JUL 1      3                         0      3        0

 COOLING
  YESTERDAY        0                        11    -11        5
  MONTH TO DATE  140                       158    -18      184
  SINCE JUN 1    289                       337    -48      441
  SINCE JAN 1    335                       378    -43      530
..................................................................

WIND (MPH)
  HIGHEST WIND SPEED    21   HIGHEST WIND DIRECTION     S (160)
  HIGHEST GUST SPEED    26   HIGHEST GUST DIRECTION     S (160)
  AVERAGE WIND SPEED    11.0

SKY COVER
  AVERAGE SKY COVER 0.9

WEATHER CONDITIONS
THE FOLLOWING WEATHER WAS RECORDED YESTERDAY.
  NO SIGNIFICANT WEATHER WAS OBSERVED.

RELATIVE HUMIDITY (PERCENT)
 HIGHEST    89
 LOWEST     56
 AVERAGE    73

..........................................................

THE GOODLAND KS CLIMATE NORMALS FOR TODAY
                         NORMAL    RECORD    YEAR
 MAXIMUM TEMPERATURE (F)   90       107      1934
 MINIMUM TEMPERATURE (F)   62        50      1917
                                             1895


SUNRISE AND SUNSET
JULY 16 2014..........SUNRISE   533 AM MDT   SUNSET   812 PM MDT
JULY 17 2014..........SUNRISE   534 AM MDT   SUNSET   812 PM MDT

-  INDICATES NEGATIVE NUMBERS.
R  INDICATES RECORD WAS SET OR TIED.
MM INDICATES DATA IS MISSING.
T  INDICATES TRACE AMOUNT.

&&

THE AVERAGE SOIL TEMPERATURE AT THE FOUR INCH DEPTH... 73

$$
