000
CDUS43 KGLD 180741
CLIGLD

CLIMATE REPORT
NATIONAL WEATHER SERVICE GOODLAND
138 AM MDT SAT MAR 18 2017

...................................

...THE GOODLAND KS CLIMATE SUMMARY FOR MARCH 17 2017...

CLIMATE NORMAL PERIOD 1981 TO 2010
CLIMATE RECORD PERIOD 1895 TO 2017

WEATHER ITEM   OBSERVED TIME   RECORD YEAR NORMAL DEPARTURE LAST
                VALUE   (LST)  VALUE       VALUE  FROM      YEAR
                                                  NORMAL
..................................................................
TEMPERATURE (F)
 YESTERDAY
  MAXIMUM         70    348 PM  85    2012  55     15       54
  MINIMUM         33    519 AM  -1    1896  27      6       30
  AVERAGE         52                        41     11       42

PRECIPITATION (IN)
  YESTERDAY        0.00          0.47 1924   0.04  -0.04     0.01
  MONTH TO DATE    0.02                      0.52  -0.50     0.02
  SINCE MAR 1      0.02                      0.52  -0.50     0.02
  SINCE JAN 1      0.95                      1.39  -0.44     0.88

SNOWFALL (IN)
  YESTERDAY        0.0                       0.2   -0.2       T
  MONTH TO DATE    T                         3.4   -3.4       T
  SINCE MAR 1      T                         3.4   -3.4       T
  SINCE JUL 1      9.4                      27.4  -18.0     23.4
  SNOW DEPTH       0

DEGREE DAYS
 HEATING
  YESTERDAY       13                        24    -11       23
  MONTH TO DATE  370                       448    -78      286
  SINCE MAR 1    370                       448    -78      286
  SINCE JUL 1   4255                      4865   -610     4132

 COOLING
  YESTERDAY        0                         0      0        0
  MONTH TO DATE    0                         0      0        0
  SINCE MAR 1      0                         0      0        0
  SINCE JAN 1      0                         0      0        0
..................................................................

WIND (MPH)
  HIGHEST WIND SPEED    13   HIGHEST WIND DIRECTION    NW (330)
  HIGHEST GUST SPEED    16   HIGHEST GUST DIRECTION     E (90)
  AVERAGE WIND SPEED     5.9


SKY COVER
  AVERAGE SKY COVER 0.0


WEATHER CONDITIONS
 THE FOLLOWING WEATHER WAS RECORDED YESTERDAY.
  NO SIGNIFICANT WEATHER WAS OBSERVED.


RELATIVE HUMIDITY (PERCENT)
 HIGHEST    67
 LOWEST     26
 AVERAGE    47

..........................................................


THE GOODLAND KS CLIMATE NORMALS FOR TODAY
                         NORMAL    RECORD    YEAR
 MAXIMUM TEMPERATURE (F)   55        88      1907
 MINIMUM TEMPERATURE (F)   27        -5      1896


SUNRISE AND SUNSET
MARCH 18 2017.........SUNRISE   653 AM MDT   SUNSET   657 PM MDT
MARCH 19 2017.........SUNRISE   651 AM MDT   SUNSET   658 PM MDT


-  INDICATES NEGATIVE NUMBERS.
R  INDICATES RECORD WAS SET OR TIED.
MM INDICATES DATA IS MISSING.
T  INDICATES TRACE AMOUNT.

&&

THE AVERAGE SOIL TEMPERATURE AT THE FOUR INCH DEPTH... 51
THE CURRENT DEPTH OF FROST... 0 INCHES

$$
