000
CDUS43 KGLD 140841
CLIGLD

CLIMATE REPORT
NATIONAL WEATHER SERVICE GOODLAND
240 AM MDT THU SEP 14 2017

...................................

...THE GOODLAND KS CLIMATE SUMMARY FOR SEPTEMBER 13 2017...

CLIMATE NORMAL PERIOD 1981 TO 2010
CLIMATE RECORD PERIOD 1895 TO 2017

WEATHER ITEM   OBSERVED TIME   RECORD YEAR NORMAL DEPARTURE LAST
                VALUE   (LST)  VALUE       VALUE  FROM      YEAR
                                                  NORMAL
..................................................................
TEMPERATURE (F)
 YESTERDAY
  MAXIMUM         95    125 PM  98    2000  80     15       62
                                      1955
                                      1953
  MINIMUM         63    539 AM  34    1974  51     12       49
  AVERAGE         79                        66     13       56

PRECIPITATION (IN)
  YESTERDAY        0.42          0.79 2013   0.04   0.38     0.13
  MONTH TO DATE    0.42                      0.57  -0.15     1.80
  SINCE SEP 1      0.42                      0.57  -0.15     1.80
  SINCE JAN 1     22.38                     16.47   5.91    15.84

SNOWFALL (IN)
  YESTERDAY        0.0                       0.0    0.0      0.0
  MONTH TO DATE    0.0                       0.1   -0.1       T
  SINCE SEP 1      0.0                       0.1   -0.1       T
  SINCE JUL 1      T                         0.1   -0.1       T
  SNOW DEPTH       0

DEGREE DAYS
 HEATING
  YESTERDAY        0                         3     -3        9
  MONTH TO DATE   11                        21    -10       17
  SINCE SEP 1     11                        21    -10       17
  SINCE JUL 1     11                        33    -22       24

 COOLING
  YESTERDAY       14                         4     10        0
  MONTH TO DATE   88                        66     22       69
  SINCE SEP 1     88                        66     22       69
  SINCE JAN 1    907                       899      8     1018
..................................................................

WIND (MPH)
  HIGHEST WIND SPEED    30   HIGHEST WIND DIRECTION     N (360)
  HIGHEST GUST SPEED    37   HIGHEST GUST DIRECTION     N (350)
  AVERAGE WIND SPEED    12.1


SKY COVER
  AVERAGE SKY COVER 0.1


WEATHER CONDITIONS
 THE FOLLOWING WEATHER WAS RECORDED YESTERDAY.
  THUNDERSTORM
  HEAVY RAIN
  LIGHT RAIN


RELATIVE HUMIDITY (PERCENT)
 HIGHEST    67
 LOWEST     24
 AVERAGE    46

..........................................................


THE GOODLAND KS CLIMATE NORMALS FOR TODAY
                         NORMAL    RECORD    YEAR
 MAXIMUM TEMPERATURE (F)   80       101      1895
 MINIMUM TEMPERATURE (F)   51        31      1993


SUNRISE AND SUNSET
SEPTEMBER 14 2017.....SUNRISE   627 AM MDT   SUNSET   656 PM MDT
SEPTEMBER 15 2017.....SUNRISE   628 AM MDT   SUNSET   655 PM MDT


-  INDICATES NEGATIVE NUMBERS.
R  INDICATES RECORD WAS SET OR TIED.
MM INDICATES DATA IS MISSING.
T  INDICATES TRACE AMOUNT.

&&

THE AVERAGE SOIL TEMPERATURE AT THE FOUR INCH DEPTH... 76

$$
