000
CDUS43 KGLD 090039
CLIGLD

CLIMATE REPORT
NATIONAL WEATHER SERVICE GOODLAND
637 PM MDT MON SEP 8 2014

...................................

...THE GOODLAND KS CLIMATE SUMMARY FOR SEPTEMBER 8 2014...
VALID TODAY AS OF 0600 PM LOCAL TIME.

CLIMATE NORMAL PERIOD 1981 TO 2010
CLIMATE RECORD PERIOD 1895 TO 2014

WEATHER ITEM   OBSERVED TIME   RECORD YEAR NORMAL DEPARTURE LAST
                VALUE   (LST)  VALUE       VALUE  FROM      YEAR
                                                  NORMAL
..................................................................
TEMPERATURE (F)
 TODAY
  MAXIMUM         93    200 PM 100    1931  83     10       98
                                      1908
  MINIMUM         57    543 AM  38    1962  54      3       73
  AVERAGE         75                        68      7       86

PRECIPITATION (IN)
  TODAY            0.00          1.90 1980   0.04  -0.04     0.00
  MONTH TO DATE    0.24                      0.37  -0.13     0.00
  SINCE SEP 1      0.24                      0.37  -0.13     0.00
  SINCE JAN 1     14.14                     16.27  -2.13     8.79

SNOWFALL (IN)
  TODAY            0.0                       0.0    0.0      0.0
  MONTH TO DATE    0.0                       0.0    0.0      0.0
  SINCE SEP 1      0.0                       0.0    0.0      0.0
  SINCE JUL 1      0.0                       0.0    0.0      0.0
  SNOW DEPTH       0

DEGREE DAYS
 HEATING
  TODAY            0                         2     -2        0
  MONTH TO DATE   12                        10      2        0
  SINCE SEP 1     12                        10      2        0
  SINCE JUL 1     25                        22      3        7

 COOLING
  TODAY           10                         5      5       21
  MONTH TO DATE   39                        45     -6      118
  SINCE SEP 1     39                        45     -6      118
  SINCE JAN 1    841                       878    -37     1116
..................................................................

WIND (MPH)
  HIGHEST WIND SPEED    15   HIGHEST WIND DIRECTION     S (190)
  HIGHEST GUST SPEED    19   HIGHEST GUST DIRECTION     S (200)
  AVERAGE WIND SPEED     7.6

SKY COVER
  AVERAGE SKY COVER 0.0

WEATHER CONDITIONS
 THE FOLLOWING WEATHER WAS RECORDED TODAY.
  NO SIGNIFICANT WEATHER WAS OBSERVED.

RELATIVE HUMIDITY (PERCENT)
 HIGHEST    90           200 AM
 LOWEST     17           100 PM
 AVERAGE    54

..........................................................

THE GOODLAND KS CLIMATE NORMALS FOR TOMORROW
                         NORMAL    RECORD    YEAR
 MAXIMUM TEMPERATURE (F)   82       102      1931
 MINIMUM TEMPERATURE (F)   53        34      1941

SUNRISE AND SUNSET
SEPTEMBER  8 2014.....SUNRISE   622 AM MDT   SUNSET   706 PM MDT
SEPTEMBER  9 2014.....SUNRISE   623 AM MDT   SUNSET   705 PM MDT

-  INDICATES NEGATIVE NUMBERS.
R  INDICATES RECORD WAS SET OR TIED.
MM INDICATES DATA IS MISSING.
T  INDICATES TRACE AMOUNT.

&&

THE AVERAGE SOIL TEMPERATURE AT THE FOUR INCH DEPTH... 68

$$
