000
CDUS43 KGLD 230743
CLIGLD

CLIMATE REPORT
NATIONAL WEATHER SERVICE GOODLAND
141 AM MDT MON MAR 23 2015

...................................

...THE GOODLAND KS CLIMATE SUMMARY FOR MARCH 22 2015...

CLIMATE NORMAL PERIOD 1981 TO 2010
CLIMATE RECORD PERIOD 1895 TO 2015

WEATHER ITEM   OBSERVED TIME   RECORD YEAR NORMAL DEPARTURE LAST
                VALUE   (LST)  VALUE       VALUE  FROM      YEAR
                                                  NORMAL
..................................................................
TEMPERATURE (F)
 YESTERDAY
  MAXIMUM         78    110 PM  83    1916  57     21       30
  MINIMUM         41    235 AM   3    1912  28     13       14
  AVERAGE         60                        42     18       22

PRECIPITATION (IN)
  YESTERDAY        0.00          1.40 1897   0.03  -0.03     0.04
  MONTH TO DATE    0.05                      0.70  -0.65     0.35
  SINCE MAR 1      0.05                      0.70  -0.65     0.35
  SINCE JAN 1      1.13                      1.57  -0.44     1.29

SNOWFALL (IN)
  YESTERDAY        0.0                       0.3   -0.3      0.4
  MONTH TO DATE    0.6                       4.6   -4.0      3.5
  SINCE MAR 1      0.6                       4.6   -4.0      3.5
  SINCE JUL 1     22.7                      28.6   -5.9     28.7
  SNOW DEPTH       0

DEGREE DAYS
 HEATING
  YESTERDAY        5                        23    -18       43
  MONTH TO DATE  434                       565   -131      572
  SINCE MAR 1    434                       565   -131      572
  SINCE JUL 1   4649                      4982   -333     5116

 COOLING
  YESTERDAY        0                         0      0        0
  MONTH TO DATE    0                         0      0        0
  SINCE MAR 1      0                         0      0        0
  SINCE JAN 1      0                         0      0        0
..................................................................

WIND (MPH)
  HIGHEST WIND SPEED    23   HIGHEST WIND DIRECTION     N (20)
  HIGHEST GUST SPEED    29   HIGHEST GUST DIRECTION     N (10)
  AVERAGE WIND SPEED    13.0


SKY COVER
  AVERAGE SKY COVER 0.0


WEATHER CONDITIONS
 THE FOLLOWING WEATHER WAS RECORDED YESTERDAY.
  NO SIGNIFICANT WEATHER WAS OBSERVED.


RELATIVE HUMIDITY (PERCENT)
 HIGHEST    82
 LOWEST     12
 AVERAGE    47

..........................................................


THE GOODLAND KS CLIMATE NORMALS FOR TODAY
                         NORMAL    RECORD    YEAR
 MAXIMUM TEMPERATURE (F)   57        81      1967
                                             1916
 MINIMUM TEMPERATURE (F)   28        -2      1897


SUNRISE AND SUNSET
MARCH 23 2015.........SUNRISE   646 AM MDT   SUNSET   702 PM MDT
MARCH 24 2015.........SUNRISE   644 AM MDT   SUNSET   703 PM MDT


-  INDICATES NEGATIVE NUMBERS.
R  INDICATES RECORD WAS SET OR TIED.
MM INDICATES DATA IS MISSING.
T  INDICATES TRACE AMOUNT.

&&

THE AVERAGE SOIL TEMPERATURE AT THE FOUR INCH DEPTH... 49
THE CURRENT DEPTH OF FROST... 0 INCHES

$$
