000
CDUS43 KGLD 120042
CLIGLD

CLIMATE REPORT
NATIONAL WEATHER SERVICE GOODLAND
536 PM MST SAT MAR 11 2017

...................................

...THE GOODLAND KS CLIMATE SUMMARY FOR MARCH 11 2017...
VALID TODAY AS OF 0500 PM LOCAL TIME.

CLIMATE NORMAL PERIOD 1981 TO 2010
CLIMATE RECORD PERIOD 1895 TO 2017

WEATHER ITEM   OBSERVED TIME   RECORD YEAR NORMAL DEPARTURE LAST
                VALUE   (LST)  VALUE       VALUE  FROM      YEAR
                                                  NORMAL
..................................................................
TEMPERATURE (F)
 TODAY
  MAXIMUM         48    441 PM  82    1972  53     -5       71
  MINIMUM         19    504 AM -20    1948  25     -6       35
  AVERAGE         34                        39     -5       53

PRECIPITATION (IN)
  TODAY            0.02          1.17 1977   0.03  -0.01     0.00
  MONTH TO DATE    0.02                      0.31  -0.29     0.01
  SINCE MAR 1      0.02                      0.31  -0.29     0.01
  SINCE JAN 1      0.95                      1.18  -0.23     0.87

SNOWFALL (IN)
  TODAY            T                         0.2   -0.2      0.0
  MONTH TO DATE    T                         2.1   -2.1      0.0
  SINCE MAR 1      T                         2.1   -2.1      0.0
  SINCE JUL 1      9.4                      26.1  -16.7     23.4
  SNOW DEPTH       0

DEGREE DAYS
 HEATING
  TODAY           31                        26      5       12
  MONTH TO DATE  262                       300    -38      180
  SINCE MAR 1    262                       300    -38      180
  SINCE JUL 1   4147                      4717   -570     4026

 COOLING
  TODAY            0                         0      0        0
  MONTH TO DATE    0                         0      0        0
  SINCE MAR 1      0                         0      0        0
  SINCE JAN 1      0                         0      0        0
..................................................................

WIND (MPH)
  HIGHEST WIND SPEED    12   HIGHEST WIND DIRECTION     S (160)
  HIGHEST GUST SPEED    14   HIGHEST GUST DIRECTION    SE (150)
  AVERAGE WIND SPEED     5.5


SKY COVER
  AVERAGE SKY COVER 0.4


WEATHER CONDITIONS
 THE FOLLOWING WEATHER WAS RECORDED TODAY.
  LIGHT SNOW
  FOG


RELATIVE HUMIDITY (PERCENT)
 HIGHEST    84           200 AM
 LOWEST     50           400 PM
 AVERAGE    67

..........................................................


THE GOODLAND KS CLIMATE NORMALS FOR TOMORROW
                         NORMAL    RECORD    YEAR
 MAXIMUM TEMPERATURE (F)   54        79      1933
 MINIMUM TEMPERATURE (F)   26        -6      1932


SUNRISE AND SUNSET
MARCH 11 2017.........SUNRISE   604 AM MST   SUNSET   550 PM MST
MARCH 12 2017.........SUNRISE   702 AM MDT   SUNSET   651 PM MDT


-  INDICATES NEGATIVE NUMBERS.
R  INDICATES RECORD WAS SET OR TIED.
MM INDICATES DATA IS MISSING.
T  INDICATES TRACE AMOUNT.

&&

THE AVERAGE SOIL TEMPERATURE AT THE FOUR INCH DEPTH... 49
THE CURRENT DEPTH OF FROST... 0 INCHES

$$
