000
CDUS43 KGLD 140759
CLIGLD

CLIMATE REPORT
NATIONAL WEATHER SERVICE GOODLAND

1250 AM MST FRI NOV 14 2014

...................................

...THE GOODLAND KS CLIMATE SUMMARY FOR NOVEMBER 13 2014...

CLIMATE NORMAL PERIOD 1981 TO 2010
CLIMATE RECORD PERIOD 1895 TO 2014

WEATHER ITEM   OBSERVED TIME   RECORD YEAR NORMAL DEPARTURE LAST
                VALUE   (LST)  VALUE       VALUE  FROM      YEAR
                                                  NORMAL
..................................................................
TEMPERATURE (F)
 YESTERDAY
  MAXIMUM         20    254 PM  80    2007  54    -34       70
  MINIMUM         -6R   644 AM  -4    1916  27    -33       29
  AVERAGE          7                        40    -33       50

PRECIPITATION (IN)
  YESTERDAY        0.00          0.65 1972   0.03  -0.03     0.00
  MONTH TO DATE    T                         0.37  -0.37     0.16
  SINCE SEP 1      2.49                      2.96  -0.47     7.89
  SINCE JAN 1     16.39                     18.86  -2.47    16.68

SNOWFALL (IN)
  YESTERDAY        0.0                       0.2   -0.2      0.0
  MONTH TO DATE    0.1                       1.7   -1.6       T
  SINCE SEP 1      0.1                       4.3   -4.2      4.0
  SINCE JUL 1      0.1                       4.3   -4.2      4.0
  SNOW DEPTH       0

DEGREE DAYS
 HEATING
  YESTERDAY       58                        25     33       15
  MONTH TO DATE  323                       285     38      289
  SINCE SEP 1    738                       813    -75      793
  SINCE JUL 1    751                       825    -74      800

 COOLING
  YESTERDAY        0                         0      0        0
  MONTH TO DATE    0                         0      0        0
  SINCE SEP 1    118                       108     10      183
  SINCE JAN 1    920                       941    -21     1181
..................................................................

WIND (MPH)
  HIGHEST WIND SPEED    15   HIGHEST WIND DIRECTION     S (160)
  HIGHEST GUST SPEED    19   HIGHEST GUST DIRECTION     S (170)
  AVERAGE WIND SPEED    7.4


SKY COVER
  AVERAGE SKY COVER 0.2


WEATHER CONDITIONS
 THE FOLLOWING WEATHER WAS RECORDED YESTERDAY.
  NO SIGNIFICANT WEATHER WAS OBSERVED.


RELATIVE HUMIDITY (PERCENT)
 HIGHEST    79
 LOWEST     43
 AVERAGE    61

..........................................................


THE GOODLAND KS CLIMATE NORMALS FOR TODAY
                         NORMAL    RECORD    YEAR
 MAXIMUM TEMPERATURE (F)   53        75      1990
                                             1975
                                             1942
 MINIMUM TEMPERATURE (F)   26        -4      1940


SUNRISE AND SUNSET
NOVEMBER 14 2014......SUNRISE   629 AM MST   SUNSET   433 PM MST
NOVEMBER 15 2014......SUNRISE   631 AM MST   SUNSET   432 PM MST


-  INDICATES NEGATIVE NUMBERS.
R  INDICATES RECORD WAS SET OR TIED.
MM INDICATES DATA IS MISSING.
T  INDICATES TRACE AMOUNT.

&&

THE AVERAGE SOIL TEMPERATURE AT THE FOUR INCH DEPTH... 35
THE CURRENT DEPTH OF FROST... 6 INCHES

$$
