000
CDUS43 KGLD 150749
CLIGLD

CLIMATE REPORT
NATIONAL WEATHER SERVICE GOODLAND
138 AM MDT FRI APR 15 2016

...................................

...THE GOODLAND KS CLIMATE SUMMARY FOR APRIL 14 2016...

CLIMATE NORMAL PERIOD 1981 TO 2010
CLIMATE RECORD PERIOD 1895 TO 2016

WEATHER ITEM   OBSERVED TIME   RECORD YEAR NORMAL DEPARTURE LAST
                VALUE   (LST)  VALUE       VALUE  FROM      YEAR
                                                  NORMAL
..................................................................
TEMPERATURE (F)
 YESTERDAY
  MAXIMUM         77    329 PM  88    2003  63     14       69
  MINIMUM         40    410 AM  15    1928  34      6       38
  AVERAGE         59                        48     11       54

PRECIPITATION (IN)
  YESTERDAY        0.00          1.19 1927   0.05  -0.05     0.00
  MONTH TO DATE    0.18                      0.64  -0.46     0.62
  SINCE MAR 1      0.73                      1.71  -0.98     0.73
  SINCE JAN 1      1.59                      2.58  -0.99     1.81

SNOWFALL (IN)
  YESTERDAY        0.0                       0.1   -0.1      0.0
  MONTH TO DATE    0.0                       2.6   -2.6      2.0
  SINCE MAR 1      4.4                       9.4   -5.0      2.6
  SINCE JUL 1     27.8                      33.4   -5.6     24.7
  SNOW DEPTH       0

DEGREE DAYS
 HEATING
  YESTERDAY        6                        17    -11       11
  MONTH TO DATE  180                       258    -78      191
  SINCE MAR 1    785                      1016   -231      756
  SINCE JUL 1   4631                      5433   -802     4971

 COOLING
  YESTERDAY        0                         0      0        0
  MONTH TO DATE    0                         0      0        0
  SINCE MAR 1      0                         0      0        0
  SINCE JAN 1      0                         0      0        0
..................................................................

WIND (MPH)
  HIGHEST WIND SPEED    35   HIGHEST WIND DIRECTION     S (170)
  HIGHEST GUST SPEED    44   HIGHEST GUST DIRECTION     S (160)
  AVERAGE WIND SPEED    22.4


SKY COVER
  AVERAGE SKY COVER 0.2


WEATHER CONDITIONS
 THE FOLLOWING WEATHER WAS RECORDED YESTERDAY.
  FOG
  FOG W/VISIBILITY <= 1/4 MILE


RELATIVE HUMIDITY (PERCENT)
 HIGHEST   100
 LOWEST     33
 AVERAGE    67

..........................................................


THE GOODLAND KS CLIMATE NORMALS FOR TODAY
                         NORMAL    RECORD    YEAR
 MAXIMUM TEMPERATURE (F)   63        92      2002
 MINIMUM TEMPERATURE (F)   34        20      1951


SUNRISE AND SUNSET
APRIL 15 2016.........SUNRISE   609 AM MDT   SUNSET   725 PM MDT
APRIL 16 2016.........SUNRISE   608 AM MDT   SUNSET   726 PM MDT


-  INDICATES NEGATIVE NUMBERS.
R  INDICATES RECORD WAS SET OR TIED.
MM INDICATES DATA IS MISSING.
T  INDICATES TRACE AMOUNT.

&&

THE AVERAGE SOIL TEMPERATURE AT THE FOUR INCH DEPTH... 57

$$
