000
CDUS43 KGLD 150747
CLIGLD

CLIMATE REPORT
NATIONAL WEATHER SERVICE GOODLAND
1244 AM MST WED FEB 15 2017

...................................

...THE GOODLAND KS CLIMATE SUMMARY FOR FEBRUARY 14 2017...

CLIMATE NORMAL PERIOD 1981 TO 2010
CLIMATE RECORD PERIOD 1895 TO 2017

WEATHER ITEM   OBSERVED TIME   RECORD YEAR NORMAL DEPARTURE LAST
                VALUE   (LST)  VALUE       VALUE  FROM      YEAR
                                                  NORMAL
..................................................................
TEMPERATURE (F)
 YESTERDAY
  MAXIMUM         53    243 PM  75    1999  45      8       50
  MINIMUM         21    205 AM -12    2007  19      2       24
  AVERAGE         37                        32      5       37

PRECIPITATION (IN)
  YESTERDAY        0.00          0.29 1964   0.02  -0.02     0.01
  MONTH TO DATE    T                         0.22  -0.22     0.82
  SINCE DEC 1      1.52                      1.06   0.46     1.02
  SINCE JAN 1      0.92                      0.60   0.32     0.86

SNOWFALL (IN)
  YESTERDAY        0.0                       0.2   -0.2      0.0
  MONTH TO DATE    T                         3.0   -3.0     13.3
  SINCE DEC 1      8.8                      14.4   -5.6     15.2
  SINCE JUL 1      9.4                      21.6  -12.2     23.4
  SNOW DEPTH       0

DEGREE DAYS
 HEATING
  YESTERDAY       28                        33     -5       28
  MONTH TO DATE  376                       480   -104      481
  SINCE DEC 1   2694                      2664     30     2482
  SINCE JUL 1   3557                      3983   -426     3542

 COOLING
  YESTERDAY        0                         0      0        0
  MONTH TO DATE    0                         0      0        0
  SINCE DEC 1      0                         0      0        0
  SINCE JAN 1      0                         0      0        0
..................................................................

WIND (MPH)
  HIGHEST WIND SPEED    29   HIGHEST WIND DIRECTION     N (10)
  HIGHEST GUST SPEED    36   HIGHEST GUST DIRECTION     N (10)
  AVERAGE WIND SPEED    13.3


SKY COVER
  AVERAGE SKY COVER 0.0


WEATHER CONDITIONS
 THE FOLLOWING WEATHER WAS RECORDED YESTERDAY.
  NO SIGNIFICANT WEATHER WAS OBSERVED.


RELATIVE HUMIDITY (PERCENT)
 HIGHEST    81
 LOWEST     29
 AVERAGE    55

..........................................................


THE GOODLAND KS CLIMATE NORMALS FOR TODAY
                         NORMAL    RECORD    YEAR
 MAXIMUM TEMPERATURE (F)   45        68      2011
                                             1947
 MINIMUM TEMPERATURE (F)   19       -13      2007


SUNRISE AND SUNSET
FEBRUARY 15 2017......SUNRISE   638 AM MST   SUNSET   524 PM MST
FEBRUARY 16 2017......SUNRISE   637 AM MST   SUNSET   525 PM MST


-  INDICATES NEGATIVE NUMBERS.
R  INDICATES RECORD WAS SET OR TIED.
MM INDICATES DATA IS MISSING.
T  INDICATES TRACE AMOUNT.

&&

THE AVERAGE SOIL TEMPERATURE AT THE FOUR INCH DEPTH... 38
THE CURRENT DEPTH OF FROST... 0 INCHES

$$
