000
CDUS43 KGLD 230756
CLIGLD

CLIMATE REPORT
NATIONAL WEATHER SERVICE GOODLAND
150 AM MDT SUN APR 23 2017

...................................

...THE GOODLAND KS CLIMATE SUMMARY FOR APRIL 22 2017...

CLIMATE NORMAL PERIOD 1981 TO 2010
CLIMATE RECORD PERIOD 1895 TO 2017

WEATHER ITEM   OBSERVED TIME   RECORD YEAR NORMAL DEPARTURE LAST
                VALUE   (LST)  VALUE       VALUE  FROM      YEAR
                                                  NORMAL
..................................................................
TEMPERATURE (F)
 YESTERDAY
  MAXIMUM         58    431 PM  96    1989  66     -8       77
  MINIMUM         34    515 AM  22    1982  37     -3       36
  AVERAGE         46                        51     -5       57

PRECIPITATION (IN)
  YESTERDAY        0.00          1.23 1944   0.07  -0.07     0.00
  MONTH TO DATE    1.15                      1.09   0.06     2.75
  SINCE MAR 1      2.83                      2.16   0.67     3.30
  SINCE JAN 1      3.76                      3.03   0.73     4.16

SNOWFALL (IN)
  YESTERDAY        0.0                       0.1   -0.1      0.0
  MONTH TO DATE    0.0                       3.6   -3.6      0.0
  SINCE MAR 1      T                        10.4  -10.4      4.4
  SINCE JUL 1      9.4                      34.4  -25.0     27.8
  SNOW DEPTH       0

DEGREE DAYS
 HEATING
  YESTERDAY       19                        14      5        8
  MONTH TO DATE  265                       379   -114      313
  SINCE MAR 1    860                      1137   -277      918
  SINCE JUL 1   4745                      5554   -809     4764

 COOLING
  YESTERDAY        0                         0      0        0
  MONTH TO DATE    7                         0      7        0
  SINCE MAR 1      7                         0      7        0
  SINCE JAN 1      7                         0      7        0
..................................................................

WIND (MPH)
  HIGHEST WIND SPEED    14   HIGHEST WIND DIRECTION     N (20)
  HIGHEST GUST SPEED    16   HIGHEST GUST DIRECTION     S (200)
  AVERAGE WIND SPEED     5.9

SKY COVER
  AVERAGE SKY COVER 0.5

WEATHER CONDITIONS
 THE FOLLOWING WEATHER WAS RECORDED YESTERDAY.
  FOG
  FOG W/VISIBILITY <= 1/4 MILE

RELATIVE HUMIDITY (PERCENT)
 HIGHEST   100
 LOWEST     36
 AVERAGE    68

..........................................................

THE GOODLAND KS CLIMATE NORMALS FOR TODAY
                         NORMAL    RECORD    YEAR
 MAXIMUM TEMPERATURE (F)   66        90      1989
                                             1939
 MINIMUM TEMPERATURE (F)   37        21      2013

SUNRISE AND SUNSET
APRIL 23 2017.........SUNRISE   558 AM MDT   SUNSET   733 PM MDT
APRIL 24 2017.........SUNRISE   557 AM MDT   SUNSET   734 PM MDT

-  INDICATES NEGATIVE NUMBERS.
R  INDICATES RECORD WAS SET OR TIED.
MM INDICATES DATA IS MISSING.
T  INDICATES TRACE AMOUNT.

&&

THE AVERAGE SOIL TEMPERATURE AT THE FOUR INCH DEPTH... 50

$$
