000
CDUS43 KGLD 310743
CLIGLD

CLIMATE REPORT
NATIONAL WEATHER SERVICE GOODLAND
142 AM MDT THU JUL 31 2014

...................................

...THE GOODLAND KS CLIMATE SUMMARY FOR JULY 30 2014...

CLIMATE NORMAL PERIOD 1981 TO 2010
CLIMATE RECORD PERIOD 1895 TO 2014

WEATHER ITEM   OBSERVED TIME   RECORD YEAR NORMAL DEPARTURE LAST
                VALUE   (LST)  VALUE       VALUE  FROM      YEAR
                                                  NORMAL
..................................................................
TEMPERATURE (F)
 YESTERDAY
  MAXIMUM         72    450 PM 106    1935  89    -17       88
  MINIMUM         57   1159 PM  43    1971  62     -5       62
  AVERAGE         65                        76    -11       75

PRECIPITATION (IN)
  YESTERDAY        0.02          1.23 1979   0.11  -0.09     0.00
                                      1915
  MONTH TO DATE    2.07                      3.36  -1.29     0.45
  SINCE JUN 1      7.60                      6.61   0.99     3.49
  SINCE JAN 1     11.14                     13.09  -1.95     7.85

SNOWFALL (IN)
  YESTERDAY        0.0                       0.0    0.0      0.0
  MONTH TO DATE    0.0                       0.0    0.0      0.0
  SINCE JUN 1      0.0                       0.0    0.0      0.0
  SINCE JUL 1      0.0                       0.0    0.0      0.0
  SNOW DEPTH       0

DEGREE DAYS
 HEATING
  YESTERDAY        0                         0      0        0
  MONTH TO DATE   13                         0     13        7
  SINCE JUN 1     51                        37     14       38
  SINCE JUL 1     13                         0     13        7

 COOLING
  YESTERDAY        0                        11    -11       10
  MONTH TO DATE  299                       323    -24      311
  SINCE JUN 1    448                       502    -54      568
  SINCE JAN 1    494                       543    -49      657
..................................................................

WIND (MPH)
  HIGHEST WIND SPEED    20   HIGHEST WIND DIRECTION     E (70)
  HIGHEST GUST SPEED    24   HIGHEST GUST DIRECTION    NE (60)
  AVERAGE WIND SPEED     9.4

SKY COVER
  AVERAGE SKY COVER 0.6

WEATHER CONDITIONS
THE FOLLOWING WEATHER WAS RECORDED YESTERDAY.
  LIGHT RAIN
  FOG

RELATIVE HUMIDITY (PERCENT)
 HIGHEST   100
 LOWEST     53
 AVERAGE    77

..........................................................

THE GOODLAND KS CLIMATE NORMALS FOR TODAY
                         NORMAL    RECORD    YEAR
 MAXIMUM TEMPERATURE (F)   89       105      2002
 MINIMUM TEMPERATURE (F)   62        43      1925

SUNRISE AND SUNSET
JULY 31 2014..........SUNRISE   546 AM MDT   SUNSET   800 PM MDT
AUGUST  1 2014........SUNRISE   547 AM MDT   SUNSET   759 PM MDT

-  INDICATES NEGATIVE NUMBERS.
R  INDICATES RECORD WAS SET OR TIED.
MM INDICATES DATA IS MISSING.
T  INDICATES TRACE AMOUNT.

&&

THE AVERAGE SOIL TEMPERATURE AT THE FOUR INCH DEPTH... 75

$$
