000
CDUS43 KGLD 210038
CLIGLD

CLIMATE REPORT
NATIONAL WEATHER SERVICE GOODLAND
636 PM MDT THU JUL 20 2017

...................................

...THE GOODLAND KS CLIMATE SUMMARY FOR JULY 20 2017...
VALID TODAY AS OF 0600 PM LOCAL TIME.

CLIMATE NORMAL PERIOD 1981 TO 2010
CLIMATE RECORD PERIOD 1895 TO 2017

WEATHER ITEM   OBSERVED TIME   RECORD YEAR NORMAL DEPARTURE LAST
                VALUE   (LST)  VALUE       VALUE  FROM      YEAR
                                                  NORMAL
..................................................................
TEMPERATURE (F)
 TODAY
  MAXIMUM         96    412 PM 109    2005  90      6      102
                                      1939
  MINIMUM         62    511 AM  50    1897  62      0       69
  AVERAGE         79                        76      3       86

PRECIPITATION (IN)
  TODAY            0.00          1.60 1942   0.12  -0.12     0.00
  MONTH TO DATE    0.94                      2.23  -1.29     1.22
  SINCE JUN 1      5.38                      5.48  -0.10     2.84
  SINCE JAN 1     17.77                     11.96   5.81    10.20

SNOWFALL (IN)
  TODAY            0.0                       0.0    0.0      0.0
  MONTH TO DATE    0.0                       0.0    0.0      0.0
  SINCE JUN 1      T                         0.0    0.0      0.0
  SINCE JUL 1      0.0                       0.0    0.0      0.0
  SNOW DEPTH       0

DEGREE DAYS
 HEATING
  TODAY            0                         0      0        0
  MONTH TO DATE    0                         0      0        0
  SINCE JUN 1     13                        37    -24        2
  SINCE JUL 1      0                         0      0        0

 COOLING
  TODAY           14                        11      3       21
  MONTH TO DATE  247                       213     34      255
  SINCE JUN 1    462                       392     70      544
  SINCE JAN 1    500                       433     67      568
..................................................................

WIND (MPH)
  HIGHEST WIND SPEED    16   HIGHEST WIND DIRECTION     S (190)
  HIGHEST GUST SPEED    21   HIGHEST GUST DIRECTION     S (180)
  AVERAGE WIND SPEED     7.9


SKY COVER
  AVERAGE SKY COVER 0.0


WEATHER CONDITIONS
 THE FOLLOWING WEATHER WAS RECORDED TODAY.
  NO SIGNIFICANT WEATHER WAS OBSERVED.


RELATIVE HUMIDITY (PERCENT)
 HIGHEST    84           400 AM
 LOWEST     31           400 PM
 AVERAGE    58

..........................................................


THE GOODLAND KS CLIMATE NORMALS FOR TOMORROW
                         NORMAL    RECORD    YEAR
 MAXIMUM TEMPERATURE (F)   90       105      2012
                                             2005
                                             1934
 MINIMUM TEMPERATURE (F)   62        50      1958


SUNRISE AND SUNSET
JULY 20 2017..........SUNRISE   537 AM MDT   SUNSET   809 PM MDT
JULY 21 2017..........SUNRISE   537 AM MDT   SUNSET   809 PM MDT


-  INDICATES NEGATIVE NUMBERS.
R  INDICATES RECORD WAS SET OR TIED.
MM INDICATES DATA IS MISSING.
T  INDICATES TRACE AMOUNT.

&&

THE AVERAGE SOIL TEMPERATURE AT THE FOUR INCH DEPTH... 79

$$
