000
CDUS43 KGLD 020741
CLIGLD

WRKCLIGLD 000
TTAA00 KGLD 020740

CLIMATE REPORT
NATIONAL WEATHER SERVICE GOODLAND
139 AM MDT WED SEP 2 2015

...................................

...THE GOODLAND KS CLIMATE SUMMARY FOR SEPTEMBER 1 2015...

CLIMATE NORMAL PERIOD 1981 TO 2010
CLIMATE RECORD PERIOD 1895 TO 2015

WEATHER ITEM   OBSERVED TIME   RECORD YEAR NORMAL DEPARTURE LAST
                VALUE   (LST)  VALUE       VALUE  FROM      YEAR
                                                  NORMAL
..................................................................
TEMPERATURE (F)
 YESTERDAY
  MAXIMUM         93    230 PM 102    1939  85      8       81
  MINIMUM         60    557 AM  42    1956  56      4       50
  AVERAGE         77                        71      6       66

PRECIPITATION (IN)
  YESTERDAY        0.00          0.61 1972   0.05  -0.05     0.00
  MONTH TO DATE    0.00                      0.05  -0.05     0.00
  SINCE SEP 1      0.00                      0.05  -0.05     0.00
  SINCE JAN 1     16.75                     15.95   0.80    13.90

SNOWFALL (IN)
  YESTERDAY        0.0                       0.0    0.0      0.0
  MONTH TO DATE    0.0                       0.0    0.0      0.0
  SINCE SEP 1      0.0                       0.0    0.0      0.0
  SINCE JUL 1      0.0                       0.0    0.0      0.0
  SNOW DEPTH       0

DEGREE DAYS
 HEATING
  YESTERDAY        0                         1     -1        0
  MONTH TO DATE    0                         1     -1        0
  SINCE SEP 1      0                         1     -1        0
  SINCE JUL 1      6                        13     -7       13

 COOLING
  YESTERDAY       12                         6      6        1
  MONTH TO DATE   12                         6      6        1
  SINCE SEP 1     12                         6      6        1
  SINCE JAN 1    920                       839     81      803
..................................................................

WIND (MPH)
  HIGHEST WIND SPEED    20   HIGHEST WIND DIRECTION    SW (210)
  HIGHEST GUST SPEED    29   HIGHEST GUST DIRECTION     S (170)
  AVERAGE WIND SPEED     6.8


SKY COVER
  AVERAGE SKY COVER 0.1


WEATHER CONDITIONS
 THE FOLLOWING WEATHER WAS RECORDED YESTERDAY.
  THUNDERSTORM
  FOG


RELATIVE HUMIDITY (PERCENT)
 HIGHEST    93
 LOWEST     21
 AVERAGE    57

..........................................................


THE GOODLAND KS CLIMATE NORMALS FOR TODAY
                         NORMAL    RECORD    YEAR
 MAXIMUM TEMPERATURE (F)   85       105      1939
 MINIMUM TEMPERATURE (F)   56        38      1974


SUNRISE AND SUNSET
SEPTEMBER  2 2015.....SUNRISE   616 AM MDT   SUNSET   716 PM MDT
SEPTEMBER  3 2015.....SUNRISE   617 AM MDT   SUNSET   715 PM MDT


-  INDICATES NEGATIVE NUMBERS.
R  INDICATES RECORD WAS SET OR TIED.
MM INDICATES DATA IS MISSING.
T  INDICATES TRACE AMOUNT.

&&

THE AVERAGE SOIL TEMPERATURE AT THE FOUR INCH DEPTH... 78

$$
