000
CDUS43 KGLD 100752
CLIGLD

CLIMATE REPORT
NATIONAL WEATHER SERVICE GOODLAND
1243 AM MST WED DEC 10 2014

...................................

...THE GOODLAND KS CLIMATE SUMMARY FOR DECEMBER 9 2014...

CLIMATE NORMAL PERIOD 1981 TO 2010
CLIMATE RECORD PERIOD 1895 TO 2014

WEATHER ITEM   OBSERVED TIME   RECORD YEAR NORMAL DEPARTURE LAST
                VALUE   (LST)  VALUE       VALUE  FROM      YEAR
                                                  NORMAL
..................................................................
TEMPERATURE (F)
 YESTERDAY
  MAXIMUM         47    217 PM  76    1939  43      4       22
  MINIMUM         14    540 AM -23    1919  18     -4       -5
  AVERAGE         31                        30      1        9

PRECIPITATION (IN)
  YESTERDAY        0.00          0.51 1923   0.01  -0.01     0.00
  MONTH TO DATE    0.00                      0.14  -0.14     0.05
  SINCE DEC 1      0.00                      0.14  -0.14     0.05
  SINCE JAN 1     16.41                     19.34  -2.93    16.74

SNOWFALL (IN)
  YESTERDAY        0.0                       0.2   -0.2      0.0
  MONTH TO DATE    0.0                       1.6   -1.6      2.5
  SINCE DEC 1      0.0                       1.6   -1.6      2.5
  SINCE JUL 1      0.2                       8.8   -8.6      6.8
  SNOW DEPTH       0

DEGREE DAYS
 HEATING
  YESTERDAY       34                        35     -1       56
  MONTH TO DATE  267                       305    -38      412
  SINCE DEC 1    267                       305    -38      412
  SINCE JUL 1   1522                      1624   -102     1685

 COOLING
  YESTERDAY        0                         0      0        0
  MONTH TO DATE    0                         0      0        0
  SINCE DEC 1      0                         0      0        0
  SINCE JAN 1    920                       941    -21     1181
..................................................................

WIND (MPH)
  HIGHEST WIND SPEED    21   HIGHEST WIND DIRECTION     S (170)
  HIGHEST GUST SPEED    25   HIGHEST GUST DIRECTION     S (170)
  AVERAGE WIND SPEED    10.3


SKY COVER
  AVERAGE SKY COVER 0.0


WEATHER CONDITIONS
 THE FOLLOWING WEATHER WAS RECORDED YESTERDAY.
  NO SIGNIFICANT WEATHER WAS OBSERVED.


RELATIVE HUMIDITY (PERCENT)
 HIGHEST    91
 LOWEST     49
 AVERAGE    70

..........................................................


THE GOODLAND KS CLIMATE NORMALS FOR TODAY
                         NORMAL    RECORD    YEAR
 MAXIMUM TEMPERATURE (F)   43        71      1975
 MINIMUM TEMPERATURE (F)   18       -14      1972


SUNRISE AND SUNSET
DECEMBER 10 2014......SUNRISE   656 AM MST   SUNSET   423 PM MST
DECEMBER 11 2014......SUNRISE   657 AM MST   SUNSET   424 PM MST


-  INDICATES NEGATIVE NUMBERS.
R  INDICATES RECORD WAS SET OR TIED.
MM INDICATES DATA IS MISSING.
T  INDICATES TRACE AMOUNT.

&&

THE AVERAGE SOIL TEMPERATURE AT THE FOUR INCH DEPTH... 39
THE CURRENT DEPTH OF FROST... 0 INCHES

$$
