000
CDUS43 KGLD 100737
CLIGLD

CLIMATE REPORT
NATIONAL WEATHER SERVICE GOODLAND
135 AM MDT TUE MAY 10 2016

...................................

...THE GOODLAND KS CLIMATE SUMMARY FOR MAY 9 2016...

CLIMATE NORMAL PERIOD 1981 TO 2010
CLIMATE RECORD PERIOD 1895 TO 2016

WEATHER ITEM   OBSERVED TIME   RECORD YEAR NORMAL DEPARTURE LAST
                VALUE   (LST)  VALUE       VALUE  FROM      YEAR
                                                  NORMAL
..................................................................
TEMPERATURE (F)
 YESTERDAY
  MAXIMUM         71    114 PM  97    1916  71      0       66
  MINIMUM         36    421 AM  27    2002  43     -7       37
  AVERAGE         54                        57     -3       52

PRECIPITATION (IN)
  YESTERDAY        0.00          1.09 2015   0.08  -0.08     1.09
  MONTH TO DATE    0.34                      0.69  -0.35     1.98
  SINCE MAR 1      4.88                      3.35   1.53     6.93
  SINCE JAN 1      5.74                      4.22   1.52     8.01

SNOWFALL (IN)
  YESTERDAY        0.0                       0.0    0.0      0.0
  MONTH TO DATE    T                         0.3   -0.3      0.0
  SINCE MAR 1      6.7                      11.3   -4.6      2.6
  SINCE JUL 1     30.1                      35.3   -5.2     24.7
  SNOW DEPTH       0

DEGREE DAYS
 HEATING
  YESTERDAY       11                         9      2       13
  MONTH TO DATE   79                        89    -10       54
  SINCE MAR 1   1119                      1327   -208     1015
  SINCE JUL 1   4965                      5744   -779     5230

 COOLING
  YESTERDAY        0                         1     -1        0
  MONTH TO DATE    6                         7     -1        2
  SINCE MAR 1      6                        11     -5        2
  SINCE JAN 1      6                        11     -5        2
..................................................................

WIND (MPH)
  HIGHEST WIND SPEED    15   HIGHEST WIND DIRECTION    NE (30)
  HIGHEST GUST SPEED    20   HIGHEST GUST DIRECTION    NE (30)
  AVERAGE WIND SPEED     5.7


SKY COVER
  AVERAGE SKY COVER 0.1


WEATHER CONDITIONS
 THE FOLLOWING WEATHER WAS RECORDED YESTERDAY.
  NO SIGNIFICANT WEATHER WAS OBSERVED.


RELATIVE HUMIDITY (PERCENT)
 HIGHEST    93
 LOWEST     40
 AVERAGE    67

..........................................................


THE GOODLAND KS CLIMATE NORMALS FOR TODAY
                         NORMAL    RECORD    YEAR
 MAXIMUM TEMPERATURE (F)   71        94      1962
 MINIMUM TEMPERATURE (F)   44        25      1918


SUNRISE AND SUNSET
MAY 10 2016...........SUNRISE   537 AM MDT   SUNSET   750 PM MDT
MAY 11 2016...........SUNRISE   536 AM MDT   SUNSET   750 PM MDT


-  INDICATES NEGATIVE NUMBERS.
R  INDICATES RECORD WAS SET OR TIED.
MM INDICATES DATA IS MISSING.
T  INDICATES TRACE AMOUNT.

&&

THE AVERAGE SOIL TEMPERATURE AT THE FOUR INCH DEPTH... 61

$$
