000
CDUS43 KGLD 180742
CLIGLD

CLIMATE REPORT
NATIONAL WEATHER SERVICE GOODLAND
1241 AM MST SUN JAN 18 2015

...................................

...THE GOODLAND KS CLIMATE SUMMARY FOR JANUARY 17 2015...

CLIMATE NORMAL PERIOD 1981 TO 2010
CLIMATE RECORD PERIOD 1895 TO 2015

WEATHER ITEM   OBSERVED TIME   RECORD YEAR NORMAL DEPARTURE LAST
                VALUE   (LST)  VALUE       VALUE  FROM      YEAR
                                                  NORMAL
..................................................................
TEMPERATURE (F)
 YESTERDAY
  MAXIMUM         48    244 PM  71    1923  42      6       53
  MINIMUM         29    536 PM -20    1930  17     12       15
  AVERAGE         39                        30      9       34

PRECIPITATION (IN)
  YESTERDAY        0.00          0.47 1955   0.01  -0.01     0.00
  MONTH TO DATE    0.07                      0.19  -0.12     0.12
  SINCE DEC 1      1.53                      0.65   0.88     0.17
  SINCE JAN 1      0.07                      0.19  -0.12     0.12

SNOWFALL (IN)
  YESTERDAY        0.0                       0.2   -0.2      0.0
  MONTH TO DATE    1.0                       3.0   -2.0      3.1
  SINCE DEC 1     10.7                       8.5    2.2      5.6
  SINCE JUL 1     10.9                      15.7   -4.8      9.9
  SNOW DEPTH       0

DEGREE DAYS
 HEATING
  YESTERDAY       26                        35     -9       31
  MONTH TO DATE  675                       597     78      585
  SINCE DEC 1   1734                      1685     49     1678
  SINCE JUL 1   2989                      3004    -15     2951

 COOLING
  YESTERDAY        0                         0      0        0
  MONTH TO DATE    0                         0      0        0
  SINCE DEC 1      0                         0      0        0
  SINCE JAN 1      0                         0      0        0
..................................................................

WIND (MPH)
  HIGHEST WIND SPEED    29   HIGHEST WIND DIRECTION     N (340)
  HIGHEST GUST SPEED    39   HIGHEST GUST DIRECTION    NW (330)
  AVERAGE WIND SPEED    16.6


SKY COVER
  AVERAGE SKY COVER 0.0


WEATHER CONDITIONS
 THE FOLLOWING WEATHER WAS RECORDED YESTERDAY.
  NO SIGNIFICANT WEATHER WAS OBSERVED.


RELATIVE HUMIDITY (PERCENT)
 HIGHEST    75
 LOWEST     39
 AVERAGE    57

..........................................................


THE GOODLAND KS CLIMATE NORMALS FOR TODAY
                         NORMAL    RECORD    YEAR
 MAXIMUM TEMPERATURE (F)   42        70      1920
 MINIMUM TEMPERATURE (F)   17       -20      1984


SUNRISE AND SUNSET
JANUARY 18 2015.......SUNRISE   704 AM MST   SUNSET   451 PM MST
JANUARY 19 2015.......SUNRISE   703 AM MST   SUNSET   452 PM MST


-  INDICATES NEGATIVE NUMBERS.
R  INDICATES RECORD WAS SET OR TIED.
MM INDICATES DATA IS MISSING.
T  INDICATES TRACE AMOUNT.

&&

THE AVERAGE SOIL TEMPERATURE AT THE FOUR INCH DEPTH... 31
THE CURRENT DEPTH OF FROST... 18 INCHES

$$
