000
CDUS43 KGLD 130831
CLIGLD

WRKCLIGLD 000
TTAA00 KGLD 130813

CLIMATE REPORT
NATIONAL WEATHER SERVICE GOODLAND
210 AM MDT TUE SEP 13 2016

...................................

...THE GOODLAND KS CLIMATE SUMMARY FOR SEPTEMBER 12 2016...

CLIMATE NORMAL PERIOD 1981 TO 2010
CLIMATE RECORD PERIOD 1895 TO 2016

WEATHER ITEM   OBSERVED TIME   RECORD YEAR NORMAL DEPARTURE LAST
                VALUE   (LST)  VALUE       VALUE  FROM      YEAR
                                                  NORMAL
..................................................................
TEMPERATURE (F)
 YESTERDAY
  MAXIMUM         77    129 PM 100    1931  81     -4       88
  MINIMUM         52    451 AM  34    2014  52      0       53
  AVERAGE         65                        66     -1       71

PRECIPITATION (IN)
  YESTERDAY        0.00          4.11 2013   0.04  -0.04     0.00
  MONTH TO DATE    1.67                      0.53   1.14     0.09
  SINCE SEP 1      1.67                      0.53   1.14     0.09
  SINCE JAN 1     15.71                     16.43  -0.72    16.84

SNOWFALL (IN)
  YESTERDAY        0.0                       0.1   -0.1      0.0
  MONTH TO DATE    T                         0.1   -0.1      0.0
  SINCE SEP 1      T                         0.1   -0.1      0.0
  SINCE JUL 1      T                         0.1   -0.1      0.0
  SNOW DEPTH       0

DEGREE DAYS
 HEATING
  YESTERDAY        0                         2     -2        0
  MONTH TO DATE    8                        18    -10        4
  SINCE SEP 1      8                        18    -10        4
  SINCE JUL 1     15                        30    -15       10

 COOLING
  YESTERDAY        0                         4     -4        6
  MONTH TO DATE   69                        62      7      120
  SINCE SEP 1     69                        62      7      120
  SINCE JAN 1   1018                       895    123     1028
..................................................................

WIND (MPH)
  HIGHEST WIND SPEED    29   HIGHEST WIND DIRECTION    NW (330)
  HIGHEST GUST SPEED    38   HIGHEST GUST DIRECTION     N (340)
  AVERAGE WIND SPEED    15.5


SKY COVER
  AVERAGE SKY COVER 0.2


WEATHER CONDITIONS
 THE FOLLOWING WEATHER WAS RECORDED YESTERDAY.
  NO SIGNIFICANT WEATHER WAS OBSERVED.


RELATIVE HUMIDITY (PERCENT)
 HIGHEST    86
 LOWEST     38
 AVERAGE    62

..........................................................


THE GOODLAND KS CLIMATE NORMALS FOR TODAY
                         NORMAL    RECORD    YEAR
 MAXIMUM TEMPERATURE (F)   80        98      2000
                                             1955
                                             1953
 MINIMUM TEMPERATURE (F)   51        34      1974


SUNRISE AND SUNSET
SEPTEMBER 13 2016.....SUNRISE   627 AM MDT   SUNSET   658 PM MDT
SEPTEMBER 14 2016.....SUNRISE   628 AM MDT   SUNSET   656 PM MDT


-  INDICATES NEGATIVE NUMBERS.
R  INDICATES RECORD WAS SET OR TIED.
MM INDICATES DATA IS MISSING.
T  INDICATES TRACE AMOUNT.

&&

THE AVERAGE SOIL TEMPERATURE AT THE FOUR INCH DEPTH... 69

$$
