000
CDUS43 KGLD 190104
CLIGLD

CLIMATE REPORT
NATIONAL WEATHER SERVICE GOODLAND
602 PM MST FRI NOV 18 2016
...................................

...THE GOODLAND KS CLIMATE SUMMARY FOR NOVEMBER 18 2016...
VALID TODAY AS OF 0600 PM LOCAL TIME.

CLIMATE NORMAL PERIOD 1981 TO 2010
CLIMATE RECORD PERIOD 1895 TO 2016

WEATHER ITEM   OBSERVED TIME   RECORD YEAR NORMAL DEPARTURE LAST
                VALUE   (LST)  VALUE       VALUE  FROM      YEAR
                                                  NORMAL
..................................................................
TEMPERATURE (F)
 TODAY
  MAXIMUM         36    233 PM  77    2008  51    -15       51
                                      1995
  MINIMUM         24    706 AM  11    1937  25     -1       27
                                      1926
  AVERAGE         30                        38     -8       39

PRECIPITATION (IN)
  TODAY            T             0.44 2004   0.02  -0.02     0.00
  MONTH TO DATE    0.10                      0.48  -0.38     0.77
  SINCE SEP 1      2.63                      3.07  -0.44     3.50
  SINCE JAN 1     16.67                     18.97  -2.30    20.25

SNOWFALL (IN)
  TODAY            0.1                       0.1    0.0      0.0
  MONTH TO DATE    0.6                       2.5   -1.9      6.7
  SINCE SEP 1      0.6                       5.1   -4.5      6.7
  SINCE JUL 1      0.6                       5.1   -4.5      6.7
  SNOW DEPTH       1

DEGREE DAYS
 HEATING
  TODAY           35                        27      8       26
  MONTH TO DATE  258                       416   -158      345
  SINCE SEP 1    536                       944   -408      654
  SINCE JUL 1    543                       956   -413      660

 COOLING
  TODAY            0                         0      0        0
  MONTH TO DATE    0                         0      0        0
  SINCE SEP 1    154                       108     46      237
  SINCE JAN 1   1103                       941    162     1145
..................................................................

WIND (MPH)
  HIGHEST WIND SPEED    35   HIGHEST WIND DIRECTION    NW (320)
  HIGHEST GUST SPEED    43   HIGHEST GUST DIRECTION    NW (330)
  AVERAGE WIND SPEED    24.4


SKY COVER
  AVERAGE SKY COVER 0.2


WEATHER CONDITIONS
 THE FOLLOWING WEATHER WAS RECORDED TODAY.
  LIGHT SNOW
  FOG


RELATIVE HUMIDITY (PERCENT)
 HIGHEST    92          1200 AM
 LOWEST     56           200 PM
 AVERAGE    74

..........................................................


THE GOODLAND KS CLIMATE NORMALS FOR TOMORROW
                         NORMAL    RECORD    YEAR
 MAXIMUM TEMPERATURE (F)   51        80      2007
                                             1996
 MINIMUM TEMPERATURE (F)   24         4      1937


SUNRISE AND SUNSET
NOVEMBER 18 2016......SUNRISE   634 AM MST   SUNSET   429 PM MST
NOVEMBER 19 2016......SUNRISE   636 AM MST   SUNSET   429 PM MST


-  INDICATES NEGATIVE NUMBERS.
R  INDICATES RECORD WAS SET OR TIED.
MM INDICATES DATA IS MISSING.
T  INDICATES TRACE AMOUNT.

&&

THE AVERAGE SOIL TEMPERATURE AT THE FOUR INCH DEPTH... 46
THE CURRENT DEPTH OF FROST... 00 INCHES

$$
