000
CDUS43 KGLD 110756
CLIGLD

CLIMATE REPORT
NATIONAL WEATHER SERVICE GOODLAND
1249 AM MST THU DEC 11 2014

...................................

...THE GOODLAND KS CLIMATE SUMMARY FOR DECEMBER 10 2014...

CLIMATE NORMAL PERIOD 1981 TO 2010
CLIMATE RECORD PERIOD 1895 TO 2014

WEATHER ITEM   OBSERVED TIME   RECORD YEAR NORMAL DEPARTURE LAST
                VALUE   (LST)  VALUE       VALUE  FROM      YEAR
                                                  NORMAL
..................................................................
TEMPERATURE (F)
 YESTERDAY
  MAXIMUM         64    302 PM  71    1975  43     21       45
  MINIMUM         22    317 AM -14    1972  18      4        3
  AVERAGE         43                        30     13       24

PRECIPITATION (IN)
  YESTERDAY        0.00          0.38 2007   0.02  -0.02     0.00
  MONTH TO DATE    0.00                      0.16  -0.16     0.05
  SINCE DEC 1      0.00                      0.16  -0.16     0.05
  SINCE JAN 1     16.41                     19.36  -2.95    16.74

SNOWFALL (IN)
  YESTERDAY        0.0                       0.2   -0.2      0.0
  MONTH TO DATE    0.0                       1.8   -1.8      2.5
  SINCE DEC 1      0.0                       1.8   -1.8      2.5
  SINCE JUL 1      0.2                       9.0   -8.8      6.8
  SNOW DEPTH       0

DEGREE DAYS
 HEATING
  YESTERDAY       22                        35    -13       41
  MONTH TO DATE  289                       340    -51      453
  SINCE DEC 1    289                       340    -51      453
  SINCE JUL 1   1544                      1659   -115     1726

 COOLING
  YESTERDAY        0                         0      0        0
  MONTH TO DATE    0                         0      0        0
  SINCE DEC 1      0                         0      0        0
  SINCE JAN 1    920                       941    -21     1181
..................................................................

WIND (MPH)
  HIGHEST WIND SPEED    13   HIGHEST WIND DIRECTION     S (190)
  HIGHEST GUST SPEED    15   HIGHEST GUST DIRECTION     S (190)
  AVERAGE WIND SPEED     7.4


SKY COVER
  AVERAGE SKY COVER 0.0


WEATHER CONDITIONS
 THE FOLLOWING WEATHER WAS RECORDED YESTERDAY.
  NO SIGNIFICANT WEATHER WAS OBSERVED.


RELATIVE HUMIDITY (PERCENT)
 HIGHEST   100
 LOWEST     16
 AVERAGE    58

..........................................................


THE GOODLAND KS CLIMATE NORMALS FOR TODAY
                         NORMAL    RECORD    YEAR
 MAXIMUM TEMPERATURE (F)   42        77      1939
 MINIMUM TEMPERATURE (F)   17       -18      1961


SUNRISE AND SUNSET
DECEMBER 11 2014......SUNRISE   657 AM MST   SUNSET   424 PM MST
DECEMBER 12 2014......SUNRISE   657 AM MST   SUNSET   424 PM MST


-  INDICATES NEGATIVE NUMBERS.
R  INDICATES RECORD WAS SET OR TIED.
MM INDICATES DATA IS MISSING.
T  INDICATES TRACE AMOUNT.

&&

THE AVERAGE SOIL TEMPERATURE AT THE FOUR INCH DEPTH... 38
THE CURRENT DEPTH OF FROST... 0 INCHES

$$
