000
CDUS43 KGLD 140804
CLIGLD

CLIMATE REPORT
NATIONAL WEATHER SERVICE GOODLAND
201 AM MDT FRI APR 14 2017

...................................

...THE GOODLAND KS CLIMATE SUMMARY FOR APRIL 13 2017...

CLIMATE NORMAL PERIOD 1981 TO 2010
CLIMATE RECORD PERIOD 1895 TO 2017

WEATHER ITEM   OBSERVED TIME   RECORD YEAR NORMAL DEPARTURE LAST
                VALUE   (LST)  VALUE       VALUE  FROM      YEAR
                                                  NORMAL
..................................................................
TEMPERATURE (F)
 YESTERDAY
  MAXIMUM         74    119 PM  90    2006  63     11       74
  MINIMUM         37    600 AM  12    1997  34      3       33
  AVERAGE         56                        48      8       54

PRECIPITATION (IN)
  YESTERDAY        0.00          1.01 2010   0.05  -0.05     0.00
  MONTH TO DATE    0.32                      0.59  -0.27     0.18
  SINCE MAR 1      2.00                      1.66   0.34     0.73
  SINCE JAN 1      2.93                      2.53   0.40     1.59

SNOWFALL (IN)
  YESTERDAY        0.0                       0.2   -0.2      0.0
  MONTH TO DATE    0.0                       2.5   -2.5      0.0
  SINCE MAR 1      T                         9.3   -9.3      4.4
  SINCE JUL 1      9.4                      33.3  -23.9     27.8
  SNOW DEPTH       0

DEGREE DAYS
 HEATING
  YESTERDAY        9                        17     -8       11
  MONTH TO DATE  186                       241    -55      174
  SINCE MAR 1    781                       999   -218      779
  SINCE JUL 1   4666                      5416   -750     4625

 COOLING
  YESTERDAY        0                         0      0        0
  MONTH TO DATE    0                         0      0        0
  SINCE MAR 1      0                         0      0        0
  SINCE JAN 1      0                         0      0        0
..................................................................

WIND (MPH)
  HIGHEST WIND SPEED    32   HIGHEST WIND DIRECTION    SE (150)
  HIGHEST GUST SPEED    41   HIGHEST GUST DIRECTION     S (160)
  AVERAGE WIND SPEED    13.5


SKY COVER
  AVERAGE SKY COVER 0.3


WEATHER CONDITIONS
 THE FOLLOWING WEATHER WAS RECORDED YESTERDAY.
  FOG


RELATIVE HUMIDITY (PERCENT)
 HIGHEST    93
 LOWEST     35
 AVERAGE    64

..........................................................


THE GOODLAND KS CLIMATE NORMALS FOR TODAY
                         NORMAL    RECORD    YEAR
 MAXIMUM TEMPERATURE (F)   63        88      2003
 MINIMUM TEMPERATURE (F)   34        15      1928


SUNRISE AND SUNSET
APRIL 14 2017.........SUNRISE   611 AM MDT   SUNSET   724 PM MDT
APRIL 15 2017.........SUNRISE   609 AM MDT   SUNSET   725 PM MDT


-  INDICATES NEGATIVE NUMBERS.
R  INDICATES RECORD WAS SET OR TIED.
MM INDICATES DATA IS MISSING.
T  INDICATES TRACE AMOUNT.

&&

THE AVERAGE SOIL TEMPERATURE AT THE FOUR INCH DEPTH... 57

$$
