460
CDUS43 KGLD 130801
CLIGLD

CLIMATE REPORT
NATIONAL WEATHER SERVICE GOODLAND
1253 AM MST MON FEB 13 2017

...................................

...THE GOODLAND KS CLIMATE SUMMARY FOR FEBRUARY 12 2017...

CLIMATE NORMAL PERIOD 1981 TO 2010
CLIMATE RECORD PERIOD 1895 TO 2017

WEATHER ITEM   OBSERVED TIME   RECORD YEAR NORMAL DEPARTURE LAST
                VALUE   (LST)  VALUE       VALUE  FROM      YEAR
                                                  NORMAL
..................................................................
TEMPERATURE (F)
 YESTERDAY
  MAXIMUM         46    309 PM  78    1962  44      2       44
  MINIMUM         26    639 AM -11    1948  19      7       28
  AVERAGE         36                        32      4       36

PRECIPITATION (IN)
  YESTERDAY        0.00          0.48 1978   0.02  -0.02     0.00
  MONTH TO DATE    T                         0.19  -0.19     0.81
  SINCE DEC 1      1.52                      1.03   0.49     1.01
  SINCE JAN 1      0.92                      0.57   0.35     0.85

SNOWFALL (IN)
  YESTERDAY        0.0                       0.2   -0.2      0.0
  MONTH TO DATE    T                         2.6   -2.6     13.3
  SINCE DEC 1      8.8                      14.0   -5.2     15.2
  SINCE JUL 1      9.4                      21.2  -11.8     23.4
  SNOW DEPTH       0

DEGREE DAYS
 HEATING
  YESTERDAY       29                        34     -5       29
  MONTH TO DATE  322                       414    -92      417
  SINCE DEC 1   2640                      2598     42     2418
  SINCE JUL 1   3503                      3917   -414     3478

 COOLING
  YESTERDAY        0                         0      0        0
  MONTH TO DATE    0                         0      0        0
  SINCE DEC 1      0                         0      0        0
  SINCE JAN 1      0                         0      0        0
..................................................................

WIND (MPH)
  HIGHEST WIND SPEED    22   HIGHEST WIND DIRECTION     N (360)
  HIGHEST GUST SPEED    26   HIGHEST GUST DIRECTION     N (350)
  AVERAGE WIND SPEED     8.8


SKY COVER
  AVERAGE SKY COVER 0.1


WEATHER CONDITIONS
 THE FOLLOWING WEATHER WAS RECORDED YESTERDAY.
  NO SIGNIFICANT WEATHER WAS OBSERVED.


RELATIVE HUMIDITY (PERCENT)
 HIGHEST    84
 LOWEST     22
 AVERAGE    53

..........................................................


THE GOODLAND KS CLIMATE NORMALS FOR TODAY
                         NORMAL    RECORD    YEAR
 MAXIMUM TEMPERATURE (F)   45        77      1954
 MINIMUM TEMPERATURE (F)   19       -11      1948


SUNRISE AND SUNSET
FEBRUARY 13 2017......SUNRISE   641 AM MST   SUNSET   522 PM MST
FEBRUARY 14 2017......SUNRISE   640 AM MST   SUNSET   523 PM MST


-  INDICATES NEGATIVE NUMBERS.
R  INDICATES RECORD WAS SET OR TIED.
MM INDICATES DATA IS MISSING.
T  INDICATES TRACE AMOUNT.

&&

THE AVERAGE SOIL TEMPERATURE AT THE FOUR INCH DEPTH... 43
THE CURRENT DEPTH OF FROST... 2 INCHES

$$
