000
CDUS43 KGLD 020753
CLIGLD

CLIMATE REPORT
NATIONAL WEATHER SERVICE GOODLAND
1251 AM MST TUE JAN 2 2018

...................................

...THE GOODLAND KS CLIMATE SUMMARY FOR JANUARY 1 2018...

CLIMATE NORMAL PERIOD 1981 TO 2010
CLIMATE RECORD PERIOD 1895 TO 2018

WEATHER ITEM   OBSERVED TIME   RECORD YEAR NORMAL DEPARTURE LAST
                VALUE   (LST)  VALUE       VALUE  FROM      YEAR
                                                  NORMAL
..................................................................
TEMPERATURE (F)
 YESTERDAY
  MAXIMUM         19    243 PM  70    1997  42    -23       46
  MINIMUM         -1    759 AM -15    1928  17    -18       19
  AVERAGE          9                        30    -21       33

PRECIPITATION (IN)
  YESTERDAY        0.00          0.24 1976   0.01  -0.01     0.00
  MONTH TO DATE    0.00                      0.01  -0.01     0.00
  SINCE DEC 1      0.09                      0.47  -0.38     0.60
  SINCE JAN 1      0.00                      0.01  -0.01     0.00

SNOWFALL (IN)
  YESTERDAY        0.0                       0.2   -0.2      0.0
  MONTH TO DATE    0.0                       0.2   -0.2      0.0
  SINCE DEC 1      1.5                       5.7   -4.2      5.0
  SINCE JUL 1      1.6                      12.9  -11.3      5.6
  SNOW DEPTH       0

DEGREE DAYS
 HEATING
  YESTERDAY       56                        36     20       32
  MONTH TO DATE   56                        36     20       32
  SINCE DEC 1   1130                      1124      6     1234
  SINCE JUL 1   2281                      2443   -162     2097

 COOLING
  YESTERDAY        0                         0      0        0
  MONTH TO DATE    0                         0      0        0
  SINCE DEC 1      0                         0      0        0
  SINCE JAN 1      0                         0      0        0
..................................................................

WIND (MPH)
  HIGHEST WIND SPEED    26   HIGHEST WIND DIRECTION     S (170)
  HIGHEST GUST SPEED    34   HIGHEST GUST DIRECTION     S (180)
  AVERAGE WIND SPEED    14.8


SKY COVER
  AVERAGE SKY COVER 0.3


WEATHER CONDITIONS
 THE FOLLOWING WEATHER WAS RECORDED YESTERDAY.
  NO SIGNIFICANT WEATHER WAS OBSERVED.


RELATIVE HUMIDITY (PERCENT)
 HIGHEST    75
 LOWEST     43
 AVERAGE    59

..........................................................


THE GOODLAND KS CLIMATE NORMALS FOR TODAY
                         NORMAL    RECORD    YEAR
 MAXIMUM TEMPERATURE (F)   42        71      1997
 MINIMUM TEMPERATURE (F)   17       -13      1919


SUNRISE AND SUNSET
JANUARY  2 2018.......SUNRISE   707 AM MST   SUNSET   435 PM MST
JANUARY  3 2018.......SUNRISE   707 AM MST   SUNSET   436 PM MST


-  INDICATES NEGATIVE NUMBERS.
R  INDICATES RECORD WAS SET OR TIED.
MM INDICATES DATA IS MISSING.
T  INDICATES TRACE AMOUNT.

&&

THE AVERAGE SOIL TEMPERATURE AT THE FOUR INCH DEPTH... 23
THE CURRENT DEPTH OF FROST... 11 INCHES

$$
