000
CDUS43 KGLD 090741
CLIGLD

CLIMATE REPORT
NATIONAL WEATHER SERVICE GOODLAND
1239 AM MST MON JAN 9 2017

...................................

...THE GOODLAND KS CLIMATE SUMMARY FOR JANUARY 8 2017...

CLIMATE NORMAL PERIOD 1981 TO 2010
CLIMATE RECORD PERIOD 1895 TO 2017

WEATHER ITEM   OBSERVED TIME   RECORD YEAR NORMAL DEPARTURE LAST
                VALUE   (LST)  VALUE       VALUE  FROM      YEAR
                                                  NORMAL
..................................................................
TEMPERATURE (F)
 YESTERDAY
  MAXIMUM         51    223 PM  74    2002  42      9       30
  MINIMUM          7    528 AM -14    1937  17    -10       18
  AVERAGE         29                        30     -1       24

PRECIPITATION (IN)
  YESTERDAY        0.00          0.26 1962   0.02  -0.02     0.02
  MONTH TO DATE    0.15                      0.10   0.05     0.02
  SINCE DEC 1      0.75                      0.56   0.19     0.18
  SINCE JAN 1      0.15                      0.10   0.05     0.02

SNOWFALL (IN)
  YESTERDAY        0.0                       0.2   -0.2      0.2
  MONTH TO DATE    2.5                       1.5    1.0      0.2
  SINCE DEC 1      7.5                       7.0    0.5      1.9
  SINCE JUL 1      8.1                      14.2   -6.1     10.1
  SNOW DEPTH       0

DEGREE DAYS
 HEATING
  YESTERDAY       36                        35      1       41
  MONTH TO DATE  393                       282    111      277
  SINCE DEC 1   1595                      1370    225     1259
  SINCE JUL 1   2458                      2689   -231     2319

 COOLING
  YESTERDAY        0                         0      0        0
  MONTH TO DATE    0                         0      0        0
  SINCE DEC 1      0                         0      0        0
  SINCE JAN 1      0                         0      0        0
..................................................................

WIND (MPH)
  HIGHEST WIND SPEED    21   HIGHEST WIND DIRECTION     S (170)
  HIGHEST GUST SPEED    25   HIGHEST GUST DIRECTION     S (170)
  AVERAGE WIND SPEED     8.6


SKY COVER
  AVERAGE SKY COVER 0.1


WEATHER CONDITIONS
 THE FOLLOWING WEATHER WAS RECORDED YESTERDAY.
  NO SIGNIFICANT WEATHER WAS OBSERVED.


RELATIVE HUMIDITY (PERCENT)
 HIGHEST    92
 LOWEST     50
 AVERAGE    71

..........................................................


THE GOODLAND KS CLIMATE NORMALS FOR TODAY
                         NORMAL    RECORD    YEAR
 MAXIMUM TEMPERATURE (F)   42        65      1908
 MINIMUM TEMPERATURE (F)   17        -9      1973
                                             1937


SUNRISE AND SUNSET
JANUARY  9 2017.......SUNRISE   707 AM MST   SUNSET   442 PM MST
JANUARY 10 2017.......SUNRISE   706 AM MST   SUNSET   443 PM MST


-  INDICATES NEGATIVE NUMBERS.
R  INDICATES RECORD WAS SET OR TIED.
MM INDICATES DATA IS MISSING.
T  INDICATES TRACE AMOUNT.

&&

THE AVERAGE SOIL TEMPERATURE AT THE FOUR INCH DEPTH... 26
THE CURRENT DEPTH OF FROST... 15 INCHES

$$
