000
CDUS43 KGLD 010742
CLIGLD

CLIMATE REPORT
NATIONAL WEATHER SERVICE GOODLAND
139 AM MDT TUE APR 1 2014

...................................

...THE GOODLAND KS CLIMATE SUMMARY FOR MARCH 31 2014...

CLIMATE NORMAL PERIOD 1981 TO 2010
CLIMATE RECORD PERIOD 1895 TO 2014

WEATHER ITEM   OBSERVED TIME   RECORD YEAR NORMAL DEPARTURE LAST
                VALUE   (LST)  VALUE       VALUE  FROM      YEAR
                                                  NORMAL
..................................................................
TEMPERATURE (F)
 YESTERDAY
  MAXIMUM         59   1243 PM  86    1946  59      0       68
  MINIMUM         21   1146 PM  13    1931  30     -9       33
  AVERAGE         40                        44     -4       51

PRECIPITATION (IN)
  YESTERDAY        0.00          0.49 1983   0.05  -0.05     0.00
  MONTH TO DATE    0.42                      1.07  -0.65     1.45
  SINCE MAR 1      0.42                      1.07  -0.65     1.45
  SINCE JAN 1      1.36                      1.94  -0.58     2.30

SNOWFALL (IN)
  YESTERDAY        0.0                       0.3   -0.3      0.0
  MONTH TO DATE    3.5                       6.8   -3.3     19.8
  SINCE MAR 1      3.5                       6.8   -3.3     19.8
  SINCE JUL 1     28.7                      30.8   -2.1     43.0
  SNOW DEPTH       0

DEGREE DAYS
 HEATING
  YESTERDAY       25                        20      5       14
  MONTH TO DATE  768                       758     10      843
  SINCE MAR 1    768                       758     10      843
  SINCE JUL 1   5312                      5175    137     5130

 COOLING
  YESTERDAY        0                         0      0        0
  MONTH TO DATE    0                         0      0        0
  SINCE MAR 1      0                         0      0        0
  SINCE JAN 1      0                         0      0        0
..................................................................

WIND (MPH)
  HIGHEST WIND SPEED    47   HIGHEST WIND DIRECTION    NW (320)
  HIGHEST GUST SPEED    58   HIGHEST GUST DIRECTION    NW (320)
  AVERAGE WIND SPEED    21.9


SKY COVER
  AVERAGE SKY COVER 0.2


WEATHER CONDITIONS
 THE FOLLOWING WEATHER WAS RECORDED YESTERDAY.
  HAZE


RELATIVE HUMIDITY (PERCENT)
 HIGHEST    75
 LOWEST     21
 AVERAGE    48

..........................................................


THE GOODLAND KS CLIMATE NORMALS FOR TODAY
                         NORMAL    RECORD    YEAR
 MAXIMUM TEMPERATURE (F)   59        89      2012
 MINIMUM TEMPERATURE (F)   30        10      1949


SUNRISE AND SUNSET
APRIL  1 2014.........SUNRISE   631 AM MDT   SUNSET   711 PM MDT
APRIL  2 2014.........SUNRISE   630 AM MDT   SUNSET   712 PM MDT


-  INDICATES NEGATIVE NUMBERS.
R  INDICATES RECORD WAS SET OR TIED.
MM INDICATES DATA IS MISSING.
T  INDICATES TRACE AMOUNT.

&&

THE AVERAGE SOIL TEMPERATURE AT THE FOUR INCH DEPTH... 46

$$
