000
CDUS43 KGLD 070817
CLIGLD

CLIMATE REPORT
NATIONAL WEATHER SERVICE GOODLAND
111 AM MST TUE MAR 7 2017

...................................

...THE GOODLAND KS CLIMATE SUMMARY FOR MARCH 6 2017...

CLIMATE NORMAL PERIOD 1981 TO 2010
CLIMATE RECORD PERIOD 1895 TO 2017

WEATHER ITEM   OBSERVED TIME   RECORD YEAR NORMAL DEPARTURE LAST
                VALUE   (LST)  VALUE       VALUE  FROM      YEAR
                                                  NORMAL
..................................................................
TEMPERATURE (F)
 YESTERDAY
  MAXIMUM         65   1017 AM  82    1972  51     14       76
  MINIMUM         22   1143 PM -13    1948  24     -2       37
  AVERAGE         44                        38      6       57

PRECIPITATION (IN)
  YESTERDAY        0.00          0.78 1990   0.03  -0.03     0.00
  MONTH TO DATE    0.00                      0.16  -0.16      T
  SINCE MAR 1      0.00                      0.16  -0.16      T
  SINCE JAN 1      0.93                      1.03  -0.10     0.86

SNOWFALL (IN)
  YESTERDAY        0.0                       0.2   -0.2      0.0
  MONTH TO DATE    0.0                       1.1   -1.1      0.0
  SINCE MAR 1      0.0                       1.1   -1.1      0.0
  SINCE JUL 1      9.4                      25.1  -15.7     23.4
  SNOW DEPTH       0

DEGREE DAYS
 HEATING
  YESTERDAY       21                        27     -6        8
  MONTH TO DATE  133                       168    -35      100
  SINCE MAR 1    133                       168    -35      100
  SINCE JUL 1   4018                      4585   -567     3946

 COOLING
  YESTERDAY        0                         0      0        0
  MONTH TO DATE    0                         0      0        0
  SINCE MAR 1      0                         0      0        0
  SINCE JAN 1      0                         0      0        0
..................................................................

WIND (MPH)
  HIGHEST WIND SPEED    45   HIGHEST WIND DIRECTION    NW (310)
  HIGHEST GUST SPEED    57   HIGHEST GUST DIRECTION    NW (300)
  AVERAGE WIND SPEED    27.2

SKY COVER
  AVERAGE SKY COVER 0.3

WEATHER CONDITIONS
 THE FOLLOWING WEATHER WAS RECORDED YESTERDAY.
  HAZE

RELATIVE HUMIDITY (PERCENT)
 HIGHEST    41
 LOWEST      7
 AVERAGE    24

..........................................................

THE GOODLAND KS CLIMATE NORMALS FOR TODAY
                         NORMAL    RECORD    YEAR
 MAXIMUM TEMPERATURE (F)   52        77      2006
 MINIMUM TEMPERATURE (F)   24       -12      1920

SUNRISE AND SUNSET
MARCH  7 2017.........SUNRISE   610 AM MST   SUNSET   546 PM MST
MARCH  8 2017.........SUNRISE   609 AM MST   SUNSET   547 PM MST

-  INDICATES NEGATIVE NUMBERS.
R  INDICATES RECORD WAS SET OR TIED.
MM INDICATES DATA IS MISSING.
T  INDICATES TRACE AMOUNT.

&&

THE AVERAGE SOIL TEMPERATURE AT THE FOUR INCH DEPTH... 47
THE CURRENT DEPTH OF FROST... 0 INCHES

$$
