225
CDUS43 KGLD 260746
CLIGLD

CLIMATE REPORT
NATIONAL WEATHER SERVICE GOODLAND
144 AM MDT TUE APR 26 2016

...................................

...THE GOODLAND KS CLIMATE SUMMARY FOR APRIL 25 2016...

CLIMATE NORMAL PERIOD 1981 TO 2010
CLIMATE RECORD PERIOD 1895 TO 2016

WEATHER ITEM   OBSERVED TIME   RECORD YEAR NORMAL DEPARTURE LAST
                VALUE   (LST)  VALUE       VALUE  FROM      YEAR
                                                  NORMAL
..................................................................
TEMPERATURE (F)
 YESTERDAY
  MAXIMUM         71    324 PM  88    1981  67      4       72
  MINIMUM         37    501 AM  22    2002  38     -1       44
  AVERAGE         54                        52      2       58

PRECIPITATION (IN)
  YESTERDAY        0.00          0.78 1930   0.06  -0.06     0.00
  MONTH TO DATE    2.75                      1.28   1.47     4.77
  SINCE MAR 1      3.30                      2.35   0.95     4.88
  SINCE JAN 1      4.16                      3.22   0.94     5.96

SNOWFALL (IN)
  YESTERDAY        0.0                       0.1   -0.1      0.0
  MONTH TO DATE    0.0                       3.9   -3.9      2.0
  SINCE MAR 1      4.4                      10.7   -6.3      2.6
  SINCE JUL 1     27.8                      34.7   -6.9     24.7
  SNOW DEPTH       0

DEGREE DAYS
 HEATING
  YESTERDAY       11                        13     -2        7
  MONTH TO DATE  330                       419    -89      334
  SINCE MAR 1    935                      1177   -242      899
  SINCE JUL 1   4781                      5594   -813     5114

 COOLING
  YESTERDAY        0                         0      0        0
  MONTH TO DATE    0                         0      0        0
  SINCE MAR 1      0                         0      0        0
  SINCE JAN 1      0                         0      0        0
..................................................................

WIND (MPH)
  HIGHEST WIND SPEED    22   HIGHEST WIND DIRECTION    SE (120)
  HIGHEST GUST SPEED    28   HIGHEST GUST DIRECTION    SE (120)
  AVERAGE WIND SPEED    10.8


SKY COVER
  AVERAGE SKY COVER 0.0


WEATHER CONDITIONS
 THE FOLLOWING WEATHER WAS RECORDED YESTERDAY.
  NO SIGNIFICANT WEATHER WAS OBSERVED.


RELATIVE HUMIDITY (PERCENT)
 HIGHEST    92
 LOWEST     31
 AVERAGE    62

..........................................................


THE GOODLAND KS CLIMATE NORMALS FOR TODAY
                         NORMAL    RECORD    YEAR
 MAXIMUM TEMPERATURE (F)   67        89      1927
 MINIMUM TEMPERATURE (F)   38        23      2006
                                             1953
                                             1924


SUNRISE AND SUNSET
APRIL 26 2016.........SUNRISE   554 AM MDT   SUNSET   736 PM MDT
APRIL 27 2016.........SUNRISE   552 AM MDT   SUNSET   737 PM MDT


-  INDICATES NEGATIVE NUMBERS.
R  INDICATES RECORD WAS SET OR TIED.
MM INDICATES DATA IS MISSING.
T  INDICATES TRACE AMOUNT.

&&

THE AVERAGE SOIL TEMPERATURE AT THE FOUR INCH DEPTH... 59

$$
