000
CDUS43 KGLD 130748
CLIGLD

CLIMATE REPORT
NATIONAL WEATHER SERVICE GOODLAND
141 AM MDT SAT SEP 13 2014

...................................

...THE GOODLAND KS CLIMATE SUMMARY FOR SEPTEMBER 12 2014...

CLIMATE NORMAL PERIOD 1981 TO 2010
CLIMATE RECORD PERIOD 1895 TO 2014

WEATHER ITEM   OBSERVED TIME   RECORD YEAR NORMAL DEPARTURE LAST
                VALUE   (LST)  VALUE       VALUE  FROM      YEAR
                                                  NORMAL
..................................................................
TEMPERATURE (F)
 YESTERDAY
  MAXIMUM         45    459 PM 100    1931  81    -36       65
  MINIMUM         34R  1108 PM  36    1974  52    -18       62
  AVERAGE         40                        66    -26       64

PRECIPITATION (IN)
  YESTERDAY        0.02          4.11 2013   0.04  -0.02     4.11
  MONTH TO DATE    1.07                      0.53   0.54     5.35
  SINCE SEP 1      1.07                      0.53   0.54     5.35
  SINCE JAN 1     14.97                     16.43  -1.46    14.14

SNOWFALL (IN)
  YESTERDAY        T                         0.1   -0.1      0.0
  MONTH TO DATE    T                         0.1   -0.1      0.0
  SINCE SEP 1      T                         0.1   -0.1      0.0
  SINCE JUL 1      T                         0.1   -0.1      0.0
  SNOW DEPTH       0

DEGREE DAYS
 HEATING
  YESTERDAY       25                         2     23        1
  MONTH TO DATE   64                        18     46        1
  SINCE SEP 1     64                        18     46        1
  SINCE JUL 1     77                        30     47        8

 COOLING
  YESTERDAY        0                         4     -4        0
  MONTH TO DATE   50                        62    -12      149
  SINCE SEP 1     50                        62    -12      149
  SINCE JAN 1    852                       895    -43     1147
..................................................................

WIND (MPH)
  HIGHEST WIND SPEED    24   HIGHEST WIND DIRECTION     N (10)
  HIGHEST GUST SPEED    32   HIGHEST GUST DIRECTION     N (10)
  AVERAGE WIND SPEED    10.2

SKY COVER
  AVERAGE SKY COVER 0.8

WEATHER CONDITIONS
 THE FOLLOWING WEATHER WAS RECORDED YESTERDAY.
  LIGHT RAIN
  LIGHT SNOW
  FOG

RELATIVE HUMIDITY (PERCENT)
 HIGHEST   100
 LOWEST     65
 AVERAGE    83

..........................................................

THE GOODLAND KS CLIMATE NORMALS FOR TODAY
                         NORMAL    RECORD    YEAR
 MAXIMUM TEMPERATURE (F)   80        98      2000
                                             1955
                                             1953
 MINIMUM TEMPERATURE (F)   51        34      1974

SUNRISE AND SUNSET
SEPTEMBER 13 2014.....SUNRISE   626 AM MDT   SUNSET   658 PM MDT
SEPTEMBER 14 2014.....SUNRISE   627 AM MDT   SUNSET   657 PM MDT

-  INDICATES NEGATIVE NUMBERS.
R  INDICATES RECORD WAS SET OR TIED.
MM INDICATES DATA IS MISSING.
T  INDICATES TRACE AMOUNT.

&&

THE AVERAGE SOIL TEMPERATURE AT THE FOUR INCH DEPTH... 57

$$
