749
CDUS43 KGLD 150055
CLIGLD

CLIMATE REPORT
NATIONAL WEATHER SERVICE GOODLAND
652 PM MDT WED JUN 14 2017

...................................

...THE GOODLAND KS CLIMATE SUMMARY FOR JUNE 14 2017...
VALID TODAY AS OF 0600 PM LOCAL TIME.

CLIMATE NORMAL PERIOD 1981 TO 2010
CLIMATE RECORD PERIOD 1895 TO 2017

WEATHER ITEM   OBSERVED TIME   RECORD YEAR NORMAL DEPARTURE LAST
                VALUE   (LST)  VALUE       VALUE  FROM      YEAR
                                                  NORMAL
..................................................................
TEMPERATURE (F)
 TODAY
  MAXIMUM         84    434 PM 105    1952  84      0       87
  MINIMUM         51    446 AM  40    1969  55     -4       57
  AVERAGE         68                        69     -1       72

PRECIPITATION (IN)
  TODAY            0.00          1.25 1987   0.11  -0.11     0.02
  MONTH TO DATE    1.82                      1.55   0.27     0.48
  SINCE JUN 1      1.82                      1.55   0.27     0.48
  SINCE JAN 1     14.21                      8.03   6.18     7.84

SNOWFALL (IN)
  TODAY            0.0                       0.0    0.0      0.0
  MONTH TO DATE    0.0                       0.0    0.0      0.0
  SINCE JUN 1      0.0                       0.0    0.0      0.0
  SINCE JUL 1     14.2                      35.5  -21.3     30.1
  SNOW DEPTH       0

DEGREE DAYS
 HEATING
  TODAY            0                         1     -1        0
  MONTH TO DATE    0                        29    -29        2
  SINCE JUN 1      0                        29    -29        2
  SINCE JUL 1   5118                      5895   -777     5131

 COOLING
  TODAY            3                         6     -3        7
  MONTH TO DATE   90                        58     32       94
  SINCE JUN 1     90                        58     32       94
  SINCE JAN 1    128                        99     29      118
..................................................................

WIND (MPH)
  HIGHEST WIND SPEED    16   HIGHEST WIND DIRECTION    SE (150)
  HIGHEST GUST SPEED    22   HIGHEST GUST DIRECTION     S (170)
  AVERAGE WIND SPEED     9.5


SKY COVER
  AVERAGE SKY COVER 0.0


WEATHER CONDITIONS
 THE FOLLOWING WEATHER WAS RECORDED TODAY.
  NO SIGNIFICANT WEATHER WAS OBSERVED.


RELATIVE HUMIDITY (PERCENT)
 HIGHEST    77           300 AM
 LOWEST     23           100 PM
 AVERAGE    50

..........................................................


THE GOODLAND KS CLIMATE NORMALS FOR TOMORROW
                         NORMAL    RECORD    YEAR
 MAXIMUM TEMPERATURE (F)   84       107      1952
 MINIMUM TEMPERATURE (F)   56        41      2001
                                             1989


SUNRISE AND SUNSET
JUNE 14 2017..........SUNRISE   519 AM MDT   SUNSET   815 PM MDT
JUNE 15 2017..........SUNRISE   519 AM MDT   SUNSET   815 PM MDT


-  INDICATES NEGATIVE NUMBERS.
R  INDICATES RECORD WAS SET OR TIED.
MM INDICATES DATA IS MISSING.
T  INDICATES TRACE AMOUNT.

&&

THE AVERAGE SOIL TEMPERATURE AT THE FOUR INCH DEPTH... 72

$$
