000
CDUS43 KGLD 180057
CLIGLD

WRKCLIGLD 000
TTAA00 KGLD 180056

CLIMATE REPORT
NATIONAL WEATHER SERVICE GOODLAND
651 PM MDT SUN MAY 17 2015

...................................

...THE GOODLAND KS CLIMATE SUMMARY FOR MAY 17 2015...
VALID TODAY AS OF 0600 PM LOCAL TIME.

CLIMATE NORMAL PERIOD 1981 TO 2010
CLIMATE RECORD PERIOD 1895 TO 2015

WEATHER ITEM   OBSERVED TIME   RECORD YEAR NORMAL DEPARTURE LAST
                VALUE   (LST)  VALUE       VALUE  FROM      YEAR
                                                  NORMAL
..................................................................
TEMPERATURE (F)
 TODAY
  MAXIMUM         73    337 PM  99    1927  73      0       63
  MINIMUM         47    245 AM  31    1976  46      1       36
  AVERAGE         60                        60      0       50

PRECIPITATION (IN)
  TODAY            0.00          1.99 1962   0.10  -0.10     0.04
  MONTH TO DATE    2.51                      1.43   1.08     0.20
  SINCE MAR 1      7.46                      4.09   3.37     1.05
  SINCE JAN 1      8.54                      4.96   3.58     1.99

SNOWFALL (IN)
  TODAY            0.0                       0.0    0.0      0.0
  MONTH TO DATE    0.0                       0.5   -0.5       T
  SINCE MAR 1      2.6                      11.5   -8.9      3.9
  SINCE JUL 1     24.7                      35.5  -10.8     29.1
  SNOW DEPTH       0

DEGREE DAYS
 HEATING
  TODAY            5                         6     -1       15
  MONTH TO DATE  128                       147    -19      200
  SINCE MAR 1   1089                      1385   -296     1405
  SINCE JUL 1   5304                      5802   -498     5949

 COOLING
  TODAY            0                         1     -1        0
  MONTH TO DATE    5                        15    -10        0
  SINCE MAR 1      5                        19    -14        5
  SINCE JAN 1      5                        19    -14        5
..................................................................

WIND (MPH)
  HIGHEST WIND SPEED    21   HIGHEST WIND DIRECTION     W (290)
  HIGHEST GUST SPEED    29   HIGHEST GUST DIRECTION    NW (300)
  AVERAGE WIND SPEED    14.6


SKY COVER
  AVERAGE SKY COVER 0.1


WEATHER CONDITIONS
 THE FOLLOWING WEATHER WAS RECORDED TODAY.
  NO SIGNIFICANT WEATHER WAS OBSERVED.


RELATIVE HUMIDITY (PERCENT)
 HIGHEST    83          1200 AM
 LOWEST     33           100 PM
 AVERAGE    58

..........................................................


THE GOODLAND KS CLIMATE NORMALS FOR TOMORROW
                         NORMAL    RECORD    YEAR
 MAXIMUM TEMPERATURE (F)   74        98      1996
 MINIMUM TEMPERATURE (F)   47        29      1930


SUNRISE AND SUNSET
MAY 17 2015...........SUNRISE   532 AM MDT   SUNSET   755 PM MDT
MAY 18 2015...........SUNRISE   531 AM MDT   SUNSET   756 PM MDT


-  INDICATES NEGATIVE NUMBERS.
R  INDICATES RECORD WAS SET OR TIED.
MM INDICATES DATA IS MISSING.
T  INDICATES TRACE AMOUNT.

&&

THE AVERAGE SOIL TEMPERATURE AT THE FOUR INCH DEPTH... 61

$$
