000
CDUS43 KGLD 170053
CLIGLD

CLIMATE REPORT
NATIONAL WEATHER SERVICE GOODLAND
127 AM MST SUN NOV 16 2014

...................................

...THE GOODLAND KS CLIMATE SUMMARY FOR NOVEMBER 15 2014...

CLIMATE NORMAL PERIOD 1981 TO 2010
CLIMATE RECORD PERIOD 1895 TO 2014

WEATHER ITEM   OBSERVED TIME   RECORD YEAR NORMAL DEPARTURE LAST
                VALUE   (LST)  VALUE       VALUE  FROM      YEAR
                                                  NORMAL
..................................................................
TEMPERATURE (F)
 YESTERDAY
  MAXIMUM         32   1136 AM  79    1963  53    -21       64
                                      1941
  MINIMUM         12   1159 PM   5    1955  26    -14       33
                                      1920
  AVERAGE         22                        39    -17       49

PRECIPITATION (IN)
  YESTERDAY        0.00          0.55 1961   0.03  -0.03     0.00
  MONTH TO DATE    T                         0.42  -0.42     0.16
  SINCE SEP 1      2.49                      3.01  -0.52     7.89
  SINCE JAN 1     16.39                     18.91  -2.52    16.68

SNOWFALL (IN)
  YESTERDAY        0.1                       0.2   -0.1      0.0
  MONTH TO DATE    0.2                       2.0   -1.8       T
  SINCE SEP 1      0.2                       4.6   -4.4      4.0
  SINCE JUL 1      0.2                       4.6   -4.4      4.0
  SNOW DEPTH       0

DEGREE DAYS
 HEATING
  YESTERDAY       43                        26     17       16
  MONTH TO DATE  408                       336     72      325
  SINCE SEP 1    823                       864    -41      829
  SINCE JUL 1    836                       876    -40      836

 COOLING
  YESTERDAY        0                         0      0        0
  MONTH TO DATE    0                         0      0        0
  SINCE SEP 1    118                       108     10      183
  SINCE JAN 1    920                       941    -21     1181
..................................................................

WIND (MPH)
  HIGHEST WIND SPEED    30   HIGHEST WIND DIRECTION     N (350)
  HIGHEST GUST SPEED    38   HIGHEST GUST DIRECTION     N (340)
  AVERAGE WIND SPEED    15.6


SKY COVER
  AVERAGE SKY COVER 0.7


WEATHER CONDITIONS
 THE FOLLOWING WEATHER WAS RECORDED YESTERDAY.
  LIGHT SNOW
  FOG


RELATIVE HUMIDITY (PERCENT)
 HIGHEST    92
 LOWEST     50
 AVERAGE    71

..........................................................


THE GOODLAND KS CLIMATE NORMALS FOR TODAY
                         NORMAL    RECORD    YEAR
 MAXIMUM TEMPERATURE (F)   52        80      1941
 MINIMUM TEMPERATURE (F)   25        -3      1955


SUNRISE AND SUNSET
NOVEMBER 16 2014......SUNRISE   632 AM MST   SUNSET   431 PM MST
NOVEMBER 17 2014......SUNRISE   633 AM MST   SUNSET   430 PM MST


-  INDICATES NEGATIVE NUMBERS.
R  INDICATES RECORD WAS SET OR TIED.
MM INDICATES DATA IS MISSING.
T  INDICATES TRACE AMOUNT.

&&

THE AVERAGE SOIL TEMPERATURE AT THE FOUR INCH DEPTH... 32
THE CURRENT DEPTH OF FROST... 6 INCHES

$$
