000
CDUS43 KGLD 140740
CLIGLD

CLIMATE REPORT
NATIONAL WEATHER SERVICE GOODLAND
136 AM MDT TUE MAR 14 2017

...................................

...THE GOODLAND KS CLIMATE SUMMARY FOR MARCH 13 2017...

CLIMATE NORMAL PERIOD 1981 TO 2010
CLIMATE RECORD PERIOD 1895 TO 2017

WEATHER ITEM   OBSERVED TIME   RECORD YEAR NORMAL DEPARTURE LAST
                VALUE   (LST)  VALUE       VALUE  FROM      YEAR
                                                  NORMAL
..................................................................
TEMPERATURE (F)
 YESTERDAY
  MAXIMUM         47    405 PM  78    2012  54     -7       73
  MINIMUM         22    645 AM  -1    1958  26     -4       36
  AVERAGE         35                        40     -5       55

PRECIPITATION (IN)
  YESTERDAY        0.00          0.34 1924   0.03  -0.03     0.00
  MONTH TO DATE    0.02                      0.37  -0.35     0.01
  SINCE MAR 1      0.02                      0.37  -0.35     0.01
  SINCE JAN 1      0.95                      1.24  -0.29     0.87

SNOWFALL (IN)
  YESTERDAY        0.0                       0.2   -0.2      0.0
  MONTH TO DATE    T                         2.5   -2.5      0.0
  SINCE MAR 1      T                         2.5   -2.5      0.0
  SINCE JUL 1      9.4                      26.5  -17.1     23.4
  SNOW DEPTH       0

DEGREE DAYS
 HEATING
  YESTERDAY       30                        25      5       10
  MONTH TO DATE  314                       350    -36      203
  SINCE MAR 1    314                       350    -36      203
  SINCE JUL 1   4199                      4767   -568     4049

 COOLING
  YESTERDAY        0                         0      0        0
  MONTH TO DATE    0                         0      0        0
  SINCE MAR 1      0                         0      0        0
  SINCE JAN 1      0                         0      0        0
..................................................................

WIND (MPH)
  HIGHEST WIND SPEED    21   HIGHEST WIND DIRECTION     N (360)
  HIGHEST GUST SPEED    27   HIGHEST GUST DIRECTION     N (350)
  AVERAGE WIND SPEED    10.7


SKY COVER
  AVERAGE SKY COVER 0.7


WEATHER CONDITIONS
 THE FOLLOWING WEATHER WAS RECORDED YESTERDAY.
  NO SIGNIFICANT WEATHER WAS OBSERVED.


RELATIVE HUMIDITY (PERCENT)
 HIGHEST    92
 LOWEST     37
 AVERAGE    65

..........................................................


THE GOODLAND KS CLIMATE NORMALS FOR TODAY
                         NORMAL    RECORD    YEAR
 MAXIMUM TEMPERATURE (F)   54        84      2003
 MINIMUM TEMPERATURE (F)   26        -3      1958


SUNRISE AND SUNSET
MARCH 14 2017.........SUNRISE   659 AM MDT   SUNSET   653 PM MDT
MARCH 15 2017.........SUNRISE   658 AM MDT   SUNSET   654 PM MDT


-  INDICATES NEGATIVE NUMBERS.
R  INDICATES RECORD WAS SET OR TIED.
MM INDICATES DATA IS MISSING.
T  INDICATES TRACE AMOUNT.

&&

THE AVERAGE SOIL TEMPERATURE AT THE FOUR INCH DEPTH... 40
THE CURRENT DEPTH OF FROST... 0 INCHES

$$
