000
CDUS43 KGLD 120038
CLIGLD

CLIMATE REPORT
NATIONAL WEATHER SERVICE GOODLAND
636 PM MDT TUE APR 11 2017

...................................

...THE GOODLAND KS CLIMATE SUMMARY FOR APRIL 11 2017...
VALID TODAY AS OF 0600 PM LOCAL TIME.

CLIMATE NORMAL PERIOD 1981 TO 2010
CLIMATE RECORD PERIOD 1895 TO 2017

WEATHER ITEM   OBSERVED TIME   RECORD YEAR NORMAL DEPARTURE LAST
                VALUE   (LST)  VALUE       VALUE  FROM      YEAR
                                                  NORMAL
..................................................................
TEMPERATURE (F)
 TODAY
  MAXIMUM         72    350 PM  87    1916  62     10       56
  MINIMUM         27    522 AM  11    1997  33     -6       41
  AVERAGE         50                        48      2       49

PRECIPITATION (IN)
  TODAY            0.00          2.00 1922   0.05  -0.05     0.11
  MONTH TO DATE    0.32                      0.49  -0.17     0.18
  SINCE MAR 1      2.00                      1.56   0.44     0.73
  SINCE JAN 1      2.93                      2.43   0.50     1.59

SNOWFALL (IN)
  TODAY            0.0                       0.2   -0.2      0.0
  MONTH TO DATE    0.0                       2.2   -2.2      0.0
  SINCE MAR 1      T                         9.0   -9.0      4.4
  SINCE JUL 1      9.4                      33.0  -23.6     27.8
  SNOW DEPTH       0

DEGREE DAYS
 HEATING
  TODAY           15                        17     -2       16
  MONTH TO DATE  171                       207    -36      149
  SINCE MAR 1    766                       965   -199      754
  SINCE JUL 1   4651                      5382   -731     4600

 COOLING
  TODAY            0                         0      0        0
  MONTH TO DATE    0                         0      0        0
  SINCE MAR 1      0                         0      0        0
  SINCE JAN 1      0                         0      0        0
..................................................................

WIND (MPH)
  HIGHEST WIND SPEED    28   HIGHEST WIND DIRECTION     S (170)
  HIGHEST GUST SPEED    32   HIGHEST GUST DIRECTION     S (190)
  AVERAGE WIND SPEED    10.3


SKY COVER
  AVERAGE SKY COVER 0.0


WEATHER CONDITIONS
 THE FOLLOWING WEATHER WAS RECORDED TODAY.
  HAZE


RELATIVE HUMIDITY (PERCENT)
 HIGHEST    92           500 AM
 LOWEST     14           100 PM
 AVERAGE    53

..........................................................


THE GOODLAND KS CLIMATE NORMALS FOR TOMORROW
                         NORMAL    RECORD    YEAR
 MAXIMUM TEMPERATURE (F)   63        82      2014
                                             2010
 MINIMUM TEMPERATURE (F)   33         5      1997


SUNRISE AND SUNSET
APRIL 11 2017.........SUNRISE   615 AM MDT   SUNSET   721 PM MDT
APRIL 12 2017.........SUNRISE   614 AM MDT   SUNSET   722 PM MDT


-  INDICATES NEGATIVE NUMBERS.
R  INDICATES RECORD WAS SET OR TIED.
MM INDICATES DATA IS MISSING.
T  INDICATES TRACE AMOUNT.

&&

THE AVERAGE SOIL TEMPERATURE AT THE FOUR INCH DEPTH... 52

$$
