000
CDUS43 KGLD 090047
CLIGLD

CLIMATE REPORT
NATIONAL WEATHER SERVICE GOODLAND
545 PM MST WED NOV 8 2017

...................................

...THE GOODLAND KS CLIMATE SUMMARY FOR NOVEMBER 8 2017...
VALID TODAY AS OF 0500 PM LOCAL TIME.

CLIMATE NORMAL PERIOD 1981 TO 2010
CLIMATE RECORD PERIOD 1895 TO 2017

WEATHER ITEM   OBSERVED TIME   RECORD YEAR NORMAL DEPARTURE LAST
                VALUE   (LST)  VALUE       VALUE  FROM      YEAR
                                                  NORMAL
..................................................................
TEMPERATURE (F)
 TODAY
  MAXIMUM         51    309 PM  83    1934  56     -5       62
  MINIMUM         27    451 AM  16    2000  29     -2       29
                                      1955
  AVERAGE         39                        43     -4       46

PRECIPITATION (IN)
  TODAY            0.00          0.41 1970   0.03  -0.03     0.00
  MONTH TO DATE    0.00                      0.24  -0.24      T
  SINCE SEP 1      4.29                      2.83   1.46     2.53
  SINCE JAN 1     26.25                     18.73   7.52    16.57

SNOWFALL (IN)
  TODAY            0.0                       0.1   -0.1      0.0
  MONTH TO DATE    0.0                       1.0   -1.0      0.0
  SINCE SEP 1      0.1                       3.6   -3.5       T
  SINCE JUL 1      0.1                       3.6   -3.5       T
  SNOW DEPTH       0

DEGREE DAYS
 HEATING
  TODAY           26                        22      4       19
  MONTH TO DATE  196                       166     30       93
  SINCE SEP 1    707                       694     13      371
  SINCE JUL 1    707                       706      1      378

 COOLING
  TODAY            0                         0      0        0
  MONTH TO DATE    0                         0      0        0
  SINCE SEP 1    140                       108     32      154
  SINCE JAN 1    959                       941     18     1103
..................................................................

WIND (MPH)
  HIGHEST WIND SPEED    23   HIGHEST WIND DIRECTION    SW (210)
  HIGHEST GUST SPEED    33   HIGHEST GUST DIRECTION     S (200)
  AVERAGE WIND SPEED    12.0


SKY COVER
  AVERAGE SKY COVER 0.3


WEATHER CONDITIONS
 THE FOLLOWING WEATHER WAS RECORDED TODAY.
  NO SIGNIFICANT WEATHER WAS OBSERVED.


RELATIVE HUMIDITY (PERCENT)
 HIGHEST    92           300 AM
 LOWEST     38           300 PM
 AVERAGE    65

..........................................................


THE GOODLAND KS CLIMATE NORMALS FOR TOMORROW
                         NORMAL    RECORD    YEAR
 MAXIMUM TEMPERATURE (F)   56        82      1912
 MINIMUM TEMPERATURE (F)   29         5      1950


SUNRISE AND SUNSET
NOVEMBER  8 2017......SUNRISE   623 AM MST   SUNSET   438 PM MST
NOVEMBER  9 2017......SUNRISE   624 AM MST   SUNSET   437 PM MST


-  INDICATES NEGATIVE NUMBERS.
R  INDICATES RECORD WAS SET OR TIED.
MM INDICATES DATA IS MISSING.
T  INDICATES TRACE AMOUNT.

&&

THE AVERAGE SOIL TEMPERATURE AT THE FOUR INCH DEPTH... 44
THE CURRENT DEPTH OF FROST... 0 INCHES

$$
