000
CDUS43 KGLD 080207
CLIGLD

CLIMATE REPORT
NATIONAL WEATHER SERVICE GOODLAND
803 PM MDT THU JUL 7 2016
...................................

...THE GOODLAND KS CLIMATE SUMMARY FOR JULY 7 2016...
VALID TODAY AS OF 0600 PM LOCAL TIME.

CLIMATE NORMAL PERIOD 1981 TO 2010
CLIMATE RECORD PERIOD 1895 TO 2016

WEATHER ITEM   OBSERVED TIME   RECORD YEAR NORMAL DEPARTURE LAST
                VALUE   (LST)  VALUE       VALUE  FROM      YEAR
                                                  NORMAL
..................................................................
TEMPERATURE (F)
 TODAY
  MAXIMUM         92    354 PM 108    1897  90      2       76
  MINIMUM         64    504 AM  45    1952  61      3       52
  AVERAGE         78                        75      3       64

PRECIPITATION (IN)
  TODAY            0.00          2.40 1993   0.11  -0.11     0.00
  MONTH TO DATE    0.59                      0.76  -0.17     0.26
  SINCE JUN 1      2.21                      4.01  -1.80     2.57
  SINCE JAN 1      9.57                     10.49  -0.92    14.36

SNOWFALL (IN)
  TODAY            0.0                       0.0    0.0      0.0
  MONTH TO DATE    0.0                       0.0    0.0      0.0
  SINCE JUN 1      0.0                       0.0    0.0      0.0
  SINCE JUL 1      0.0                       0.0    0.0      0.0
  SNOW DEPTH       0

DEGREE DAYS
 HEATING
  TODAY            0                         0      0        1
  MONTH TO DATE    0                         0      0        1
  SINCE JUN 1      2                        37    -35        6
  SINCE JUL 1      0                         0      0        1

 COOLING
  TODAY           13                        10      3        0
  MONTH TO DATE   76                        70      6       67
  SINCE JUN 1    365                       249    116      309
  SINCE JAN 1    389                       290     99      315
..................................................................

WIND (MPH)
  HIGHEST WIND SPEED    20   HIGHEST WIND DIRECTION     N (20)
  HIGHEST GUST SPEED    28   HIGHEST GUST DIRECTION    NE (30)
  AVERAGE WIND SPEED     8.9


SKY COVER
  AVERAGE SKY COVER 0.2


WEATHER CONDITIONS
 THE FOLLOWING WEATHER WAS RECORDED TODAY.
  NO SIGNIFICANT WEATHER WAS OBSERVED.


RELATIVE HUMIDITY (PERCENT)
 HIGHEST    93           200 AM
 LOWEST     36           400 PM
 AVERAGE    65

..........................................................


THE GOODLAND KS CLIMATE NORMALS FOR TOMORROW
                         NORMAL    RECORD    YEAR
 MAXIMUM TEMPERATURE (F)   90       106      1897
 MINIMUM TEMPERATURE (F)   61        42      1952


SUNRISE AND SUNSET
JULY  7 2016..........SUNRISE   527 AM MDT   SUNSET   816 PM MDT
JULY  8 2016..........SUNRISE   528 AM MDT   SUNSET   816 PM MDT


-  INDICATES NEGATIVE NUMBERS.
R  INDICATES RECORD WAS SET OR TIED.
MM INDICATES DATA IS MISSING.
T  INDICATES TRACE AMOUNT.

&&

THE AVERAGE SOIL TEMPERATURE AT THE FOUR INCH DEPTH... 78

$$
