000
CDUS43 KGLD 050748
CLIGLD

CLIMATE REPORT
NATIONAL WEATHER SERVICE GOODLAND
1242 AM MST WED NOV 5 2014

...................................

...THE GOODLAND KS CLIMATE SUMMARY FOR NOVEMBER 4 2014...

CLIMATE NORMAL PERIOD 1981 TO 2010
CLIMATE RECORD PERIOD 1895 TO 2014

WEATHER ITEM   OBSERVED TIME   RECORD YEAR NORMAL DEPARTURE LAST
                VALUE   (LST)  VALUE       VALUE  FROM      YEAR
                                                  NORMAL
..................................................................
TEMPERATURE (F)
 YESTERDAY
  MAXIMUM         61    314 PM  79    1999  58      3       50
  MINIMUM         29    215 AM  10    1967  31     -2       30
  AVERAGE         45                        44      1       40

PRECIPITATION (IN)
  YESTERDAY        0.00          0.40 1946   0.04  -0.04     0.00
  MONTH TO DATE    T                         0.13  -0.13      T
  SINCE SEP 1      2.49                      2.72  -0.23     7.73
  SINCE JAN 1     16.39                     18.62  -2.23    16.52

SNOWFALL (IN)
  YESTERDAY        0.0                       0.1   -0.1      0.0
  MONTH TO DATE    0.0                       0.5   -0.5      0.0
  SINCE SEP 1      T                         3.1   -3.1      4.0
  SINCE JUL 1      T                         3.1   -3.1      4.0
  SNOW DEPTH       0

DEGREE DAYS
 HEATING
  YESTERDAY       20                        21     -1       25
  MONTH TO DATE   61                        80    -19       79
  SINCE SEP 1    476                       608   -132      583
  SINCE JUL 1    489                       620   -131      590

 COOLING
  YESTERDAY        0                         0      0        0
  MONTH TO DATE    0                         0      0        0
  SINCE SEP 1    118                       108     10      183
  SINCE JAN 1    920                       941    -21     1181
..................................................................

WIND (MPH)
  HIGHEST WIND SPEED    18   HIGHEST WIND DIRECTION    SW (220)
  HIGHEST GUST SPEED    24   HIGHEST GUST DIRECTION    SW (220)
  AVERAGE WIND SPEED    11.2


SKY COVER
  AVERAGE SKY COVER 0.0


WEATHER CONDITIONS
 THE FOLLOWING WEATHER WAS RECORDED YESTERDAY.
  NO SIGNIFICANT WEATHER WAS OBSERVED.


RELATIVE HUMIDITY (PERCENT)
 HIGHEST    92
 LOWEST     19
 AVERAGE    56

..........................................................


THE GOODLAND KS CLIMATE NORMALS FOR TODAY
                         NORMAL    RECORD    YEAR
 MAXIMUM TEMPERATURE (F)   58        82      1914
 MINIMUM TEMPERATURE (F)   30         8      1967


SUNRISE AND SUNSET
NOVEMBER  5 2014......SUNRISE   619 AM MST   SUNSET   441 PM MST
NOVEMBER  6 2014......SUNRISE   620 AM MST   SUNSET   440 PM MST


-  INDICATES NEGATIVE NUMBERS.
R  INDICATES RECORD WAS SET OR TIED.
MM INDICATES DATA IS MISSING.
T  INDICATES TRACE AMOUNT.

&&

THE AVERAGE SOIL TEMPERATURE AT THE FOUR INCH DEPTH... 50
THE CURRENT DEPTH OF FROST... 0 INCHES

$$
