000
CDUS43 KGLD 060053
CLIGLD

CLIMATE REPORT
NATIONAL WEATHER SERVICE GOODLAND
651 PM MDT MON SEP 5 2016

...................................

...THE GOODLAND KS CLIMATE SUMMARY FOR SEPTEMBER 5 2016...
VALID TODAY AS OF 0600 PM LOCAL TIME.

CLIMATE NORMAL PERIOD 1981 TO 2010
CLIMATE RECORD PERIOD 1895 TO 2016

WEATHER ITEM   OBSERVED TIME   RECORD YEAR NORMAL DEPARTURE LAST
                VALUE   (LST)  VALUE       VALUE  FROM      YEAR
                                                  NORMAL
..................................................................
TEMPERATURE (F)
 TODAY
  MAXIMUM         95    316 PM 104    1931  84     11       96
  MINIMUM         63    545 AM  40    1961  55      8       66
  AVERAGE         79                        69     10       81

PRECIPITATION (IN)
  TODAY            0.00          2.30 1926   0.04  -0.04     0.00
  MONTH TO DATE    1.67                      0.24   1.43     0.00
  SINCE SEP 1      1.67                      0.24   1.43     0.00
  SINCE JAN 1     15.71                     16.14  -0.43    16.75

SNOWFALL (IN)
  TODAY            0.0                       0.0    0.0      0.0
  MONTH TO DATE    T                         0.0    0.0      0.0
  SINCE SEP 1      T                         0.0    0.0      0.0
  SINCE JUL 1      T                         0.0    0.0      0.0
  SNOW DEPTH       0

DEGREE DAYS
 HEATING
  TODAY            0                         1     -1        0
  MONTH TO DATE    0                         5     -5        0
  SINCE SEP 1      0                         5     -5        0
  SINCE JUL 1      7                        17    -10        6

 COOLING
  TODAY           14                         6      8       16
  MONTH TO DATE   44                        30     14       70
  SINCE SEP 1     44                        30     14       70
  SINCE JAN 1    993                       863    130      978
..................................................................

WIND (MPH)
  HIGHEST WIND SPEED    29   HIGHEST WIND DIRECTION     S (180)
  HIGHEST GUST SPEED    37   HIGHEST GUST DIRECTION     S (180)
  AVERAGE WIND SPEED    12.6


SKY COVER
  AVERAGE SKY COVER 0.0


WEATHER CONDITIONS
 THE FOLLOWING WEATHER WAS RECORDED TODAY.
  FOG


RELATIVE HUMIDITY (PERCENT)
 HIGHEST    93           600 AM
 LOWEST     28           300 PM
 AVERAGE    61

..........................................................


THE GOODLAND KS CLIMATE NORMALS FOR TOMORROW
                         NORMAL    RECORD    YEAR
 MAXIMUM TEMPERATURE (F)   83       102      1939
 MINIMUM TEMPERATURE (F)   54        37      1956


SUNRISE AND SUNSET
SEPTEMBER  5 2016.....SUNRISE   619 AM MDT   SUNSET   710 PM MDT
SEPTEMBER  6 2016.....SUNRISE   620 AM MDT   SUNSET   709 PM MDT


-  INDICATES NEGATIVE NUMBERS.
R  INDICATES RECORD WAS SET OR TIED.
MM INDICATES DATA IS MISSING.
T  INDICATES TRACE AMOUNT.

&&

THE AVERAGE SOIL TEMPERATURE AT THE FOUR INCH DEPTH... 72

$$
