000
CDUS43 KGLD 080742
CLIGLD

CLIMATE REPORT
NATIONAL WEATHER SERVICE GOODLAND
1237 AM MST WED MAR 8 2017

...................................

...THE GOODLAND KS CLIMATE SUMMARY FOR MARCH 7 2017...

CLIMATE NORMAL PERIOD 1981 TO 2010
CLIMATE RECORD PERIOD 1895 TO 2017

WEATHER ITEM   OBSERVED TIME   RECORD YEAR NORMAL DEPARTURE LAST
                VALUE   (LST)  VALUE       VALUE  FROM      YEAR
                                                  NORMAL
..................................................................
TEMPERATURE (F)
 YESTERDAY
  MAXIMUM         56    310 PM  77    2006  52      4       72
  MINIMUM         19    123 AM -12    1920  24     -5       38
  AVERAGE         38                        38      0       55

PRECIPITATION (IN)
  YESTERDAY        0.00          0.77 1981   0.03  -0.03     0.00
  MONTH TO DATE    0.00                      0.19  -0.19      T
  SINCE MAR 1      0.00                      0.19  -0.19      T
  SINCE JAN 1      0.93                      1.06  -0.13     0.86

SNOWFALL (IN)
  YESTERDAY        0.0                       0.2   -0.2      0.0
  MONTH TO DATE    0.0                       1.3   -1.3      0.0
  SINCE MAR 1      0.0                       1.3   -1.3      0.0
  SINCE JUL 1      9.4                      25.3  -15.9     23.4
  SNOW DEPTH       0

DEGREE DAYS
 HEATING
  YESTERDAY       27                        27      0       10
  MONTH TO DATE  160                       195    -35      110
  SINCE MAR 1    160                       195    -35      110
  SINCE JUL 1   4045                      4612   -567     3956

 COOLING
  YESTERDAY        0                         0      0        0
  MONTH TO DATE    0                         0      0        0
  SINCE MAR 1      0                         0      0        0
  SINCE JAN 1      0                         0      0        0
..................................................................

WIND (MPH)
  HIGHEST WIND SPEED    41   HIGHEST WIND DIRECTION     W (290)
  HIGHEST GUST SPEED    51   HIGHEST GUST DIRECTION     W (280)
  AVERAGE WIND SPEED    17.5

SKY COVER
  AVERAGE SKY COVER 0.0

WEATHER CONDITIONS
 THE FOLLOWING WEATHER WAS RECORDED YESTERDAY.
  NO SIGNIFICANT WEATHER WAS OBSERVED.

RELATIVE HUMIDITY (PERCENT)
 HIGHEST    39
 LOWEST      9
 AVERAGE    24

..........................................................

THE GOODLAND KS CLIMATE NORMALS FOR TODAY
                         NORMAL    RECORD    YEAR
 MAXIMUM TEMPERATURE (F)   52        75      1974
                                             1911
 MINIMUM TEMPERATURE (F)   25        -2      1912

SUNRISE AND SUNSET
MARCH  8 2017.........SUNRISE   609 AM MST   SUNSET   547 PM MST
MARCH  9 2017.........SUNRISE   607 AM MST   SUNSET   548 PM MST

-  INDICATES NEGATIVE NUMBERS.
R  INDICATES RECORD WAS SET OR TIED.
MM INDICATES DATA IS MISSING.
T  INDICATES TRACE AMOUNT.

&&

THE AVERAGE SOIL TEMPERATURE AT THE FOUR INCH DEPTH... 45
THE CURRENT DEPTH OF FROST... 0 INCHES

$$
