000
CDUS43 KGLD 100120
CLIGLD

CLIMATE REPORT
NATIONAL WEATHER SERVICE GOODLAND
615 PM MST FRI DEC 9 2016

...................................

...THE GOODLAND KS CLIMATE SUMMARY FOR DECEMBER 9 2016...
VALID TODAY AS OF 0600 PM LOCAL TIME.

CLIMATE NORMAL PERIOD 1981 TO 2010
CLIMATE RECORD PERIOD 1895 TO 2016

WEATHER ITEM   OBSERVED TIME   RECORD YEAR NORMAL DEPARTURE LAST
                VALUE   (LST)  VALUE       VALUE  FROM      YEAR
                                                  NORMAL
..................................................................
TEMPERATURE (F)
 TODAY
  MAXIMUM         38    253 PM  76    1939  43     -5       73
  MINIMUM          4    310 AM -23    1919  18    -14       35
  AVERAGE         21                        30     -9       54

PRECIPITATION (IN)
  TODAY            0.00          0.51 1923   0.01  -0.01     0.00
  MONTH TO DATE    0.07                      0.14  -0.07     0.00
  SINCE DEC 1      0.07                      0.14  -0.07     0.00
  SINCE JAN 1     16.85                     19.34  -2.49    20.37

SNOWFALL (IN)
  TODAY            0.0                       0.2   -0.2      0.0
  MONTH TO DATE    1.7                       1.6    0.1      0.0
  SINCE DEC 1      1.7                       1.6    0.1      0.0
  SINCE JUL 1      2.3                       8.8   -6.5      8.2
  SNOW DEPTH       0

DEGREE DAYS
 HEATING
  TODAY           44                        35      9       11
  MONTH TO DATE  360                       305     55      214
  SINCE DEC 1    360                       305     55      214
  SINCE JUL 1   1223                      1624   -401     1274

 COOLING
  TODAY            0                         0      0        0
  MONTH TO DATE    0                         0      0        0
  SINCE DEC 1      0                         0      0        0
  SINCE JAN 1   1103                       941    162     1145
..................................................................

WIND (MPH)
  HIGHEST WIND SPEED    24   HIGHEST WIND DIRECTION     S (180)
  HIGHEST GUST SPEED    28   HIGHEST GUST DIRECTION     S (180)
  AVERAGE WIND SPEED    12.3

SKY COVER
  AVERAGE SKY COVER 0.1

WEATHER CONDITIONS
 THE FOLLOWING WEATHER WAS RECORDED TODAY.
  NO SIGNIFICANT WEATHER WAS OBSERVED.

RELATIVE HUMIDITY (PERCENT)
 HIGHEST    86           200 AM
 LOWEST     54           300 PM
 AVERAGE    70

..........................................................

THE GOODLAND KS CLIMATE NORMALS FOR TOMORROW
                         NORMAL    RECORD    YEAR
 MAXIMUM TEMPERATURE (F)   43        71      1975
 MINIMUM TEMPERATURE (F)   18       -14      1972

SUNRISE AND SUNSET
DECEMBER  9 2016......SUNRISE   655 AM MST   SUNSET   423 PM MST
DECEMBER 10 2016......SUNRISE   656 AM MST   SUNSET   423 PM MST

-  INDICATES NEGATIVE NUMBERS.
R  INDICATES RECORD WAS SET OR TIED.
MM INDICATES DATA IS MISSING.
T  INDICATES TRACE AMOUNT.

&&

THE AVERAGE SOIL TEMPERATURE AT THE FOUR INCH DEPTH... 30
THE CURRENT DEPTH OF FROST... 8 INCHES

$$
