000
CDUS43 KGLD 110738
CLIGLD

CLIMATE REPORT
NATIONAL WEATHER SERVICE GOODLAND
136 AM MDT SAT OCT 11 2014

...................................

...THE GOODLAND KS CLIMATE SUMMARY FOR OCTOBER 10 2014...

CLIMATE NORMAL PERIOD 1981 TO 2010
CLIMATE RECORD PERIOD 1895 TO 2014

WEATHER ITEM   OBSERVED TIME   RECORD YEAR NORMAL DEPARTURE LAST
                VALUE   (LST)  VALUE       VALUE  FROM      YEAR
                                                  NORMAL
..................................................................
TEMPERATURE (F)
 YESTERDAY
  MAXIMUM         51   1258 AM  90    1920  69    -18       83
                                      1910
  MINIMUM         37   1137 PM  20    2009  40     -3       41
  AVERAGE         44                        54    -10       62

PRECIPITATION (IN)
  YESTERDAY        0.24          1.73 1918   0.04   0.20     0.40
  MONTH TO DATE    0.44                      0.46  -0.02     0.40
  SINCE SEP 1      2.48                      1.68   0.80     6.89
  SINCE JAN 1     16.38                     17.58  -1.20    15.68

SNOWFALL (IN)
  YESTERDAY        0.0                       0.0    0.0      0.0
  MONTH TO DATE    0.0                       0.3   -0.3      0.0
  SINCE SEP 1      T                         0.7   -0.7      0.0
  SINCE JUL 1      T                         0.7   -0.7      0.0
  SNOW DEPTH       0

DEGREE DAYS
 HEATING
  YESTERDAY       21                        11     10        3
  MONTH TO DATE   94                        97     -3       78
  SINCE SEP 1    194                       209    -15      125
  SINCE JUL 1    207                       221    -14      132

 COOLING
  YESTERDAY        0                         0      0        0
  MONTH TO DATE    0                         5     -5        0
  SINCE SEP 1    117                       105     12      183
  SINCE JAN 1    919                       938    -19     1181
..................................................................

WIND (MPH)
  HIGHEST WIND SPEED    20   HIGHEST WIND DIRECTION    NE (40)
  HIGHEST GUST SPEED    24   HIGHEST GUST DIRECTION    NE (50)
  AVERAGE WIND SPEED     8.1


SKY COVER
  AVERAGE SKY COVER 0.7


WEATHER CONDITIONS
THE FOLLOWING WEATHER WAS RECORDED YESTERDAY.
  LIGHT RAIN
  FOG


RELATIVE HUMIDITY (PERCENT)
 HIGHEST   100
 LOWEST     80
 AVERAGE    90

..........................................................


THE GOODLAND KS CLIMATE NORMALS FOR TODAY
                         NORMAL    RECORD    YEAR
 MAXIMUM TEMPERATURE (F)   68        93      1996
 MINIMUM TEMPERATURE (F)   39        22      1948


SUNRISE AND SUNSET
OCTOBER 11 2014.......SUNRISE   653 AM MDT   SUNSET   614 PM MDT
OCTOBER 12 2014.......SUNRISE   654 AM MDT   SUNSET   612 PM MDT


-  INDICATES NEGATIVE NUMBERS.
R  INDICATES RECORD WAS SET OR TIED.
MM INDICATES DATA IS MISSING.
T  INDICATES TRACE AMOUNT.

&&

THE AVERAGE SOIL TEMPERATURE AT THE FOUR INCH DEPTH... 58

$$
