000
CDUS43 KGLD 100800
CLIGLD

CLIMATE REPORT
NATIONAL WEATHER SERVICE GOODLAND
1255 AM MST MON NOV 10 2014

...................................

...THE GOODLAND KS CLIMATE SUMMARY FOR NOVEMBER 9 2014...

CLIMATE NORMAL PERIOD 1981 TO 2010
CLIMATE RECORD PERIOD 1895 TO 2014

WEATHER ITEM   OBSERVED TIME   RECORD YEAR NORMAL DEPARTURE LAST
                VALUE   (LST)  VALUE       VALUE  FROM      YEAR
                                                  NORMAL
..................................................................
TEMPERATURE (F)
 YESTERDAY
  MAXIMUM         73    205 PM  82    1912  56     17       61
  MINIMUM         35   1237 AM   5    1950  29      6       29
  AVERAGE         54                        42     12       45

PRECIPITATION (IN)
  YESTERDAY        0.00          0.49 1919   0.03  -0.03     0.00
  MONTH TO DATE    T                         0.27  -0.27     0.16
  SINCE SEP 1      2.49                      2.86  -0.37     7.89
  SINCE JAN 1     16.39                     18.76  -2.37    16.68

SNOWFALL (IN)
  YESTERDAY        0.0                       0.1   -0.1      0.0
  MONTH TO DATE    0.0                       1.1   -1.1       T
  SINCE SEP 1      T                         3.7   -3.7      4.0
  SINCE JUL 1      T                         3.7   -3.7      4.0
  SNOW DEPTH       0

DEGREE DAYS
 HEATING
  YESTERDAY       11                        23    -12       20
  MONTH TO DATE  131                       189    -58      191
  SINCE SEP 1    546                       717   -171      695
  SINCE JUL 1    559                       729   -170      702

 COOLING
  YESTERDAY        0                         0      0        0
  MONTH TO DATE    0                         0      0        0
  SINCE SEP 1    118                       108     10      183
  SINCE JAN 1    920                       941    -21     1181
..................................................................

WIND (MPH)
  HIGHEST WIND SPEED    20   HIGHEST WIND DIRECTION    SW (210)
  HIGHEST GUST SPEED    26   HIGHEST GUST DIRECTION    SW (210)
  AVERAGE WIND SPEED     9.8


SKY COVER
  AVERAGE SKY COVER 0.0


WEATHER CONDITIONS
 THE FOLLOWING WEATHER WAS RECORDED YESTERDAY.
  NO SIGNIFICANT WEATHER WAS OBSERVED.


RELATIVE HUMIDITY (PERCENT)
 HIGHEST    75
 LOWEST     13
 AVERAGE    44

..........................................................


THE GOODLAND KS CLIMATE NORMALS FOR TODAY
                         NORMAL    RECORD    YEAR
 MAXIMUM TEMPERATURE (F)   55        87      1927
 MINIMUM TEMPERATURE (F)   28         1      1950


SUNRISE AND SUNSET
NOVEMBER 10 2014......SUNRISE   625 AM MST   SUNSET   436 PM MST
NOVEMBER 11 2014......SUNRISE   626 AM MST   SUNSET   435 PM MST


-  INDICATES NEGATIVE NUMBERS.
R  INDICATES RECORD WAS SET OR TIED.
MM INDICATES DATA IS MISSING.
T  INDICATES TRACE AMOUNT.

&&

THE AVERAGE SOIL TEMPERATURE AT THE FOUR INCH DEPTH... 50
THE CURRENT DEPTH OF FROST... 0 INCHES

$$
