000
CDUS43 KGLD 290757
CLIGLD

CLIMATE REPORT
NATIONAL WEATHER SERVICE GOODLAND
1254 AM MST THU DEC 29 2016

...................................

...THE GOODLAND KS CLIMATE SUMMARY FOR DECEMBER 28 2016...

CLIMATE NORMAL PERIOD 1981 TO 2010
CLIMATE RECORD PERIOD 1895 TO 2016

WEATHER ITEM   OBSERVED TIME   RECORD YEAR NORMAL DEPARTURE LAST
                VALUE   (LST)  VALUE       VALUE  FROM      YEAR
                                                  NORMAL
..................................................................
TEMPERATURE (F)
 YESTERDAY
  MAXIMUM         50   1227 PM  67    2002  42      8       29
                                      1999
                                      1922
  MINIMUM         21   1114 PM -10    1924  17      4        9
  AVERAGE         36                        29      7       19

PRECIPITATION (IN)
  YESTERDAY        0.00          0.56 1979   0.01  -0.01     0.00
  MONTH TO DATE    0.60                      0.42   0.18     0.16
  SINCE DEC 1      0.60                      0.42   0.18     0.16
  SINCE JAN 1     17.38                     19.62  -2.24    20.53

SNOWFALL (IN)
  YESTERDAY        0.0                       0.2   -0.2      0.0
  MONTH TO DATE    3.4                       5.0   -1.6      1.7
  SINCE DEC 1      3.4                       5.0   -1.6      1.7
  SINCE JUL 1      4.0                      12.2   -8.2      9.9
  SNOW DEPTH       0

DEGREE DAYS
 HEATING
  YESTERDAY       29                        36     -7       46
  MONTH TO DATE 1116                       984    132      850
  SINCE DEC 1   1116                       984    132      850
  SINCE JUL 1   1979                      2303   -324     1910

 COOLING
  YESTERDAY        0                         0      0        0
  MONTH TO DATE    0                         0      0        0
  SINCE DEC 1      0                         0      0        0
  SINCE JAN 1   1103                       941    162     1145
..................................................................

WIND (MPH)
  HIGHEST WIND SPEED    29   HIGHEST WIND DIRECTION     N (340)
  HIGHEST GUST SPEED    37   HIGHEST GUST DIRECTION     N (340)
  AVERAGE WIND SPEED    12.9


SKY COVER
  AVERAGE SKY COVER 0.3


WEATHER CONDITIONS
 THE FOLLOWING WEATHER WAS RECORDED YESTERDAY.
  HAZE


RELATIVE HUMIDITY (PERCENT)
 HIGHEST    81
 LOWEST     29
 AVERAGE    55

..........................................................


THE GOODLAND KS CLIMATE NORMALS FOR TODAY
                         NORMAL    RECORD    YEAR
 MAXIMUM TEMPERATURE (F)   42        68      2011
 MINIMUM TEMPERATURE (F)   17       -12      1911


SUNRISE AND SUNSET
DECEMBER 29 2016......SUNRISE   706 AM MST   SUNSET   432 PM MST
DECEMBER 30 2016......SUNRISE   707 AM MST   SUNSET   433 PM MST


-  INDICATES NEGATIVE NUMBERS.
R  INDICATES RECORD WAS SET OR TIED.
MM INDICATES DATA IS MISSING.
T  INDICATES TRACE AMOUNT.

&&

THE AVERAGE SOIL TEMPERATURE AT THE FOUR INCH DEPTH... 31
THE CURRENT DEPTH OF FROST... 6 INCHES

$$
