000
CDUS43 KGLD 070041
CLIGLD

CLIMATE REPORT
NATIONAL WEATHER SERVICE GOODLAND
636 PM MDT FRI MAY 6 2016

...................................

...THE GOODLAND KS CLIMATE SUMMARY FOR MAY 6 2016...
VALID TODAY AS OF 0600 PM LOCAL TIME.

CLIMATE NORMAL PERIOD 1981 TO 2010
CLIMATE RECORD PERIOD 1895 TO 2016

WEATHER ITEM   OBSERVED TIME   RECORD YEAR NORMAL DEPARTURE LAST
                VALUE   (LST)  VALUE       VALUE  FROM      YEAR
                                                  NORMAL
..................................................................
TEMPERATURE (F)
 TODAY
  MAXIMUM         87    151 PM  95    1934  70     17       68
                                      1916
  MINIMUM         50    306 AM  28    1917  42      8       50
  AVERAGE         69                        56     13       59

PRECIPITATION (IN)
  TODAY            0.00          1.12 1969   0.07  -0.07     0.23
  MONTH TO DATE    0.02                      0.45  -0.43     0.79
  SINCE MAR 1      4.56                      3.11   1.45     5.74
  SINCE JAN 1      5.42                      3.98   1.44     6.82

SNOWFALL (IN)
  TODAY            0.0                       0.0    0.0      0.0
  MONTH TO DATE    T                         0.2   -0.2      0.0
  SINCE MAR 1      6.7                      11.2   -4.5      2.6
  SINCE JUL 1     30.1                      35.2   -5.1     24.7
  SNOW DEPTH       0

DEGREE DAYS
 HEATING
  TODAY            0                        10    -10        6
  MONTH TO DATE   60                        62     -2       25
  SINCE MAR 1   1100                      1300   -200      986
  SINCE JUL 1   4946                      5717   -771     5201

 COOLING
  TODAY            4                         1      3        0
  MONTH TO DATE    6                         4      2        2
  SINCE MAR 1      6                         8     -2        2
  SINCE JAN 1      6                         8     -2        2
..................................................................

WIND (MPH)
  HIGHEST WIND SPEED    25   HIGHEST WIND DIRECTION     S (180)
  HIGHEST GUST SPEED    32   HIGHEST GUST DIRECTION     S (180)
  AVERAGE WIND SPEED    17.6


SKY COVER
  AVERAGE SKY COVER 0.0


WEATHER CONDITIONS
 THE FOLLOWING WEATHER WAS RECORDED TODAY.
  NO SIGNIFICANT WEATHER WAS OBSERVED.


RELATIVE HUMIDITY (PERCENT)
 HIGHEST    83           100 AM
 LOWEST     15           100 PM
 AVERAGE    49

..........................................................


THE GOODLAND KS CLIMATE NORMALS FOR TOMORROW
                         NORMAL    RECORD    YEAR
 MAXIMUM TEMPERATURE (F)   70        95      1966
                                             1962
                                             1934
 MINIMUM TEMPERATURE (F)   43        27      1917


SUNRISE AND SUNSET
MAY  6 2016...........SUNRISE   542 AM MDT   SUNSET   746 PM MDT
MAY  7 2016...........SUNRISE   541 AM MDT   SUNSET   747 PM MDT


-  INDICATES NEGATIVE NUMBERS.
R  INDICATES RECORD WAS SET OR TIED.
MM INDICATES DATA IS MISSING.
T  INDICATES TRACE AMOUNT.

&&

THE AVERAGE SOIL TEMPERATURE AT THE FOUR INCH DEPTH... 61

$$
