000
CDUS43 KGLD 020747
CLIGLD

CLIMATE REPORT
NATIONAL WEATHER SERVICE GOODLAND
138 AM MDT SAT JUL 2 2016
...................................

...THE GOODLAND KS CLIMATE SUMMARY FOR JULY 1 2016...

CLIMATE NORMAL PERIOD 1981 TO 2010
CLIMATE RECORD PERIOD 1895 TO 2016

WEATHER ITEM   OBSERVED TIME   RECORD YEAR NORMAL DEPARTURE LAST
                VALUE   (LST)  VALUE       VALUE  FROM      YEAR
                                                  NORMAL
..................................................................
TEMPERATURE (F)
 YESTERDAY
  MAXIMUM         76    218 PM 106    1990  89    -13       96
                                      1953
  MINIMUM         63    412 AM  44    1959  60      3       66
  AVERAGE         70                        74     -4       81

PRECIPITATION (IN)
  YESTERDAY        0.41          2.40 1940   0.10   0.31     0.16
  MONTH TO DATE    0.41                      0.10   0.31     0.16
  SINCE JUN 1      2.03                      3.35  -1.32     2.47
  SINCE JAN 1      9.39                      9.83  -0.44    14.26

SNOWFALL (IN)
  YESTERDAY        0.0                       0.0    0.0      0.0
  MONTH TO DATE    0.0                       0.0    0.0      0.0
  SINCE JUN 1      0.0                       0.0    0.0      0.0
  SINCE JUL 1      0.0                       0.0    0.0      0.0
  SNOW DEPTH       0

DEGREE DAYS
 HEATING
  YESTERDAY        0                         0      0        0
  MONTH TO DATE    0                         0      0        0
  SINCE JUN 1      2                        37    -35        5
  SINCE JUL 1      0                         0      0        0

 COOLING
  YESTERDAY        5                        10     -5       16
  MONTH TO DATE    5                        10     -5       16
  SINCE JUN 1    294                       189    105      258
  SINCE JAN 1    318                       230     88      264
..................................................................

WIND (MPH)
  HIGHEST WIND SPEED    23   HIGHEST WIND DIRECTION    SE (150)
  HIGHEST GUST SPEED    28   HIGHEST GUST DIRECTION    SE (150)
  AVERAGE WIND SPEED     9.4


SKY COVER
  AVERAGE SKY COVER 0.9


WEATHER CONDITIONS
 THE FOLLOWING WEATHER WAS RECORDED YESTERDAY.
  THUNDERSTORM
  HEAVY RAIN
  LIGHT RAIN
  FOG


RELATIVE HUMIDITY (PERCENT)
 HIGHEST    93
 LOWEST     64
 AVERAGE    79

..........................................................


THE GOODLAND KS CLIMATE NORMALS FOR TODAY
                         NORMAL    RECORD    YEAR
 MAXIMUM TEMPERATURE (F)   89       104      1921
 MINIMUM TEMPERATURE (F)   60        46      1924


SUNRISE AND SUNSET
JULY  2 2016..........SUNRISE   524 AM MDT   SUNSET   817 PM MDT
JULY  3 2016..........SUNRISE   525 AM MDT   SUNSET   817 PM MDT


-  INDICATES NEGATIVE NUMBERS.
R  INDICATES RECORD WAS SET OR TIED.
MM INDICATES DATA IS MISSING.
T  INDICATES TRACE AMOUNT.

&&

THE AVERAGE SOIL TEMPERATURE AT THE FOUR INCH DEPTH... 74

$$
