000
CDUS43 KGLD 030747
CLIGLD

CLIMATE REPORT
NATIONAL WEATHER SERVICE GOODLAND
143 AM MDT WED MAY 3 2017

...................................

...THE GOODLAND KS CLIMATE SUMMARY FOR MAY 2 2017...

CLIMATE NORMAL PERIOD 1981 TO 2010
CLIMATE RECORD PERIOD 1895 TO 2017

WEATHER ITEM   OBSERVED TIME   RECORD YEAR NORMAL DEPARTURE LAST
                VALUE   (LST)  VALUE       VALUE  FROM      YEAR
                                                  NORMAL
..................................................................
TEMPERATURE (F)
 YESTERDAY
  MAXIMUM         57   1207 PM  94    1965  69    -12       63
  MINIMUM         37    453 AM  23    1967  41     -4       29
  AVERAGE         47                        55     -8       46

PRECIPITATION (IN)
  YESTERDAY        0.00          1.65 1914   0.08  -0.08     0.00
  MONTH TO DATE    T                         0.15  -0.15     0.01
  SINCE MAR 1      3.80                      2.81   0.99     4.55
  SINCE JAN 1      4.73                      3.68   1.05     5.41

SNOWFALL (IN)
  YESTERDAY        0.0                       0.1   -0.1      0.0
  MONTH TO DATE    0.0                       0.1   -0.1       T
  SINCE MAR 1      4.8                      11.1   -6.3      6.7
  SINCE JUL 1     14.2                      35.1  -20.9     30.1
  SNOW DEPTH       0

DEGREE DAYS
 HEATING
  YESTERDAY       18                        11      7       19
  MONTH TO DATE   32                        22     10       42
  SINCE MAR 1   1043                      1260   -217     1082
  SINCE JUL 1   4928                      5677   -749     4928

 COOLING
  YESTERDAY        0                         0      0        0
  MONTH TO DATE    0                         0      0        0
  SINCE MAR 1      7                         4      3        0
  SINCE JAN 1      7                         4      3        0
..................................................................

WIND (MPH)
  HIGHEST WIND SPEED    13   HIGHEST WIND DIRECTION     E (100)
  HIGHEST GUST SPEED    17   HIGHEST GUST DIRECTION    SE (130)
  AVERAGE WIND SPEED     6.4


SKY COVER
  AVERAGE SKY COVER 0.5


WEATHER CONDITIONS
 THE FOLLOWING WEATHER WAS RECORDED YESTERDAY.
  NO SIGNIFICANT WEATHER WAS OBSERVED.


RELATIVE HUMIDITY (PERCENT)
 HIGHEST    92
 LOWEST     39
 AVERAGE    66

..........................................................


THE GOODLAND KS CLIMATE NORMALS FOR TODAY
                         NORMAL    RECORD    YEAR
 MAXIMUM TEMPERATURE (F)   69        93      1949
 MINIMUM TEMPERATURE (F)   41        22      1907


SUNRISE AND SUNSET
MAY  3 2017...........SUNRISE   545 AM MDT   SUNSET   743 PM MDT
MAY  4 2017...........SUNRISE   544 AM MDT   SUNSET   743 PM MDT


-  INDICATES NEGATIVE NUMBERS.
R  INDICATES RECORD WAS SET OR TIED.
MM INDICATES DATA IS MISSING.
T  INDICATES TRACE AMOUNT.

&&

THE AVERAGE SOIL TEMPERATURE AT THE FOUR INCH DEPTH... 44

$$
