000
CDUS43 KGLD 210749
CLIGLD

CLIMATE REPORT
NATIONAL WEATHER SERVICE GOODLAND
146 AM MDT SUN SEP 21 2014

...................................

...THE GOODLAND KS CLIMATE SUMMARY FOR SEPTEMBER 20 2014...

CLIMATE NORMAL PERIOD 1981 TO 2010
CLIMATE RECORD PERIOD 1895 TO 2014

WEATHER ITEM   OBSERVED TIME   RECORD YEAR NORMAL DEPARTURE LAST
                VALUE   (LST)  VALUE       VALUE  FROM      YEAR
                                                  NORMAL
..................................................................
TEMPERATURE (F)
 YESTERDAY
  MAXIMUM         85    235 PM  95    2010  77      8       74
                                      1986
                                      1970
  MINIMUM         55   1036 PM  30    1983  48      7       49
  AVERAGE         70                        63      7       62

PRECIPITATION (IN)
  YESTERDAY        0.00          1.47 1965   0.04  -0.04      T
  MONTH TO DATE    1.08                      0.83   0.25     6.27
  SINCE SEP 1      1.08                      0.83   0.25     6.27
  SINCE JAN 1     14.98                     16.73  -1.75    15.06

SNOWFALL (IN)
  YESTERDAY        0.0                       0.0    0.0      0.0
  MONTH TO DATE    T                         0.2   -0.2      0.0
  SINCE SEP 1      T                         0.2   -0.2      0.0
  SINCE JUL 1      T                         0.2   -0.2      0.0
  SNOW DEPTH       0

DEGREE DAYS
 HEATING
  YESTERDAY        0                         5     -5        3
  MONTH TO DATE   90                        48     42       22
  SINCE SEP 1     90                        48     42       22
  SINCE JUL 1    103                        60     43       29

 COOLING
  YESTERDAY        5                         2      3        0
  MONTH TO DATE   83                        86     -3      171
  SINCE SEP 1     83                        86     -3      171
  SINCE JAN 1    885                       919    -34     1169
..................................................................

WIND (MPH)
  HIGHEST WIND SPEED    23   HIGHEST WIND DIRECTION    NE (30)
  HIGHEST GUST SPEED    29   HIGHEST GUST DIRECTION    NE (30)
  AVERAGE WIND SPEED    10.6

SKY COVER
  AVERAGE SKY COVER 0.0

WEATHER CONDITIONS
 THE FOLLOWING WEATHER WAS RECORDED YESTERDAY.
  FOG
  HAZE

RELATIVE HUMIDITY (PERCENT)
 HIGHEST    90
 LOWEST     32
 AVERAGE    61

..........................................................

THE GOODLAND KS CLIMATE NORMALS FOR TODAY
                         NORMAL    RECORD    YEAR
 MAXIMUM TEMPERATURE (F)   77        97      2005
 MINIMUM TEMPERATURE (F)   48        26      1983

SUNRISE AND SUNSET
SEPTEMBER 21 2014.....SUNRISE   634 AM MDT   SUNSET   645 PM MDT
SEPTEMBER 22 2014.....SUNRISE   634 AM MDT   SUNSET   644 PM MDT

-  INDICATES NEGATIVE NUMBERS.
R  INDICATES RECORD WAS SET OR TIED.
MM INDICATES DATA IS MISSING.
T  INDICATES TRACE AMOUNT.

&&

THE AVERAGE SOIL TEMPERATURE AT THE FOUR INCH DEPTH... 69

$$
